(473,1,'Tea-for-two cast iron bath 1822 mm  ','&lt;p&gt;&lt;strong style=&quot;color: rgb(0, 0, 0); font-family: Arial, Helvetica, sans-serif; line-height: normal;&quot;&gt;Features&lt;/strong&gt;&lt;/p&gt;\r\n\r\n&lt;div id=&quot;bullet&quot; style=&quot;color: rgb(0, 0, 0); font-family: Arial, Helvetica, sans-serif; line-height: normal;&quot;&gt;\r\n&lt;ul style=&quot;list-style-image: url(file:///F:/Kohler%20Product%20Brochure/Kohler%20India%20Product%20Brochure/Kohler/images/bullet.gif); margin: 8px 10px; padding-left: 15px; font-family: Arial, Helvetica, sans-serif, \'Lucida Sans\', \'Lucida Sans Unicode\';&quot;&gt;\r\n	&lt;li style=&quot;padding-bottom: 4px; line-height: 1.4em;&quot;&gt;Authentic KOHLER Cast Iron®&lt;/li&gt;\r\n	&lt;li style=&quot;padding-bottom: 4px; line-height: 1.4em;&quot;&gt;Drop-in installation&lt;/li&gt;\r\n&lt;/ul&gt;\r\n\r\n&lt;table cellpadding=&quot;0&quot; cellspacing=&quot;0&quot; height=&quot;0&quot; style=&quot;color: rgb(0, 0, 0); font-family: Arial, Helvetica, sans-serif; line-height: normal;&quot; width=&quot;100%&quot;&gt;\r\n	&lt;tbody&gt;\r\n		&lt;tr height=&quot;18&quot;&gt;\r\n			&lt;td bgcolor=&quot;#e6e6ff&quot;&gt;&lt;strong&gt;Model Code&lt;/strong&gt;&lt;/td&gt;\r\n			&lt;td bgcolor=&quot;#e6e6ff&quot;&gt;&lt;strong&gt;K-863T-0&lt;/strong&gt;&lt;/td&gt;\r\n		&lt;/tr&gt;\r\n		&lt;tr height=&quot;18&quot;&gt;\r\n			&lt;td align=&quot;left&quot; arial11=&quot;&quot; valign=&quot;top&quot;&gt;Dimensions&lt;/td&gt;\r\n			&lt;td align=&quot;left&quot; arial11=&quot;&quot; valign=&quot;top&quot;&gt;1822 x 914 x 530 mm&lt;/td&gt;\r\n		&lt;/tr&gt;\r\n		&lt;tr height=&quot;18&quot;&gt;\r\n			&lt;td align=&quot;left&quot; arial11=&quot;&quot; valign=&quot;top&quot;&gt;Interior Dimensions&lt;/td&gt;\r\n			&lt;td align=&quot;left&quot; arial11=&quot;&quot; valign=&quot;top&quot;&gt;Rim: 1472 x 622 mm,&lt;/td&gt;\r\n		&lt;/tr&gt;\r\n		&lt;tr height=&quot;18&quot;&gt;\r\n			&lt;td align=&quot;left&quot; arial11=&quot;&quot; valign=&quot;top&quot;&gt;&amp;nbsp;&lt;/td&gt;\r\n			&lt;td align=&quot;left&quot; arial11=&quot;&quot; valign=&quot;top&quot;&gt;Base: 1120 x 432 mm&lt;/td&gt;\r\n		&lt;/tr&gt;\r\n		&lt;tr height=&quot;18&quot;&gt;\r\n			&lt;td align=&quot;left&quot; arial11=&quot;&quot; valign=&quot;top&quot;&gt;Capacity to Overflow&lt;/td&gt;\r\n			&lt;td align=&quot;left&quot; arial11=&quot;&quot; valign=&quot;top&quot;&gt;337 Litres&lt;/td&gt;\r\n		&lt;/tr&gt;\r\n		&lt;tr height=&quot;18&quot;&gt;\r\n			&lt;td align=&quot;left&quot; arial11=&quot;&quot; valign=&quot;top&quot;&gt;Weight&lt;/td&gt;\r\n			&lt;td align=&quot;left&quot; arial11=&quot;&quot; valign=&quot;top&quot;&gt;183 kg&lt;/td&gt;\r\n		&lt;/tr&gt;\r\n		&lt;tr height=&quot;18&quot;&gt;\r\n			&lt;td align=&quot;left&quot; arial11=&quot;&quot; valign=&quot;top&quot;&gt;Material&lt;/td&gt;\r\n			&lt;td align=&quot;left&quot; arial11=&quot;&quot; valign=&quot;top&quot;&gt;KOHLER Cast Iron®&lt;/td&gt;\r\n		&lt;/tr&gt;\r\n		&lt;tr height=&quot;18&quot;&gt;\r\n			&lt;td align=&quot;left&quot; arial11=&quot;&quot; valign=&quot;top&quot;&gt;Installation&lt;/td&gt;\r\n			&lt;td align=&quot;left&quot; arial11=&quot;&quot; valign=&quot;top&quot;&gt;Drop-in&lt;/td&gt;\r\n		&lt;/tr&gt;\r\n		&lt;tr height=&quot;18&quot;&gt;\r\n			&lt;td bgcolor=&quot;#e6e6ff&quot; colspan=&quot;2&quot;&gt;&lt;strong&gt;Recommended&lt;/strong&gt;&amp;nbsp;&lt;/td&gt;\r\n		&lt;/tr&gt;\r\n		&lt;tr height=&quot;18&quot;&gt;\r\n			&lt;td align=&quot;left&quot; arial11=&quot;&quot; valign=&quot;top&quot;&gt;Drain&lt;/td&gt;\r\n			&lt;td align=&quot;left&quot; arial11=&quot;&quot; valign=&quot;top&quot;&gt;K-7169&lt;/td&gt;\r\n		&lt;/tr&gt;\r\n		&lt;tr height=&quot;18&quot;&gt;\r\n			&lt;td bgcolor=&quot;#e6e6ff&quot; colspan=&quot;2&quot;&gt;&lt;strong&gt;Optional&lt;/strong&gt;&amp;nbsp;&lt;/td&gt;\r\n		&lt;/tr&gt;\r\n		&lt;tr height=&quot;18&quot;&gt;\r\n			&lt;td align=&quot;left&quot; arial11=&quot;&quot; valign=&quot;top&quot;&gt;Faucet&lt;/td&gt;\r\n			&lt;td align=&quot;left&quot; arial11=&quot;&quot; valign=&quot;top&quot;&gt;Deck- or wall-mount&lt;/td&gt;\r\n		&lt;/tr&gt;\r\n		&lt;tr height=&quot;18&quot;&gt;\r\n			&lt;td align=&quot;left&quot; arial11=&quot;&quot; valign=&quot;top&quot;&gt;Outlet&lt;/td&gt;\r\n			&lt;td align=&quot;left&quot; arial11=&quot;&quot; valign=&quot;top&quot;&gt;Left Reversible&lt;/td&gt;\r\n		&lt;/tr&gt;\r\n		&lt;tr height=&quot;18&quot;&gt;\r\n			&lt;td align=&quot;left&quot; arial11=&quot;&quot; valign=&quot;top&quot;&gt;Standard&lt;/td&gt;\r\n			&lt;td align=&quot;left&quot; arial11=&quot;&quot; valign=&quot;top&quot;&gt;Meets or exceeds U.S. ASME A112.191M-1994.&lt;/td&gt;\r\n		&lt;/tr&gt;\r\n		&lt;tr height=&quot;18&quot;&gt;\r\n			&lt;td align=&quot;left&quot; arial11=&quot;&quot; valign=&quot;top&quot;&gt;&amp;nbsp;&lt;/td&gt;\r\n			&lt;td align=&quot;left&quot; arial11=&quot;&quot; valign=&quot;top&quot;&gt;Fixture dimensions are nominal and conform&lt;/td&gt;\r\n		&lt;/tr&gt;\r\n		&lt;tr height=&quot;18&quot;&gt;\r\n			&lt;td align=&quot;left&quot; arial11=&quot;&quot; valign=&quot;top&quot;&gt;&amp;nbsp;&lt;/td&gt;\r\n			&lt;td align=&quot;left&quot; arial11=&quot;&quot; valign=&quot;top&quot;&gt;to tolerances established the above standards.&lt;/td&gt;\r\n		&lt;/tr&gt;\r\n	&lt;/tbody&gt;\r\n&lt;/table&gt;\r\n&lt;/div&gt;\r\n','','',''),(474,1,'Tea-for-two cast iron bath 1525 mm','&lt;p&gt;&lt;strong style=&quot;color: rgb(0, 0, 0); font-family: Arial, Helvetica, sans-serif; line-height: normal;&quot;&gt;&amp;nbsp;Features&lt;/strong&gt;&lt;/p&gt;\r\n\r\n&lt;div id=&quot;bullet&quot; style=&quot;color: rgb(0, 0, 0); font-family: Arial, Helvetica, sans-serif; line-height: normal;&quot;&gt;\r\n&lt;ul style=&quot;list-style-image: url(file:///F:/Kohler%20Product%20Brochure/Kohler%20India%20Product%20Brochure/Kohler/images/bullet.gif); margin: 8px 10px; padding-left: 15px; font-family: Arial, Helvetica, sans-serif, \'Lucida Sans\', \'Lucida Sans Unicode\';&quot;&gt;\r\n	&lt;li style=&quot;padding-bottom: 4px; line-height: 1.4em;&quot;&gt;Authentic KOHLER Cast Iron®&lt;/li&gt;\r\n	&lt;li style=&quot;padding-bottom: 4px; line-height: 1.4em;&quot;&gt;Drop in installation&lt;/li&gt;\r\n&lt;/ul&gt;\r\n\r\n&lt;table cellpadding=&quot;0&quot; cellspacing=&quot;0&quot; height=&quot;0&quot; style=&quot;color: rgb(0, 0, 0); font-family: Arial, Helvetica, sans-serif; line-height: normal;&quot; width=&quot;100%&quot;&gt;\r\n	&lt;tbody&gt;\r\n		&lt;tr height=&quot;18&quot;&gt;\r\n			&lt;td bgcolor=&quot;#e6e6ff&quot;&gt;&lt;strong&gt;Model Code&lt;/strong&gt;&lt;/td&gt;\r\n			&lt;td bgcolor=&quot;#e6e6ff&quot;&gt;&lt;strong&gt;K-850T-0&lt;/strong&gt;&lt;/td&gt;\r\n		&lt;/tr&gt;\r\n		&lt;tr height=&quot;18&quot;&gt;\r\n			&lt;td&gt;Dimensions&lt;/td&gt;\r\n			&lt;td&gt;1525 x 812 x 464 mm&lt;/td&gt;\r\n		&lt;/tr&gt;\r\n		&lt;tr height=&quot;18&quot;&gt;\r\n			&lt;td&gt;Required component&lt;/td&gt;\r\n			&lt;td&gt;K-7169T-CP Drain&lt;/td&gt;\r\n		&lt;/tr&gt;\r\n	&lt;/tbody&gt;\r\n&lt;/table&gt;\r\n&lt;/div&gt;\r\n','','',''),(475,1,'Repos cast iron bath with grip rail holes','&lt;p&gt;&lt;strong style=&quot;color: rgb(0, 0, 0); font-family: Arial, Helvetica, sans-serif; line-height: normal;&quot;&gt;Features&lt;/strong&gt;&lt;/p&gt;\r\n\r\n&lt;div id=&quot;bullet&quot; style=&quot;color: rgb(0, 0, 0); font-family: Arial, Helvetica, sans-serif; line-height: normal;&quot;&gt;\r\n&lt;ul style=&quot;list-style-image: url(file:///F:/Kohler%20Product%20Brochure/Kohler%20India%20Product%20Brochure/Kohler/images/bullet.gif); margin: 8px 10px; padding-left: 15px; font-family: Arial, Helvetica, sans-serif, \'Lucida Sans\', \'Lucida Sans Unicode\';&quot;&gt;\r\n	&lt;li style=&quot;padding-bottom: 4px; line-height: 1.4em;&quot;&gt;Repos cast iron bath&lt;/li&gt;\r\n&lt;/ul&gt;\r\n\r\n&lt;table border=&quot;0&quot; cellpadding=&quot;0&quot; cellspacing=&quot;0&quot; style=&quot;color: rgb(0, 0, 0); font-family: Arial, Helvetica, sans-serif; line-height: normal;&quot; width=&quot;100%&quot;&gt;\r\n	&lt;tbody&gt;\r\n		&lt;tr&gt;\r\n			&lt;td&gt;\r\n			&lt;table border=&quot;0&quot; cellpadding=&quot;5&quot; cellspacing=&quot;0&quot; width=&quot;100%&quot;&gt;\r\n				&lt;tbody&gt;\r\n					&lt;tr&gt;\r\n						&lt;td colspan=&quot;3&quot;&gt;\r\n						&lt;table cellpadding=&quot;0&quot; cellspacing=&quot;0&quot; height=&quot;0&quot; width=&quot;100%&quot;&gt;\r\n							&lt;tbody&gt;\r\n								&lt;tr height=&quot;18&quot;&gt;\r\n									&lt;td bgcolor=&quot;#e6e6ff&quot;&gt;&lt;strong&gt;Model Code&lt;/strong&gt;&lt;/td&gt;\r\n									&lt;td bgcolor=&quot;#e6e6ff&quot;&gt;&lt;strong&gt;K-18236T-GR-0&lt;/strong&gt;&lt;/td&gt;\r\n								&lt;/tr&gt;\r\n								&lt;tr height=&quot;18&quot;&gt;\r\n									&lt;td&gt;Dimensions&lt;/td&gt;\r\n									&lt;td&gt;1800 x 850 x 459 mm&lt;/td&gt;\r\n								&lt;/tr&gt;\r\n								&lt;tr height=&quot;18&quot;&gt;\r\n									&lt;td&gt;Required component&lt;/td&gt;\r\n									&lt;td&gt;K-17295-CP Drain&lt;/td&gt;\r\n								&lt;/tr&gt;\r\n								&lt;tr height=&quot;18&quot;&gt;\r\n									&lt;td&gt;Optional component&lt;/td&gt;\r\n									&lt;td&gt;18416T-NA Adjustable feet&lt;/td&gt;\r\n								&lt;/tr&gt;\r\n							&lt;/tbody&gt;\r\n						&lt;/table&gt;\r\n						&lt;/td&gt;\r\n					&lt;/tr&gt;\r\n				&lt;/tbody&gt;\r\n			&lt;/table&gt;\r\n			&lt;/td&gt;\r\n		&lt;/tr&gt;\r\n		&lt;tr&gt;\r\n			&lt;td&gt;&amp;nbsp;&lt;/td&gt;\r\n		&lt;/tr&gt;\r\n	&lt;/tbody&gt;\r\n&lt;/table&gt;\r\n&lt;/div&gt;\r\n','','',''),(476,1,'Presqu\'ile freestanding acrylic bath with shelf and towel bar on right ','&lt;p&gt;&lt;strong style=&quot;color: rgb(0, 0, 0); font-family: Arial, Helvetica, sans-serif; line-height: normal;&quot;&gt;Features&lt;/strong&gt;&lt;/p&gt;\r\n\r\n&lt;div id=&quot;bullet&quot; style=&quot;color: rgb(0, 0, 0); font-family: Arial, Helvetica, sans-serif; line-height: normal;&quot;&gt;\r\n&lt;ul style=&quot;list-style-image: url(file:///F:/Kohler%20Product%20Brochure/Kohler%20India%20Product%20Brochure/Kohler/images/bullet.gif); margin: 8px 10px; padding-left: 15px; font-family: Arial, Helvetica, sans-serif, \'Lucida Sans\', \'Lucida Sans Unicode\';&quot;&gt;\r\n	&lt;li style=&quot;padding-bottom: 4px; line-height: 1.4em;&quot;&gt;Elegant oval design&lt;/li&gt;\r\n	&lt;li style=&quot;padding-bottom: 4px; line-height: 1.4em;&quot;&gt;Available as freestanding or semi-recessed&lt;/li&gt;\r\n	&lt;li style=&quot;padding-bottom: 4px; line-height: 1.4em;&quot;&gt;Part of the Presqu’ile Suite&lt;/li&gt;\r\n&lt;/ul&gt;\r\n\r\n&lt;table cellpadding=&quot;0&quot; cellspacing=&quot;0&quot; height=&quot;0&quot; style=&quot;color: rgb(0, 0, 0); font-family: Arial, Helvetica, sans-serif; line-height: normal;&quot; width=&quot;100%&quot;&gt;\r\n	&lt;tbody&gt;\r\n		&lt;tr height=&quot;18&quot;&gt;\r\n			&lt;td bgcolor=&quot;#e6e6ff&quot;&gt;&lt;strong&gt;Model Code&lt;/strong&gt;&lt;/td&gt;\r\n			&lt;td bgcolor=&quot;#e6e6ff&quot;&gt;&lt;strong&gt;K-16220T-R-0&lt;/strong&gt;&lt;/td&gt;\r\n		&lt;/tr&gt;\r\n		&lt;tr height=&quot;18&quot;&gt;\r\n			&lt;td&gt;Dimensions&lt;/td&gt;\r\n			&lt;td&gt;1850 x 900 x 586 mm&lt;/td&gt;\r\n		&lt;/tr&gt;\r\n		&lt;tr height=&quot;18&quot;&gt;\r\n			&lt;td&gt;Interior Dimensions&lt;/td&gt;\r\n			&lt;td&gt;Rim: 1500 x 696 mm,&lt;/td&gt;\r\n		&lt;/tr&gt;\r\n		&lt;tr height=&quot;18&quot;&gt;\r\n			&lt;td&gt;&amp;nbsp;&lt;/td&gt;\r\n			&lt;td&gt;Base: 1018 x 536 mm&lt;/td&gt;\r\n		&lt;/tr&gt;\r\n		&lt;tr height=&quot;18&quot;&gt;\r\n			&lt;td&gt;Capacity to Overflow&lt;/td&gt;\r\n			&lt;td&gt;200 litres&lt;/td&gt;\r\n		&lt;/tr&gt;\r\n		&lt;tr height=&quot;18&quot;&gt;\r\n			&lt;td&gt;Weight&lt;/td&gt;\r\n			&lt;td&gt;Approx. 39 kg&lt;/td&gt;\r\n		&lt;/tr&gt;\r\n		&lt;tr height=&quot;18&quot;&gt;\r\n			&lt;td&gt;Material&lt;/td&gt;\r\n			&lt;td&gt;High-gloss acrylic&lt;/td&gt;\r\n		&lt;/tr&gt;\r\n		&lt;tr height=&quot;18&quot;&gt;\r\n			&lt;td&gt;Installation&lt;/td&gt;\r\n			&lt;td&gt;Freestanding (2 aprons)&lt;/td&gt;\r\n		&lt;/tr&gt;\r\n		&lt;tr height=&quot;18&quot;&gt;\r\n			&lt;td bgcolor=&quot;#e6e6ff&quot; colspan=&quot;2&quot;&gt;&lt;strong&gt;Includes&lt;/strong&gt;&amp;nbsp;&lt;/td&gt;\r\n		&lt;/tr&gt;\r\n		&lt;tr height=&quot;18&quot;&gt;\r\n			&lt;td&gt;Shelf and Towel Bar&lt;/td&gt;\r\n			&lt;td&gt;None&lt;/td&gt;\r\n		&lt;/tr&gt;\r\n		&lt;tr height=&quot;18&quot;&gt;\r\n			&lt;td bgcolor=&quot;#e6e6ff&quot; colspan=&quot;2&quot;&gt;&lt;strong&gt;Recommended&lt;/strong&gt;&amp;nbsp;&lt;/td&gt;\r\n		&lt;/tr&gt;\r\n		&lt;tr height=&quot;18&quot;&gt;\r\n			&lt;td&gt;Drain&lt;/td&gt;\r\n			&lt;td&gt;K-17295&lt;/td&gt;\r\n		&lt;/tr&gt;\r\n		&lt;tr height=&quot;18&quot;&gt;\r\n			&lt;td&gt;Faucet&lt;/td&gt;\r\n			&lt;td&gt;Deck-mount&lt;/td&gt;\r\n		&lt;/tr&gt;\r\n		&lt;tr height=&quot;18&quot;&gt;\r\n			&lt;td bgcolor=&quot;#e6e6ff&quot; colspan=&quot;2&quot;&gt;&lt;strong&gt;Optional&lt;/strong&gt;&amp;nbsp;&lt;/td&gt;\r\n		&lt;/tr&gt;\r\n		&lt;tr height=&quot;18&quot;&gt;\r\n			&lt;td&gt;Faucet&lt;/td&gt;\r\n			&lt;td&gt;Deck-mount&lt;/td&gt;\r\n		&lt;/tr&gt;\r\n		&lt;tr height=&quot;18&quot;&gt;\r\n			&lt;td bgcolor=&quot;#e6e6ff&quot; colspan=&quot;2&quot;&gt;&lt;strong&gt;Variations&lt;/strong&gt;&amp;nbsp;&lt;/td&gt;\r\n		&lt;/tr&gt;\r\n		&lt;tr height=&quot;18&quot;&gt;\r\n			&lt;td&gt;Whirlpool&lt;/td&gt;\r\n			&lt;td&gt;K-16222&lt;/td&gt;\r\n		&lt;/tr&gt;\r\n		&lt;tr height=&quot;18&quot;&gt;\r\n			&lt;td&gt;Coordinating Suite&lt;/td&gt;\r\n			&lt;td&gt;Presqu’ile&lt;/td&gt;\r\n		&lt;/tr&gt;\r\n		&lt;tr height=&quot;18&quot;&gt;\r\n			&lt;td&gt;Standard&lt;/td&gt;\r\n			&lt;td&gt;Meets or exceeds U.S. ASME A112.19.1M-1994.&lt;/td&gt;\r\n		&lt;/tr&gt;\r\n		&lt;tr height=&quot;18&quot;&gt;\r\n			&lt;td&gt;&amp;nbsp;&lt;/td&gt;\r\n			&lt;td&gt;Fixture dimensions are nominal and conform to&lt;/td&gt;\r\n		&lt;/tr&gt;\r\n		&lt;tr height=&quot;18&quot;&gt;\r\n			&lt;td&gt;&amp;nbsp;&lt;/td&gt;\r\n			&lt;td&gt;tolerances established by the above standards.&lt;/td&gt;\r\n		&lt;/tr&gt;\r\n	&lt;/tbody&gt;\r\n&lt;/table&gt;\r\n&lt;/div&gt;\r\n','','',''),(477,1,'Presqu\'ile semi-recessed acrylic bath with shelf and towel bar on right','&lt;p&gt;&lt;strong style=&quot;color: rgb(0, 0, 0); font-family: Arial, Helvetica, sans-serif; line-height: normal;&quot;&gt;Features&lt;/strong&gt;&lt;/p&gt;\r\n\r\n&lt;div id=&quot;bullet&quot; style=&quot;color: rgb(0, 0, 0); font-family: Arial, Helvetica, sans-serif; line-height: normal;&quot;&gt;\r\n&lt;ul style=&quot;list-style-image: url(file:///F:/Kohler%20Product%20Brochure/Kohler%20India%20Product%20Brochure/Kohler/images/bullet.gif); margin: 8px 10px; padding-left: 15px; font-family: Arial, Helvetica, sans-serif, \'Lucida Sans\', \'Lucida Sans Unicode\';&quot;&gt;\r\n	&lt;li style=&quot;padding-bottom: 4px; line-height: 1.4em;&quot;&gt;Elegant oval design&lt;/li&gt;\r\n	&lt;li style=&quot;padding-bottom: 4px; line-height: 1.4em;&quot;&gt;Available as freestanding or semi-recessed&lt;/li&gt;\r\n	&lt;li style=&quot;padding-bottom: 4px; line-height: 1.4em;&quot;&gt;Part of the Presqu’ile Suite&lt;/li&gt;\r\n&lt;/ul&gt;\r\n\r\n&lt;table cellpadding=&quot;0&quot; cellspacing=&quot;0&quot; height=&quot;0&quot; style=&quot;color: rgb(0, 0, 0); font-family: Arial, Helvetica, sans-serif; line-height: normal;&quot; width=&quot;100%&quot;&gt;\r\n	&lt;tbody&gt;\r\n		&lt;tr height=&quot;18&quot;&gt;\r\n			&lt;td bgcolor=&quot;#e6e6ff&quot;&gt;&lt;strong&gt;Model Code&lt;/strong&gt;&lt;/td&gt;\r\n			&lt;td bgcolor=&quot;#e6e6ff&quot;&gt;&lt;strong&gt;K-16221T-R-0&lt;/strong&gt;&lt;/td&gt;\r\n		&lt;/tr&gt;\r\n		&lt;tr height=&quot;18&quot;&gt;\r\n			&lt;td align=&quot;left&quot; arial11=&quot;&quot; valign=&quot;top&quot;&gt;Dimensions&lt;/td&gt;\r\n			&lt;td align=&quot;left&quot; arial11=&quot;&quot; valign=&quot;top&quot;&gt;1850 x 900 x 586 mm&lt;/td&gt;\r\n		&lt;/tr&gt;\r\n		&lt;tr height=&quot;18&quot;&gt;\r\n			&lt;td align=&quot;left&quot; arial11=&quot;&quot; valign=&quot;top&quot;&gt;Interior Dimensions&lt;/td&gt;\r\n			&lt;td align=&quot;left&quot; arial11=&quot;&quot; valign=&quot;top&quot;&gt;Rim: 1500 x 696 mm,&lt;/td&gt;\r\n		&lt;/tr&gt;\r\n		&lt;tr height=&quot;18&quot;&gt;\r\n			&lt;td align=&quot;left&quot; arial11=&quot;&quot; valign=&quot;top&quot;&gt;&amp;nbsp;&lt;/td&gt;\r\n			&lt;td align=&quot;left&quot; arial11=&quot;&quot; valign=&quot;top&quot;&gt;Base: 1018 x 536 mm&lt;/td&gt;\r\n		&lt;/tr&gt;\r\n		&lt;tr height=&quot;18&quot;&gt;\r\n			&lt;td align=&quot;left&quot; arial11=&quot;&quot; valign=&quot;top&quot;&gt;Capacity to Overflow&lt;/td&gt;\r\n			&lt;td align=&quot;left&quot; arial11=&quot;&quot; valign=&quot;top&quot;&gt;200 litres&lt;/td&gt;\r\n		&lt;/tr&gt;\r\n		&lt;tr height=&quot;18&quot;&gt;\r\n			&lt;td align=&quot;left&quot; arial11=&quot;&quot; valign=&quot;top&quot;&gt;Weight&lt;/td&gt;\r\n			&lt;td align=&quot;left&quot; arial11=&quot;&quot; valign=&quot;top&quot;&gt;Approx. 35 kg&lt;/td&gt;\r\n		&lt;/tr&gt;\r\n		&lt;tr height=&quot;18&quot;&gt;\r\n			&lt;td align=&quot;left&quot; arial11=&quot;&quot; valign=&quot;top&quot;&gt;Material&lt;/td&gt;\r\n			&lt;td align=&quot;left&quot; arial11=&quot;&quot; valign=&quot;top&quot;&gt;High-gloss acrylic&lt;/td&gt;\r\n		&lt;/tr&gt;\r\n		&lt;tr height=&quot;18&quot;&gt;\r\n			&lt;td align=&quot;left&quot; arial11=&quot;&quot; valign=&quot;top&quot;&gt;Installation&lt;/td&gt;\r\n			&lt;td align=&quot;left&quot; arial11=&quot;&quot; valign=&quot;top&quot;&gt;Semi-recessed (1 apron)&lt;/td&gt;\r\n		&lt;/tr&gt;\r\n		&lt;tr height=&quot;18&quot;&gt;\r\n			&lt;td bgcolor=&quot;#e6e6ff&quot; colspan=&quot;2&quot;&gt;&lt;strong&gt;Includes&lt;/strong&gt;&amp;nbsp;&lt;/td&gt;\r\n		&lt;/tr&gt;\r\n		&lt;tr height=&quot;18&quot;&gt;\r\n			&lt;td align=&quot;left&quot; arial11=&quot;&quot; valign=&quot;top&quot;&gt;&amp;nbsp;Shelf and Towel Bar&lt;/td&gt;\r\n			&lt;td align=&quot;left&quot; arial11=&quot;&quot; valign=&quot;top&quot;&gt;None&lt;/td&gt;\r\n		&lt;/tr&gt;\r\n		&lt;tr height=&quot;18&quot;&gt;\r\n			&lt;td bgcolor=&quot;#e6e6ff&quot; colspan=&quot;2&quot;&gt;&lt;strong&gt;Recommended&lt;/strong&gt;&amp;nbsp;&lt;/td&gt;\r\n		&lt;/tr&gt;\r\n		&lt;tr height=&quot;18&quot;&gt;\r\n			&lt;td align=&quot;left&quot; arial11=&quot;&quot; valign=&quot;top&quot;&gt;Drain&lt;/td&gt;\r\n			&lt;td align=&quot;left&quot; arial11=&quot;&quot; valign=&quot;top&quot;&gt;K-17295&lt;/td&gt;\r\n		&lt;/tr&gt;\r\n		&lt;tr height=&quot;18&quot;&gt;\r\n			&lt;td align=&quot;left&quot; arial11=&quot;&quot; valign=&quot;top&quot;&gt;Faucet&lt;/td&gt;\r\n			&lt;td align=&quot;left&quot; arial11=&quot;&quot; valign=&quot;top&quot;&gt;Deck-mount&lt;/td&gt;\r\n		&lt;/tr&gt;\r\n		&lt;tr height=&quot;18&quot;&gt;\r\n			&lt;td bgcolor=&quot;#e6e6ff&quot; colspan=&quot;2&quot;&gt;&lt;strong&gt;Optional&lt;/strong&gt;&amp;nbsp;&lt;/td&gt;\r\n		&lt;/tr&gt;\r\n		&lt;tr height=&quot;18&quot;&gt;\r\n			&lt;td align=&quot;left&quot; arial11=&quot;&quot; valign=&quot;top&quot;&gt;Faucet&lt;/td&gt;\r\n			&lt;td align=&quot;left&quot; arial11=&quot;&quot; valign=&quot;top&quot;&gt;Deck-mount&lt;/td&gt;\r\n		&lt;/tr&gt;\r\n		&lt;tr height=&quot;18&quot;&gt;\r\n			&lt;td bgcolor=&quot;#e6e6ff&quot; colspan=&quot;2&quot;&gt;&lt;strong&gt;Variations&lt;/strong&gt;&amp;nbsp;&lt;/td&gt;\r\n		&lt;/tr&gt;\r\n		&lt;tr height=&quot;18&quot;&gt;\r\n			&lt;td align=&quot;left&quot; arial11=&quot;&quot; valign=&quot;top&quot;&gt;Whirlpool&lt;/td&gt;\r\n			&lt;td align=&quot;left&quot; arial11=&quot;&quot; valign=&quot;top&quot;&gt;K-16223&lt;/td&gt;\r\n		&lt;/tr&gt;\r\n		&lt;tr height=&quot;18&quot;&gt;\r\n			&lt;td align=&quot;left&quot; arial11=&quot;&quot; valign=&quot;top&quot;&gt;Coordinating Suite&lt;/td&gt;\r\n			&lt;td align=&quot;left&quot; arial11=&quot;&quot; valign=&quot;top&quot;&gt;Presqu’ile&lt;/td&gt;\r\n		&lt;/tr&gt;\r\n		&lt;tr height=&quot;18&quot;&gt;\r\n			&lt;td align=&quot;left&quot; arial11=&quot;&quot; valign=&quot;top&quot;&gt;Standard&lt;/td&gt;\r\n			&lt;td align=&quot;left&quot; arial11=&quot;&quot; valign=&quot;top&quot;&gt;Meets or exceeds U.S. ASME A112.19.1M-1994.&lt;/td&gt;\r\n		&lt;/tr&gt;\r\n		&lt;tr height=&quot;18&quot;&gt;\r\n			&lt;td align=&quot;left&quot; arial11=&quot;&quot; valign=&quot;top&quot;&gt;&amp;nbsp;&lt;/td&gt;\r\n			&lt;td align=&quot;left&quot; arial11=&quot;&quot; valign=&quot;top&quot;&gt;Fixture dimensions are nominal and conform to&lt;/td&gt;\r\n		&lt;/tr&gt;\r\n		&lt;tr height=&quot;18&quot;&gt;\r\n			&lt;td align=&quot;left&quot; arial11=&quot;&quot; valign=&quot;top&quot;&gt;&amp;nbsp;&lt;/td&gt;\r\n			&lt;td align=&quot;left&quot; arial11=&quot;&quot; valign=&quot;top&quot;&gt;tolerances established by the above standards.&lt;/td&gt;\r\n		&lt;/tr&gt;\r\n	&lt;/tbody&gt;\r\n&lt;/table&gt;\r\n&lt;/div&gt;\r\n','','',''),(478,1,'Presqu’ile drop-in acrylic bath','&lt;p&gt;&lt;strong style=&quot;color: rgb(0, 0, 0); font-family: Arial, Helvetica, sans-serif; line-height: normal;&quot;&gt;Features&lt;/strong&gt;&lt;/p&gt;\r\n\r\n&lt;div id=&quot;bullet&quot; style=&quot;color: rgb(0, 0, 0); font-family: Arial, Helvetica, sans-serif; line-height: normal;&quot;&gt;\r\n&lt;ul style=&quot;list-style-image: url(file:///F:/Kohler%20Product%20Brochure/Kohler%20India%20Product%20Brochure/Kohler/images/bullet.gif); margin: 8px 10px; padding-left: 15px; font-family: Arial, Helvetica, sans-serif, \'Lucida Sans\', \'Lucida Sans Unicode\';&quot;&gt;\r\n	&lt;li style=&quot;padding-bottom: 4px; line-height: 1.4em;&quot;&gt;Elegant oval design&lt;/li&gt;\r\n	&lt;li style=&quot;padding-bottom: 4px; line-height: 1.4em;&quot;&gt;Large size for extra comfort&lt;/li&gt;\r\n	&lt;li style=&quot;padding-bottom: 4px; line-height: 1.4em;&quot;&gt;Part of the Presqu’ile Suite&lt;/li&gt;\r\n&lt;/ul&gt;\r\n\r\n&lt;table cellpadding=&quot;0&quot; cellspacing=&quot;0&quot; height=&quot;0&quot; style=&quot;color: rgb(0, 0, 0); font-family: Arial, Helvetica, sans-serif; line-height: normal;&quot; width=&quot;100%&quot;&gt;\r\n	&lt;tbody&gt;\r\n		&lt;tr height=&quot;18&quot;&gt;\r\n			&lt;td bgcolor=&quot;#e6e6ff&quot;&gt;&lt;strong&gt;Model Code&lt;/strong&gt;&lt;/td&gt;\r\n			&lt;td bgcolor=&quot;#e6e6ff&quot;&gt;&lt;strong&gt;K-6060T-0&lt;/strong&gt;&lt;/td&gt;\r\n		&lt;/tr&gt;\r\n		&lt;tr height=&quot;18&quot;&gt;\r\n			&lt;td&gt;Dimensions&lt;/td&gt;\r\n			&lt;td&gt;1850 x 900 x 417 mm&lt;/td&gt;\r\n		&lt;/tr&gt;\r\n		&lt;tr height=&quot;18&quot;&gt;\r\n			&lt;td&gt;Interior Dimensions&lt;/td&gt;\r\n			&lt;td&gt;Rim: 1500 x 696 mm,&lt;/td&gt;\r\n		&lt;/tr&gt;\r\n		&lt;tr height=&quot;18&quot;&gt;\r\n			&lt;td&gt;&amp;nbsp;&lt;/td&gt;\r\n			&lt;td&gt;base: 1018 x 536 mm&lt;/td&gt;\r\n		&lt;/tr&gt;\r\n		&lt;tr height=&quot;18&quot;&gt;\r\n			&lt;td&gt;Capacity to Overflow&lt;/td&gt;\r\n			&lt;td&gt;200 litres&lt;/td&gt;\r\n		&lt;/tr&gt;\r\n		&lt;tr height=&quot;18&quot;&gt;\r\n			&lt;td&gt;Weight&lt;/td&gt;\r\n			&lt;td&gt;24 kg&lt;/td&gt;\r\n		&lt;/tr&gt;\r\n		&lt;tr height=&quot;18&quot;&gt;\r\n			&lt;td&gt;Material&lt;/td&gt;\r\n			&lt;td&gt;High-gloss acrylic&lt;/td&gt;\r\n		&lt;/tr&gt;\r\n		&lt;tr height=&quot;18&quot;&gt;\r\n			&lt;td&gt;Installation&lt;/td&gt;\r\n			&lt;td&gt;Drop-in&lt;/td&gt;\r\n		&lt;/tr&gt;\r\n		&lt;tr height=&quot;18&quot;&gt;\r\n			&lt;td bgcolor=&quot;#e6e6ff&quot; colspan=&quot;2&quot;&gt;&lt;strong&gt;Recommended&lt;/strong&gt;&amp;nbsp;&lt;/td&gt;\r\n		&lt;/tr&gt;\r\n		&lt;tr height=&quot;18&quot;&gt;\r\n			&lt;td&gt;Drain&lt;/td&gt;\r\n			&lt;td&gt;K-17295&lt;/td&gt;\r\n		&lt;/tr&gt;\r\n		&lt;tr height=&quot;18&quot;&gt;\r\n			&lt;td bgcolor=&quot;#e6e6ff&quot; colspan=&quot;2&quot;&gt;&lt;strong&gt;Optional&lt;/strong&gt;&amp;nbsp;&lt;/td&gt;\r\n		&lt;/tr&gt;\r\n		&lt;tr height=&quot;18&quot;&gt;\r\n			&lt;td&gt;Faucet&lt;/td&gt;\r\n			&lt;td&gt;Deck-mount or wall-mount&lt;/td&gt;\r\n		&lt;/tr&gt;\r\n		&lt;tr height=&quot;18&quot;&gt;\r\n			&lt;td bgcolor=&quot;#e6e6ff&quot; colspan=&quot;2&quot;&gt;&lt;strong&gt;Variations&lt;/strong&gt;&amp;nbsp;&lt;/td&gt;\r\n		&lt;/tr&gt;\r\n		&lt;tr height=&quot;18&quot;&gt;\r\n			&lt;td&gt;Freestanding&lt;/td&gt;\r\n			&lt;td&gt;K-16220-R/L&lt;/td&gt;\r\n		&lt;/tr&gt;\r\n		&lt;tr height=&quot;18&quot;&gt;\r\n			&lt;td&gt;Semi-Recessed&lt;/td&gt;\r\n			&lt;td&gt;K-16221-R/L&lt;/td&gt;\r\n		&lt;/tr&gt;\r\n		&lt;tr height=&quot;18&quot;&gt;\r\n			&lt;td&gt;Whirlpool&lt;/td&gt;\r\n			&lt;td&gt;K-6047&lt;/td&gt;\r\n		&lt;/tr&gt;\r\n		&lt;tr height=&quot;18&quot;&gt;\r\n			&lt;td&gt;Coordinating Suite&lt;/td&gt;\r\n			&lt;td&gt;Presqu’ile&lt;/td&gt;\r\n		&lt;/tr&gt;\r\n	&lt;/tbody&gt;\r\n&lt;/table&gt;\r\n&lt;/div&gt;\r\n','','',''),(479,1,'Soissons cast iron bath 1700mm with no grip rail holes','&lt;p&gt;&lt;strong style=&quot;color: rgb(0, 0, 0); font-family: Arial, Helvetica, sans-serif; line-height: normal;&quot;&gt;Features&lt;/strong&gt;&lt;/p&gt;\r\n\r\n&lt;div id=&quot;bullet&quot; style=&quot;color: rgb(0, 0, 0); font-family: Arial, Helvetica, sans-serif; line-height: normal;&quot;&gt;\r\n&lt;ul style=&quot;list-style-image: url(file:///F:/Kohler%20Product%20Brochure/Kohler%20India%20Product%20Brochure/Kohler/images/bullet.gif); margin: 8px 10px; padding-left: 15px; font-family: Arial, Helvetica, sans-serif, \'Lucida Sans\', \'Lucida Sans Unicode\';&quot;&gt;\r\n	&lt;li style=&quot;padding-bottom: 4px; line-height: 1.4em;&quot;&gt;Simple and clean design that suits every home&lt;/li&gt;\r\n	&lt;li style=&quot;padding-bottom: 4px; line-height: 1.4em;&quot;&gt;Optional grip rails for convenience&lt;/li&gt;\r\n	&lt;li style=&quot;padding-bottom: 4px; line-height: 1.4em;&quot;&gt;Authentic KOHLER Cast Iron®&lt;/li&gt;\r\n&lt;/ul&gt;\r\n\r\n&lt;table cellpadding=&quot;0&quot; cellspacing=&quot;0&quot; height=&quot;0&quot; style=&quot;color: rgb(0, 0, 0); font-family: Arial, Helvetica, sans-serif; line-height: normal;&quot; width=&quot;100%&quot;&gt;\r\n	&lt;tbody&gt;\r\n		&lt;tr height=&quot;18&quot;&gt;\r\n			&lt;td bgcolor=&quot;#e6e6ff&quot; colspan=&quot;3&quot;&gt;&lt;strong&gt;Model Code&lt;/strong&gt;&lt;/td&gt;\r\n			&lt;td bgcolor=&quot;#e6e6ff&quot;&gt;&lt;strong&gt;K-940T-0&lt;/strong&gt;&lt;/td&gt;\r\n		&lt;/tr&gt;\r\n		&lt;tr height=&quot;18&quot;&gt;\r\n			&lt;td colspan=&quot;3&quot;&gt;Dimensions&lt;/td&gt;\r\n			&lt;td&gt;1700 x 700 x 418 mm&lt;/td&gt;\r\n		&lt;/tr&gt;\r\n		&lt;tr height=&quot;18&quot;&gt;\r\n			&lt;td colspan=&quot;3&quot;&gt;Interior Dimensions&lt;/td&gt;\r\n			&lt;td&gt;Rim: 1520 x 560 mm,&lt;/td&gt;\r\n		&lt;/tr&gt;\r\n		&lt;tr height=&quot;18&quot;&gt;\r\n			&lt;td colspan=&quot;3&quot;&gt;&amp;nbsp;&lt;/td&gt;\r\n			&lt;td&gt;Base: 1140 x 400 mm&lt;/td&gt;\r\n		&lt;/tr&gt;\r\n		&lt;tr height=&quot;18&quot;&gt;\r\n			&lt;td colspan=&quot;3&quot;&gt;Capacity to Overflow&lt;/td&gt;\r\n			&lt;td&gt;158 litres&lt;/td&gt;\r\n		&lt;/tr&gt;\r\n		&lt;tr height=&quot;18&quot;&gt;\r\n			&lt;td colspan=&quot;3&quot;&gt;Weight&lt;/td&gt;\r\n			&lt;td&gt;90 kg&lt;/td&gt;\r\n		&lt;/tr&gt;\r\n		&lt;tr height=&quot;18&quot;&gt;\r\n			&lt;td colspan=&quot;3&quot;&gt;Material&lt;/td&gt;\r\n			&lt;td&gt;KOHLER Cast Iron®&lt;/td&gt;\r\n		&lt;/tr&gt;\r\n		&lt;tr height=&quot;18&quot;&gt;\r\n			&lt;td colspan=&quot;3&quot;&gt;Installation&lt;/td&gt;\r\n			&lt;td&gt;Drop-in&lt;/td&gt;\r\n		&lt;/tr&gt;\r\n		&lt;tr height=&quot;18&quot;&gt;\r\n			&lt;td colspan=&quot;3&quot;&gt;Model Variations&lt;/td&gt;\r\n			&lt;td&gt;With grip rail holes (K-940T-GR-0)&lt;/td&gt;\r\n		&lt;/tr&gt;\r\n		&lt;tr height=&quot;18&quot;&gt;\r\n			&lt;td bgcolor=&quot;#e6e6ff&quot; colspan=&quot;4&quot;&gt;&lt;strong&gt;Included&lt;/strong&gt;&amp;nbsp;&lt;/td&gt;\r\n		&lt;/tr&gt;\r\n		&lt;tr height=&quot;18&quot;&gt;\r\n			&lt;td colspan=&quot;3&quot;&gt;Adjustable Feet&lt;/td&gt;\r\n			&lt;td&gt;K-8646&lt;/td&gt;\r\n		&lt;/tr&gt;\r\n		&lt;tr height=&quot;18&quot;&gt;\r\n			&lt;td bgcolor=&quot;#e6e6ff&quot; colspan=&quot;4&quot;&gt;&lt;strong&gt;Recommended&lt;/strong&gt;&amp;nbsp;&lt;/td&gt;\r\n		&lt;/tr&gt;\r\n		&lt;tr height=&quot;18&quot;&gt;\r\n			&lt;td colspan=&quot;3&quot;&gt;Drain&lt;/td&gt;\r\n			&lt;td&gt;K-17295 or K-17296&lt;/td&gt;\r\n		&lt;/tr&gt;\r\n		&lt;tr height=&quot;18&quot;&gt;\r\n			&lt;td bgcolor=&quot;#e6e6ff&quot; colspan=&quot;4&quot;&gt;&lt;strong&gt;Optional&lt;/strong&gt;&lt;/td&gt;\r\n		&lt;/tr&gt;\r\n		&lt;tr height=&quot;18&quot;&gt;\r\n			&lt;td colspan=&quot;3&quot;&gt;Faucet&lt;/td&gt;\r\n			&lt;td&gt;Recessed/wall-mount (please select faucet with&lt;/td&gt;\r\n		&lt;/tr&gt;\r\n		&lt;tr height=&quot;18&quot;&gt;\r\n			&lt;td colspan=&quot;3&quot;&gt;&amp;nbsp;&lt;/td&gt;\r\n			&lt;td&gt;spout that fits bath rim of 110-118mm)&lt;/td&gt;\r\n		&lt;/tr&gt;\r\n		&lt;tr height=&quot;18&quot;&gt;\r\n			&lt;td colspan=&quot;3&quot;&gt;Standard&lt;/td&gt;\r\n			&lt;td&gt;Meets or exceeds U.S. ASME A112.191M-1994.&lt;/td&gt;\r\n		&lt;/tr&gt;\r\n		&lt;tr height=&quot;18&quot;&gt;\r\n			&lt;td colspan=&quot;3&quot;&gt;&amp;nbsp;&lt;/td&gt;\r\n			&lt;td&gt;Fixed Dimensions are nominal and oonform to&lt;/td&gt;\r\n		&lt;/tr&gt;\r\n		&lt;tr height=&quot;18&quot;&gt;\r\n			&lt;td colspan=&quot;3&quot;&gt;&amp;nbsp;&lt;/td&gt;\r\n			&lt;td&gt;tolerances established by the above standards.&lt;/td&gt;\r\n		&lt;/tr&gt;\r\n	&lt;/tbody&gt;\r\n&lt;/table&gt;\r\n&lt;/div&gt;\r\n','','',''),(480,1,'Soissons cast iron bath 1600mm without grip rail holes','&lt;p&gt;&lt;strong style=&quot;color: rgb(0, 0, 0); font-family: Arial, Helvetica, sans-serif; line-height: normal;&quot;&gt;Features&lt;/strong&gt;&lt;/p&gt;\r\n\r\n&lt;div id=&quot;bullet&quot; style=&quot;color: rgb(0, 0, 0); font-family: Arial, Helvetica, sans-serif; line-height: normal;&quot;&gt;\r\n&lt;ul style=&quot;list-style-image: url(file:///F:/Kohler%20Product%20Brochure/Kohler%20India%20Product%20Brochure/Kohler/images/bullet.gif); margin: 8px 10px; padding-left: 15px; font-family: Arial, Helvetica, sans-serif, \'Lucida Sans\', \'Lucida Sans Unicode\';&quot;&gt;\r\n	&lt;li style=&quot;padding-bottom: 4px; line-height: 1.4em;&quot;&gt;Simple and clean design that suits every home&lt;/li&gt;\r\n	&lt;li style=&quot;padding-bottom: 4px; line-height: 1.4em;&quot;&gt;Optional grip rails for convenience&lt;/li&gt;\r\n	&lt;li style=&quot;padding-bottom: 4px; line-height: 1.4em;&quot;&gt;Authentic KOHLER Cast Iron®&lt;/li&gt;\r\n&lt;/ul&gt;\r\n\r\n&lt;table cellpadding=&quot;0&quot; cellspacing=&quot;0&quot; height=&quot;0&quot; style=&quot;color: rgb(0, 0, 0); font-family: Arial, Helvetica, sans-serif; line-height: normal;&quot; width=&quot;100%&quot;&gt;\r\n	&lt;tbody&gt;\r\n		&lt;tr height=&quot;18&quot;&gt;\r\n			&lt;td bgcolor=&quot;#e6e6ff&quot; colspan=&quot;4&quot;&gt;&lt;strong&gt;Model Code&lt;/strong&gt;&lt;/td&gt;\r\n			&lt;td bgcolor=&quot;#e6e6ff&quot;&gt;&lt;strong&gt;K-943T-0&lt;/strong&gt;&lt;/td&gt;\r\n		&lt;/tr&gt;\r\n		&lt;tr height=&quot;18&quot;&gt;\r\n			&lt;td colspan=&quot;4&quot;&gt;Dimensions&lt;/td&gt;\r\n			&lt;td&gt;1600 x 700 x 418 mm&lt;/td&gt;\r\n		&lt;/tr&gt;\r\n		&lt;tr height=&quot;18&quot;&gt;\r\n			&lt;td colspan=&quot;4&quot;&gt;Required component&lt;/td&gt;\r\n			&lt;td&gt;K-17295-CP Drain&lt;/td&gt;\r\n		&lt;/tr&gt;\r\n		&lt;tr height=&quot;18&quot;&gt;\r\n			&lt;td colspan=&quot;4&quot;&gt;Optional component&lt;/td&gt;\r\n			&lt;td&gt;K-8646-NA Adjustable feet&lt;/td&gt;\r\n		&lt;/tr&gt;\r\n		&lt;tr height=&quot;18&quot;&gt;\r\n			&lt;td colspan=&quot;4&quot;&gt;Interior Dimensions&lt;/td&gt;\r\n			&lt;td&gt;Rim: 1420 x 560 mm,&lt;/td&gt;\r\n		&lt;/tr&gt;\r\n		&lt;tr height=&quot;18&quot;&gt;\r\n			&lt;td colspan=&quot;4&quot;&gt;&amp;nbsp;&lt;/td&gt;\r\n			&lt;td&gt;Base: 1040 x 400 mm&lt;/td&gt;\r\n		&lt;/tr&gt;\r\n		&lt;tr height=&quot;18&quot;&gt;\r\n			&lt;td colspan=&quot;4&quot;&gt;Capacity to Overflow&lt;/td&gt;\r\n			&lt;td&gt;139 litres&lt;/td&gt;\r\n		&lt;/tr&gt;\r\n		&lt;tr height=&quot;18&quot;&gt;\r\n			&lt;td colspan=&quot;4&quot;&gt;Weight&lt;/td&gt;\r\n			&lt;td&gt;84 kg&lt;/td&gt;\r\n		&lt;/tr&gt;\r\n		&lt;tr height=&quot;18&quot;&gt;\r\n			&lt;td colspan=&quot;4&quot;&gt;Material&lt;/td&gt;\r\n			&lt;td&gt;KOHLER Cast Iron®&lt;/td&gt;\r\n		&lt;/tr&gt;\r\n		&lt;tr height=&quot;18&quot;&gt;\r\n			&lt;td colspan=&quot;4&quot;&gt;Installation&lt;/td&gt;\r\n			&lt;td&gt;Drop-in&lt;/td&gt;\r\n		&lt;/tr&gt;\r\n		&lt;tr height=&quot;18&quot;&gt;\r\n			&lt;td colspan=&quot;4&quot;&gt;Model Variations&lt;/td&gt;\r\n			&lt;td&gt;With grip rail holes (K-943T-GR-0)&lt;/td&gt;\r\n		&lt;/tr&gt;\r\n		&lt;tr height=&quot;18&quot;&gt;\r\n			&lt;td bgcolor=&quot;#e6e6ff&quot; colspan=&quot;5&quot;&gt;&lt;strong&gt;Included&lt;/strong&gt;&amp;nbsp;&lt;/td&gt;\r\n		&lt;/tr&gt;\r\n		&lt;tr height=&quot;18&quot;&gt;\r\n			&lt;td colspan=&quot;4&quot;&gt;Adjustable Feet&lt;/td&gt;\r\n			&lt;td&gt;K-8646&lt;/td&gt;\r\n		&lt;/tr&gt;\r\n		&lt;tr height=&quot;18&quot;&gt;\r\n			&lt;td bgcolor=&quot;#e6e6ff&quot; colspan=&quot;5&quot;&gt;&lt;strong&gt;Recommended&lt;/strong&gt;&amp;nbsp;&lt;/td&gt;\r\n		&lt;/tr&gt;\r\n		&lt;tr height=&quot;18&quot;&gt;\r\n			&lt;td colspan=&quot;4&quot;&gt;Drain&lt;/td&gt;\r\n			&lt;td&gt;K-17295 or K-17296&lt;/td&gt;\r\n		&lt;/tr&gt;\r\n		&lt;tr height=&quot;18&quot;&gt;\r\n			&lt;td bgcolor=&quot;#e6e6ff&quot; colspan=&quot;5&quot;&gt;&lt;strong&gt;Optional&lt;/strong&gt;&lt;/td&gt;\r\n		&lt;/tr&gt;\r\n		&lt;tr height=&quot;18&quot;&gt;\r\n			&lt;td colspan=&quot;4&quot;&gt;Faucet&lt;/td&gt;\r\n			&lt;td&gt;Recessed/wall-mount (please select faucet with&lt;/td&gt;\r\n		&lt;/tr&gt;\r\n		&lt;tr height=&quot;18&quot;&gt;\r\n			&lt;td colspan=&quot;4&quot;&gt;&amp;nbsp;&lt;/td&gt;\r\n			&lt;td&gt;spout that fits bath rim of 110-118mm)&lt;/td&gt;\r\n		&lt;/tr&gt;\r\n		&lt;tr height=&quot;18&quot;&gt;\r\n			&lt;td colspan=&quot;4&quot;&gt;Standard&lt;/td&gt;\r\n			&lt;td&gt;Meets or exceeds U.S. ASME A112.191M-1994.&lt;/td&gt;\r\n		&lt;/tr&gt;\r\n		&lt;tr height=&quot;18&quot;&gt;\r\n			&lt;td colspan=&quot;4&quot;&gt;&amp;nbsp;&lt;/td&gt;\r\n			&lt;td&gt;Fixed Dimensions are nominal and oonform to&lt;/td&gt;\r\n		&lt;/tr&gt;\r\n		&lt;tr height=&quot;18&quot;&gt;\r\n			&lt;td colspan=&quot;4&quot;&gt;&amp;nbsp;&lt;/td&gt;\r\n			&lt;td&gt;tolerances established by the above standards.&lt;/td&gt;\r\n		&lt;/tr&gt;\r\n	&lt;/tbody&gt;\r\n&lt;/table&gt;\r\n&lt;/div&gt;\r\n','','',''),(482,1,'Ove acrylic bath with Orange pillow','&lt;p&gt;&lt;strong style=&quot;color: rgb(0, 0, 0); font-family: Arial, Helvetica, sans-serif; line-height: normal;&quot;&gt;&amp;nbsp;Features&lt;/strong&gt;&lt;/p&gt;\r\n\r\n&lt;div id=&quot;bullet&quot; style=&quot;color: rgb(0, 0, 0); font-family: Arial, Helvetica, sans-serif; line-height: normal;&quot;&gt;\r\n&lt;ul style=&quot;list-style-image: url(file:///F:/Kohler%20Product%20Brochure/Kohler%20India%20Product%20Brochure/Kohler/images/bullet.gif); margin: 8px 10px; padding-left: 15px; font-family: Arial, Helvetica, sans-serif, \'Lucida Sans\', \'Lucida Sans Unicode\';&quot;&gt;\r\n	&lt;li style=&quot;padding-bottom: 4px; line-height: 1.4em;&quot;&gt;Straight design lines, simple and stylish&lt;/li&gt;\r\n	&lt;li style=&quot;padding-bottom: 4px; line-height: 1.4em;&quot;&gt;Wide bath deck&lt;/li&gt;\r\n	&lt;li style=&quot;padding-bottom: 4px; line-height: 1.4em;&quot;&gt;Bath pillow offers comfortable bathing experience&lt;/li&gt;\r\n&lt;/ul&gt;\r\n\r\n&lt;table cellpadding=&quot;0&quot; cellspacing=&quot;0&quot; height=&quot;0&quot; style=&quot;color: rgb(0, 0, 0); font-family: Arial, Helvetica, sans-serif; line-height: normal;&quot; width=&quot;100%&quot;&gt;\r\n	&lt;tbody&gt;\r\n		&lt;tr height=&quot;18&quot;&gt;\r\n			&lt;td bgcolor=&quot;#e6e6ff&quot;&gt;&lt;strong&gt;Model Code&lt;/strong&gt;&lt;/td&gt;\r\n			&lt;td bgcolor=&quot;#e6e6ff&quot;&gt;&lt;strong&gt;K-1707T-1P-0&lt;/strong&gt;&lt;/td&gt;\r\n		&lt;/tr&gt;\r\n		&lt;tr height=&quot;18&quot;&gt;\r\n			&lt;td align=&quot;left&quot; arial11=&quot;&quot; valign=&quot;top&quot;&gt;Dimensions&lt;/td&gt;\r\n			&lt;td align=&quot;left&quot; arial11=&quot;&quot; valign=&quot;top&quot;&gt;1700 x 750 x 470 mm&lt;/td&gt;\r\n		&lt;/tr&gt;\r\n		&lt;tr height=&quot;18&quot;&gt;\r\n			&lt;td align=&quot;left&quot; arial11=&quot;&quot; valign=&quot;top&quot;&gt;Interior Dimensions&lt;/td&gt;\r\n			&lt;td align=&quot;left&quot; arial11=&quot;&quot; valign=&quot;top&quot;&gt;Rim: 1585 x 625 mm,&lt;/td&gt;\r\n		&lt;/tr&gt;\r\n		&lt;tr height=&quot;18&quot;&gt;\r\n			&lt;td align=&quot;left&quot; arial11=&quot;&quot; valign=&quot;top&quot;&gt;&amp;nbsp;&lt;/td&gt;\r\n			&lt;td align=&quot;left&quot; arial11=&quot;&quot; valign=&quot;top&quot;&gt;Base: 1092 x 427 mm&lt;/td&gt;\r\n		&lt;/tr&gt;\r\n		&lt;tr height=&quot;18&quot;&gt;\r\n			&lt;td align=&quot;left&quot; arial11=&quot;&quot; valign=&quot;top&quot;&gt;Capacity to Overflow&lt;/td&gt;\r\n			&lt;td align=&quot;left&quot; arial11=&quot;&quot; valign=&quot;top&quot;&gt;214 litres&lt;/td&gt;\r\n		&lt;/tr&gt;\r\n		&lt;tr height=&quot;18&quot;&gt;\r\n			&lt;td align=&quot;left&quot; arial11=&quot;&quot; valign=&quot;top&quot;&gt;Weight&lt;/td&gt;\r\n			&lt;td align=&quot;left&quot; arial11=&quot;&quot; valign=&quot;top&quot;&gt;32 kg&lt;/td&gt;\r\n		&lt;/tr&gt;\r\n		&lt;tr height=&quot;18&quot;&gt;\r\n			&lt;td align=&quot;left&quot; arial11=&quot;&quot; valign=&quot;top&quot;&gt;Material&lt;/td&gt;\r\n			&lt;td align=&quot;left&quot; arial11=&quot;&quot; valign=&quot;top&quot;&gt;Acrylic&lt;/td&gt;\r\n		&lt;/tr&gt;\r\n		&lt;tr height=&quot;18&quot;&gt;\r\n			&lt;td align=&quot;left&quot; arial11=&quot;&quot; valign=&quot;top&quot;&gt;Installation&lt;/td&gt;\r\n			&lt;td align=&quot;left&quot; arial11=&quot;&quot; valign=&quot;top&quot;&gt;Drop-in&lt;/td&gt;\r\n		&lt;/tr&gt;\r\n		&lt;tr height=&quot;18&quot;&gt;\r\n			&lt;td align=&quot;left&quot; arial11=&quot;&quot; valign=&quot;top&quot;&gt;Model Variations&lt;/td&gt;\r\n			&lt;td align=&quot;left&quot; arial11=&quot;&quot; valign=&quot;top&quot;&gt;With grey pillow (K-1707T-58-0)&lt;/td&gt;\r\n		&lt;/tr&gt;\r\n		&lt;tr height=&quot;18&quot;&gt;\r\n			&lt;td bgcolor=&quot;#e6e6ff&quot; colspan=&quot;2&quot;&gt;&lt;strong&gt;Includes&lt;/strong&gt;&amp;nbsp;&lt;/td&gt;\r\n		&lt;/tr&gt;\r\n		&lt;tr height=&quot;18&quot;&gt;\r\n			&lt;td align=&quot;left&quot; arial11=&quot;&quot; valign=&quot;top&quot;&gt;Pillow&lt;/td&gt;\r\n			&lt;td align=&quot;left&quot; arial11=&quot;&quot; valign=&quot;top&quot;&gt;K-18401-1P&lt;/td&gt;\r\n		&lt;/tr&gt;\r\n	&lt;/tbody&gt;\r\n&lt;/table&gt;\r\n&lt;/div&gt;\r\n','','',''),(483,1,'Emerald Acrylic Bath','&lt;p&gt;&lt;strong style=&quot;color: rgb(0, 0, 0); font-family: Arial, Helvetica, sans-serif; line-height: normal;&quot;&gt;Features&lt;/strong&gt;&lt;/p&gt;\r\n\r\n&lt;div id=&quot;bullet&quot; style=&quot;color: rgb(0, 0, 0); font-family: Arial, Helvetica, sans-serif; line-height: normal;&quot;&gt;\r\n&lt;ul style=&quot;list-style-image: url(file:///F:/Kohler%20Product%20Brochure/Kohler%20India%20Product%20Brochure/Kohler/images/bullet.gif); margin: 8px 10px; padding-left: 15px; font-family: Arial, Helvetica, sans-serif, \'Lucida Sans\', \'Lucida Sans Unicode\';&quot;&gt;\r\n	&lt;li style=&quot;padding-bottom: 4px; line-height: 1.4em;&quot;&gt;Space saving design integral&lt;/li&gt;\r\n	&lt;li style=&quot;padding-bottom: 4px; line-height: 1.4em;&quot;&gt;Soap holder&lt;/li&gt;\r\n&lt;/ul&gt;\r\n\r\n&lt;table cellpadding=&quot;0&quot; cellspacing=&quot;0&quot; height=&quot;0&quot; style=&quot;color: rgb(0, 0, 0); font-family: Arial, Helvetica, sans-serif; line-height: normal;&quot; width=&quot;100%&quot;&gt;\r\n	&lt;tbody&gt;\r\n		&lt;tr height=&quot;18&quot;&gt;\r\n			&lt;td align=&quot;left&quot; bgcolor=&quot;#e6e6ff&quot; height=&quot;0&quot;&gt;&lt;strong&gt;Model Code&lt;/strong&gt;&lt;/td&gt;\r\n			&lt;td align=&quot;left&quot; bgcolor=&quot;#e6e6ff&quot;&gt;&lt;strong&gt;K-18778T-0&lt;/strong&gt;&lt;/td&gt;\r\n		&lt;/tr&gt;\r\n		&lt;tr height=&quot;18&quot;&gt;\r\n			&lt;td align=&quot;left&quot;&gt;Dimensions&lt;/td&gt;\r\n			&lt;td align=&quot;left&quot;&gt;1305 x 1305 x 490 mm&lt;/td&gt;\r\n		&lt;/tr&gt;\r\n		&lt;tr height=&quot;18&quot;&gt;\r\n			&lt;td align=&quot;left&quot;&gt;Interior Dimensions&lt;/td&gt;\r\n			&lt;td align=&quot;left&quot;&gt;Rim: 1000 x 1400 mm,&lt;/td&gt;\r\n		&lt;/tr&gt;\r\n		&lt;tr height=&quot;18&quot;&gt;\r\n			&lt;td align=&quot;left&quot;&gt;&amp;nbsp;&lt;/td&gt;\r\n			&lt;td align=&quot;left&quot;&gt;Base: 820 x 1160 mm&lt;/td&gt;\r\n		&lt;/tr&gt;\r\n		&lt;tr height=&quot;18&quot;&gt;\r\n			&lt;td align=&quot;left&quot;&gt;Capacity to Overflow&lt;/td&gt;\r\n			&lt;td align=&quot;left&quot;&gt;286 litres&lt;/td&gt;\r\n		&lt;/tr&gt;\r\n		&lt;tr height=&quot;18&quot;&gt;\r\n			&lt;td align=&quot;left&quot;&gt;Weight&lt;/td&gt;\r\n			&lt;td align=&quot;left&quot;&gt;31 kg&lt;/td&gt;\r\n		&lt;/tr&gt;\r\n		&lt;tr height=&quot;18&quot;&gt;\r\n			&lt;td align=&quot;left&quot;&gt;Material&lt;/td&gt;\r\n			&lt;td align=&quot;left&quot;&gt;High-gloss acrylic&lt;/td&gt;\r\n		&lt;/tr&gt;\r\n		&lt;tr height=&quot;18&quot;&gt;\r\n			&lt;td align=&quot;left&quot; height=&quot;17&quot;&gt;Installation&lt;/td&gt;\r\n			&lt;td align=&quot;left&quot;&gt;Drop-in&lt;/td&gt;\r\n		&lt;/tr&gt;\r\n		&lt;tr height=&quot;18&quot;&gt;\r\n			&lt;td align=&quot;left&quot;&gt;&amp;nbsp;Standard&lt;/td&gt;\r\n			&lt;td align=&quot;left&quot;&gt;Meets or exceeds U.S. ANSI Z124.1-1995.&lt;/td&gt;\r\n		&lt;/tr&gt;\r\n		&lt;tr height=&quot;18&quot;&gt;\r\n			&lt;td align=&quot;left&quot;&gt;&amp;nbsp;&lt;/td&gt;\r\n			&lt;td align=&quot;left&quot;&gt;Fixture dimensions are nominal and conform to&lt;/td&gt;\r\n		&lt;/tr&gt;\r\n		&lt;tr height=&quot;18&quot;&gt;\r\n			&lt;td align=&quot;left&quot;&gt;&amp;nbsp;&lt;/td&gt;\r\n			&lt;td align=&quot;left&quot;&gt;tolerances established by the above standards.&lt;/td&gt;\r\n		&lt;/tr&gt;\r\n	&lt;/tbody&gt;\r\n&lt;/table&gt;\r\n&lt;/div&gt;\r\n','','',''),(485,1,'Duo Acrylic Bath 1670 mm','&lt;p&gt;&lt;strong style=&quot;color: rgb(0, 0, 0); font-family: Arial, Helvetica, sans-serif; line-height: normal;&quot;&gt;&amp;nbsp;Features&lt;/strong&gt;&lt;/p&gt;\r\n\r\n&lt;div id=&quot;bullet&quot; style=&quot;color: rgb(0, 0, 0); font-family: Arial, Helvetica, sans-serif; line-height: normal;&quot;&gt;\r\n&lt;ul style=&quot;list-style-image: url(file:///F:/Kohler%20Product%20Brochure/Kohler%20India%20Product%20Brochure/Kohler/images/bullet.gif); margin: 8px 10px; padding-left: 15px; font-family: Arial, Helvetica, sans-serif, \'Lucida Sans\', \'Lucida Sans Unicode\';&quot;&gt;\r\n	&lt;li style=&quot;padding-bottom: 4px; line-height: 1.4em;&quot;&gt;Spacious bathing space at front&lt;/li&gt;\r\n	&lt;li style=&quot;padding-bottom: 4px; line-height: 1.4em;&quot;&gt;Integral arm rest and lumbar back support&lt;/li&gt;\r\n	&lt;li style=&quot;padding-bottom: 4px; line-height: 1.4em;&quot;&gt;Integral tile flange to prevent the possibility of water damage behind the wall&lt;/li&gt;\r\n&lt;/ul&gt;\r\n\r\n&lt;table cellpadding=&quot;0&quot; cellspacing=&quot;0&quot; height=&quot;0&quot; style=&quot;color: rgb(0, 0, 0); font-family: Arial, Helvetica, sans-serif; line-height: normal;&quot; width=&quot;100%&quot;&gt;\r\n	&lt;tbody&gt;\r\n		&lt;tr height=&quot;18&quot;&gt;\r\n			&lt;td bgcolor=&quot;#e6e6ff&quot; colspan=&quot;2&quot;&gt;&lt;strong&gt;Model Code&lt;/strong&gt;&lt;/td&gt;\r\n			&lt;td bgcolor=&quot;#e6e6ff&quot;&gt;&lt;strong&gt;K-18775T-0&lt;/strong&gt;&lt;/td&gt;\r\n		&lt;/tr&gt;\r\n		&lt;tr height=&quot;18&quot;&gt;\r\n			&lt;td align=&quot;left&quot; arial11=&quot;&quot; colspan=&quot;2&quot; valign=&quot;top&quot;&gt;Dimensions&lt;/td&gt;\r\n			&lt;td align=&quot;left&quot; arial11=&quot;&quot; valign=&quot;top&quot;&gt;1670 x 760 x 430 mm&lt;/td&gt;\r\n		&lt;/tr&gt;\r\n		&lt;tr height=&quot;18&quot;&gt;\r\n			&lt;td align=&quot;left&quot; arial11=&quot;&quot; colspan=&quot;2&quot; valign=&quot;top&quot;&gt;Required component&lt;/td&gt;\r\n			&lt;td align=&quot;left&quot; arial11=&quot;&quot; valign=&quot;top&quot;&gt;K-17295-CP Drain&lt;/td&gt;\r\n		&lt;/tr&gt;\r\n		&lt;tr height=&quot;18&quot;&gt;\r\n			&lt;td align=&quot;left&quot; arial11=&quot;&quot; colspan=&quot;2&quot; valign=&quot;top&quot;&gt;Interior Dimensions&lt;/td&gt;\r\n			&lt;td align=&quot;left&quot; arial11=&quot;&quot; valign=&quot;top&quot;&gt;Rim: 653 x 1570 mm,&lt;/td&gt;\r\n		&lt;/tr&gt;\r\n		&lt;tr height=&quot;18&quot;&gt;\r\n			&lt;td align=&quot;left&quot; arial11=&quot;&quot; colspan=&quot;2&quot; valign=&quot;top&quot;&gt;&amp;nbsp;&lt;/td&gt;\r\n			&lt;td align=&quot;left&quot; arial11=&quot;&quot; valign=&quot;top&quot;&gt;Base: 450 x 1178 mm&lt;/td&gt;\r\n		&lt;/tr&gt;\r\n		&lt;tr height=&quot;18&quot;&gt;\r\n			&lt;td align=&quot;left&quot; arial11=&quot;&quot; colspan=&quot;2&quot; valign=&quot;top&quot;&gt;Capacity to Overflow&lt;/td&gt;\r\n			&lt;td align=&quot;left&quot; arial11=&quot;&quot; valign=&quot;top&quot;&gt;188 litres&lt;/td&gt;\r\n		&lt;/tr&gt;\r\n		&lt;tr height=&quot;18&quot;&gt;\r\n			&lt;td align=&quot;left&quot; arial11=&quot;&quot; colspan=&quot;2&quot; valign=&quot;top&quot;&gt;Weight&lt;/td&gt;\r\n			&lt;td align=&quot;left&quot; arial11=&quot;&quot; valign=&quot;top&quot;&gt;27 kg&lt;/td&gt;\r\n		&lt;/tr&gt;\r\n		&lt;tr height=&quot;18&quot;&gt;\r\n			&lt;td align=&quot;left&quot; arial11=&quot;&quot; colspan=&quot;2&quot; valign=&quot;top&quot;&gt;Material&lt;/td&gt;\r\n			&lt;td align=&quot;left&quot; arial11=&quot;&quot; valign=&quot;top&quot;&gt;High-gloss acrylic&lt;/td&gt;\r\n		&lt;/tr&gt;\r\n		&lt;tr height=&quot;18&quot;&gt;\r\n			&lt;td align=&quot;left&quot; arial11=&quot;&quot; colspan=&quot;2&quot; valign=&quot;top&quot;&gt;Installation&lt;/td&gt;\r\n			&lt;td align=&quot;left&quot; arial11=&quot;&quot; valign=&quot;top&quot;&gt;Drop-in&lt;/td&gt;\r\n		&lt;/tr&gt;\r\n		&lt;tr height=&quot;18&quot;&gt;\r\n			&lt;td bgcolor=&quot;#e6e6ff&quot; colspan=&quot;3&quot;&gt;&lt;strong&gt;Recommended&lt;/strong&gt;&lt;/td&gt;\r\n		&lt;/tr&gt;\r\n		&lt;tr height=&quot;18&quot;&gt;\r\n			&lt;td align=&quot;left&quot; arial11=&quot;&quot; colspan=&quot;2&quot; valign=&quot;top&quot;&gt;Drain&lt;/td&gt;\r\n			&lt;td align=&quot;left&quot; arial11=&quot;&quot; valign=&quot;top&quot;&gt;K-17295&lt;/td&gt;\r\n		&lt;/tr&gt;\r\n		&lt;tr height=&quot;18&quot;&gt;\r\n			&lt;td align=&quot;left&quot; arial11=&quot;&quot; bgcolor=&quot;#e6e6ff&quot; colspan=&quot;3&quot; valign=&quot;top&quot;&gt;&lt;strong&gt;Optional&lt;/strong&gt;&amp;nbsp;&lt;/td&gt;\r\n		&lt;/tr&gt;\r\n		&lt;tr height=&quot;18&quot;&gt;\r\n			&lt;td align=&quot;left&quot; arial11=&quot;&quot; colspan=&quot;2&quot; valign=&quot;top&quot;&gt;Faucet&lt;/td&gt;\r\n			&lt;td&gt;Wall-mount&lt;/td&gt;\r\n		&lt;/tr&gt;\r\n		&lt;tr height=&quot;18&quot;&gt;\r\n			&lt;td align=&quot;left&quot; arial11=&quot;&quot; colspan=&quot;2&quot; valign=&quot;top&quot;&gt;Standard&lt;/td&gt;\r\n			&lt;td&gt;Meets or exceeds U.S. ASME A112.191M-1994.&lt;/td&gt;\r\n		&lt;/tr&gt;\r\n		&lt;tr height=&quot;18&quot;&gt;\r\n			&lt;td align=&quot;left&quot; arial11=&quot;&quot; colspan=&quot;2&quot; valign=&quot;top&quot;&gt;&amp;nbsp;&lt;/td&gt;\r\n			&lt;td&gt;Fixed Dimensions are nominal and oonform to&lt;/td&gt;\r\n		&lt;/tr&gt;\r\n		&lt;tr height=&quot;18&quot;&gt;\r\n			&lt;td align=&quot;left&quot; arial11=&quot;&quot; colspan=&quot;2&quot; valign=&quot;top&quot;&gt;&amp;nbsp;&lt;/td&gt;\r\n			&lt;td&gt;tolerances established by the above standards.&lt;/td&gt;\r\n		&lt;/tr&gt;\r\n	&lt;/tbody&gt;\r\n&lt;/table&gt;\r\n&lt;/div&gt;\r\n','','',''),(490,1,'Serif acrylic bath','&lt;p&gt;&lt;strong style=&quot;color: rgb(0, 0, 0); font-family: Arial, Helvetica, sans-serif; line-height: normal;&quot;&gt;Features&lt;/strong&gt;&lt;/p&gt;\r\n\r\n&lt;div id=&quot;bullet&quot; style=&quot;color: rgb(0, 0, 0); font-family: Arial, Helvetica, sans-serif; line-height: normal;&quot;&gt;\r\n&lt;ul style=&quot;list-style-image: url(file:///F:/Kohler%20Product%20Brochure/Kohler%20India%20Product%20Brochure/Kohler/images/bullet.gif); margin: 8px 10px; padding-left: 15px; font-family: Arial, Helvetica, sans-serif, \'Lucida Sans\', \'Lucida Sans Unicode\';&quot;&gt;\r\n	&lt;li style=&quot;padding-bottom: 4px; line-height: 1.4em;&quot;&gt;Oval shape, stylish and contemporary design&lt;/li&gt;\r\n	&lt;li style=&quot;padding-bottom: 4px; line-height: 1.4em;&quot;&gt;Convenient drop in installation&lt;/li&gt;\r\n&lt;/ul&gt;\r\n\r\n&lt;table cellpadding=&quot;0&quot; cellspacing=&quot;0&quot; style=&quot;color: rgb(0, 0, 0); font-family: Arial, Helvetica, sans-serif; line-height: normal;&quot; width=&quot;100%&quot;&gt;\r\n	&lt;tbody&gt;\r\n		&lt;tr height=&quot;18&quot;&gt;\r\n			&lt;td bgcolor=&quot;#e6e6ff&quot;&gt;&lt;strong&gt;Model Code&lt;/strong&gt;&lt;/td&gt;\r\n			&lt;td align=&quot;left&quot; bgcolor=&quot;#e6e6ff&quot;&gt;&lt;strong&gt;K-1183T-0&lt;/strong&gt;&lt;/td&gt;\r\n		&lt;/tr&gt;\r\n		&lt;tr height=&quot;18&quot;&gt;\r\n			&lt;td align=&quot;left&quot; height=&quot;17&quot;&gt;Dimensions&lt;/td&gt;\r\n			&lt;td align=&quot;left&quot;&gt;1525 x 1060 x 533mm&lt;/td&gt;\r\n		&lt;/tr&gt;\r\n		&lt;tr height=&quot;18&quot;&gt;\r\n			&lt;td align=&quot;left&quot; height=&quot;17&quot;&gt;Interior Dimensions&lt;/td&gt;\r\n			&lt;td align=&quot;left&quot;&gt;Rim: 1397 x 1016 mm,&lt;/td&gt;\r\n		&lt;/tr&gt;\r\n		&lt;tr height=&quot;18&quot;&gt;\r\n			&lt;td align=&quot;left&quot; height=&quot;17&quot;&gt;&amp;nbsp;&lt;/td&gt;\r\n			&lt;td align=&quot;left&quot;&gt;Base: 1067 x 711 mm&lt;/td&gt;\r\n		&lt;/tr&gt;\r\n		&lt;tr height=&quot;18&quot;&gt;\r\n			&lt;td align=&quot;left&quot; height=&quot;17&quot;&gt;Capacity to Overflow&lt;/td&gt;\r\n			&lt;td align=&quot;left&quot;&gt;276.3 litres&lt;/td&gt;\r\n		&lt;/tr&gt;\r\n		&lt;tr height=&quot;18&quot;&gt;\r\n			&lt;td align=&quot;left&quot; height=&quot;17&quot;&gt;Weight&lt;/td&gt;\r\n			&lt;td align=&quot;left&quot;&gt;38.6 kg&lt;/td&gt;\r\n		&lt;/tr&gt;\r\n		&lt;tr height=&quot;18&quot;&gt;\r\n			&lt;td align=&quot;left&quot; height=&quot;17&quot;&gt;Material&lt;/td&gt;\r\n			&lt;td align=&quot;left&quot;&gt;High-gloss acrylic&lt;/td&gt;\r\n		&lt;/tr&gt;\r\n		&lt;tr height=&quot;18&quot;&gt;\r\n			&lt;td align=&quot;left&quot; height=&quot;17&quot;&gt;Installation&lt;/td&gt;\r\n			&lt;td align=&quot;left&quot;&gt;Drop-in&lt;/td&gt;\r\n		&lt;/tr&gt;\r\n		&lt;tr height=&quot;18&quot;&gt;\r\n			&lt;td align=&quot;left&quot; bgcolor=&quot;#e6e6ff&quot; colspan=&quot;2&quot; height=&quot;17&quot;&gt;&lt;strong&gt;Recommended&lt;/strong&gt;&amp;nbsp;&lt;/td&gt;\r\n		&lt;/tr&gt;\r\n		&lt;tr height=&quot;18&quot;&gt;\r\n			&lt;td align=&quot;left&quot; height=&quot;17&quot;&gt;Drain&lt;/td&gt;\r\n			&lt;td align=&quot;left&quot;&gt;K-17295&lt;/td&gt;\r\n		&lt;/tr&gt;\r\n		&lt;tr height=&quot;18&quot;&gt;\r\n			&lt;td align=&quot;left&quot; height=&quot;17&quot;&gt;Faucet&lt;/td&gt;\r\n			&lt;td align=&quot;left&quot;&gt;K-8673-4M/4P/3 Finial&lt;/td&gt;\r\n		&lt;/tr&gt;\r\n		&lt;tr height=&quot;18&quot;&gt;\r\n			&lt;td align=&quot;left&quot; height=&quot;17&quot;&gt;&amp;nbsp;&lt;/td&gt;\r\n			&lt;td align=&quot;left&quot;&gt;Traditional deck-mount faucet&lt;/td&gt;\r\n		&lt;/tr&gt;\r\n		&lt;tr height=&quot;18&quot;&gt;\r\n			&lt;td align=&quot;left&quot; bgcolor=&quot;#e6e6ff&quot; colspan=&quot;2&quot; height=&quot;17&quot;&gt;&lt;strong&gt;Optional&amp;nbsp;&lt;/strong&gt;&lt;/td&gt;\r\n		&lt;/tr&gt;\r\n		&lt;tr height=&quot;18&quot;&gt;\r\n			&lt;td align=&quot;left&quot; height=&quot;17&quot;&gt;Faucet&lt;/td&gt;\r\n			&lt;td align=&quot;left&quot;&gt;Deck-mount&lt;/td&gt;\r\n		&lt;/tr&gt;\r\n		&lt;tr height=&quot;18&quot;&gt;\r\n			&lt;td align=&quot;left&quot;&gt;Standard&lt;/td&gt;\r\n			&lt;td align=&quot;left&quot;&gt;Meets or exceeds U.S. ANSI Z124.1-1995.&lt;/td&gt;\r\n		&lt;/tr&gt;\r\n		&lt;tr height=&quot;18&quot;&gt;\r\n			&lt;td align=&quot;left&quot;&gt;&amp;nbsp;&lt;/td&gt;\r\n			&lt;td align=&quot;left&quot;&gt;Fixture dimensions are nominal and conform&lt;/td&gt;\r\n		&lt;/tr&gt;\r\n		&lt;tr height=&quot;18&quot;&gt;\r\n			&lt;td align=&quot;left&quot;&gt;&amp;nbsp;&lt;/td&gt;\r\n			&lt;td align=&quot;left&quot;&gt;to tolerances established by the above standards.&lt;/td&gt;\r\n		&lt;/tr&gt;\r\n		&lt;tr height=&quot;18&quot;&gt;\r\n			&lt;td align=&quot;left&quot; bgcolor=&quot;#e6e6ff&quot; colspan=&quot;2&quot; height=&quot;17&quot;&gt;&lt;strong&gt;Variation&amp;nbsp;&lt;/strong&gt;&lt;/td&gt;\r\n		&lt;/tr&gt;\r\n		&lt;tr height=&quot;18&quot;&gt;\r\n			&lt;td align=&quot;left&quot; height=&quot;17&quot;&gt;Whirlpool&lt;/td&gt;\r\n			&lt;td align=&quot;left&quot;&gt;K-1337&lt;/td&gt;\r\n		&lt;/tr&gt;\r\n	&lt;/tbody&gt;\r\n&lt;/table&gt;\r\n&lt;/div&gt;\r\n','','',''),(492,1,'Signature Flat Bench','&lt;div&gt;§ Vertical front leg reduces trip hazards&lt;/div&gt;\r\n\r\n&lt;div&gt;§ 16.5” (42 cm) bench height is optimal for dumbbell training&lt;/div&gt;\r\n\r\n&lt;div&gt;§ Dimensions (L x W x H)46 in x 31 in x 16.5 in (117 cm x 79 cm x 42 cm)&lt;/div&gt;\r\n\r\n&lt;div&gt;§ Weight65 lb (30 kg)&lt;/div&gt;\r\n\r\n&lt;div&gt;§ Made in Europe&lt;/div&gt;\r\n\r\n&lt;div&gt;&amp;nbsp;&lt;/div&gt;\r\n\r\n&lt;div&gt;&amp;nbsp;&lt;/div&gt;\r\n','','',''),(493,1,'Signature Flat Bench','&lt;div&gt;§Vertical front leg reduces trip hazards&lt;/div&gt;\r\n\r\n&lt;div&gt;§ 16.5” (42 cm) bench height is optimal for dumbbell training&lt;/div&gt;\r\n\r\n&lt;div&gt;§ Dimensions (L x W x H)46 in x 31 in x 16.5 in (117 cm x 79 cm x 42 cm)&lt;/div&gt;\r\n\r\n&lt;div&gt;§ Weight65 lb (30 kg)&lt;/div&gt;\r\n\r\n&lt;div&gt;§ Made in Europe&lt;/div&gt;\r\n','','',''),(494,1,'Signature Multi Adjustable Bench','&lt;div&gt;§Patent-pending single-pin mechanism allows users to simultaneously adjust seat and back pad&lt;/div&gt;\r\n\r\n&lt;div&gt;§Drop-down handle and wheels allow easy mobility&lt;/div&gt;\r\n\r\n&lt;div&gt;§Adjusts to seven different angles from flat to 70-degrees&lt;/div&gt;\r\n\r\n&lt;div&gt;§Dimensions (L x W x H)53 in x 32 in x 17.5 in (135 cm x 82 cm x 45 cm)&lt;/div&gt;\r\n\r\n&lt;div&gt;§Weight125 lb (57 kg)&lt;/div&gt;\r\n\r\n&lt;div&gt;§Made in Europe&lt;/div&gt;\r\n','','',''),(495,1,'Optima Series Adjustable Bench','&lt;div&gt;• 6 intuitive adjustments, including flat, incline, &amp;amp; vertical&lt;/div&gt;\r\n\r\n&lt;div&gt;•&lt;/div&gt;\r\n\r\n&lt;div&gt;• Integrated handle &amp;amp; wheel system for easy mobility&lt;/div&gt;\r\n\r\n&lt;div&gt;•&lt;/div&gt;\r\n\r\n&lt;div&gt;• Fixed lumbar support adds extra comfort and stability&lt;/div&gt;\r\n\r\n&lt;div&gt;•Dimensions (L x W x H) 55 in x 25 in x 45 in (140 cm x 64 cm x 115 cm)&lt;/div&gt;\r\n\r\n&lt;div&gt;•Weigth 72 lb (33 kg)&amp;nbsp;&lt;/div&gt;\r\n\r\n&lt;div&gt;•Made in Europe&lt;/div&gt;\r\n','','',''),(496,1,'Signature Utility Bench ','&lt;div&gt;§Seat positioned low to the ground for maximum stability and comfort&lt;/div&gt;\r\n\r\n&lt;div&gt;§80 - degree back pad angle&lt;/div&gt;\r\n\r\n&lt;div&gt;§Dimensions (L x W x H)28 in x 36 in x 36 in (72 cm x 92 cm x 92 cm)&lt;/div&gt;\r\n\r\n&lt;div&gt;§Weight50 lb (23 kg)&lt;/div&gt;\r\n\r\n&lt;div&gt;§ Made in Europe&lt;/div&gt;\r\n','','',''),(497,1,'Signature Ab Crunch Bench','&lt;p&gt;AbCam System is designed with dual pivot motion to naturally replicate an effective abdominal crunch movement&lt;/p&gt;\r\n\r\n&lt;p&gt;Integrated weight horn allows users to add resistance for a more challenging workout&lt;/p&gt;\r\n\r\n&lt;p&gt;No time-consuming adjustments are required for each new user. The ergonomically-angled pads and foot pegs provide superior comfort and stabilization regardless of exerciser\'s size&lt;/p&gt;\r\n\r\n&lt;p&gt;Easy-to follow instructional placard illustrates proper use&lt;/p&gt;\r\n\r\n&lt;div&gt;§Machine Weight:&amp;nbsp;&amp;nbsp; 64 kg&lt;/div&gt;\r\n\r\n&lt;div&gt;§Dimensions:&amp;nbsp;(L x W x H) 62 in x 32 in x 38 in (158 cm x 82 cm x 97 cm)&lt;/div&gt;\r\n\r\n&lt;p&gt;&amp;nbsp;Made in Europe&lt;/p&gt;\r\n','','',''),(498,1,'Signature Adjustable Abdominal Bench','&lt;div&gt;•Adjustment angles: -10.5, -15.5, -20.5, -25.5 deg&lt;/div&gt;\r\n\r\n&lt;div&gt;• Drop-down handle and wheels allow easy mobility.&lt;/div&gt;\r\n\r\n&lt;div&gt;• Dimensions (L x W x H)64 in x 44 in x 32 in (163 cm x 112 cm x 82 cm)&lt;/div&gt;\r\n\r\n&lt;div&gt;• Weight135 lb (62 kg)&lt;/div&gt;\r\n\r\n&lt;div&gt;§ Made in Europe&lt;/div&gt;\r\n','','',''),(499,1,'Signature Back Extension ','&lt;div&gt;§Angled pad for comfort and support&lt;/div&gt;\r\n\r\n&lt;div&gt;§ Lower roller support provides stabilization and comfort throughout exercise&lt;/div&gt;\r\n\r\n&lt;div&gt;§ Dimensions (L x W x H)50 in x 37 in x 38 in (127 cm x 94 cm x 97 cm)&lt;/div&gt;\r\n\r\n&lt;div&gt;§ Weight160 lb (73 kg)&lt;/div&gt;\r\n\r\n&lt;div&gt;§ Made in Europe&lt;/div&gt;\r\n','','',''),(500,1,'Signature Chin Dip Leg Raise','&lt;p&gt;Three body weight exercises in one, space-efficient unit&lt;/p&gt;\r\n\r\n&lt;p&gt;Multiple pull-up grip angles offer variety and comfort&lt;/p&gt;\r\n\r\n&lt;p&gt;Contoured elbow pads and oversized dip handles provide added comfort&lt;/p&gt;\r\n\r\n&lt;p&gt;Molded urethane guards protect frame from paint chips and scratches&lt;/p&gt;\r\n\r\n&lt;div&gt;§Dimensions (L x W x H)45 in x 50 in x 91.5 in (115 cm x 127 cm x 233 cm)&lt;/div&gt;\r\n\r\n&lt;div&gt;§Weight245 lb (112 kg)&lt;/div&gt;\r\n\r\n&lt;p&gt;Made in Europe&lt;/p&gt;\r\n','','',''),(501,1,'Signature Arm Curl Bench','&lt;div&gt;•Two arm curl exercises in one machine: standing 45-degree preacher curl and standing 85-degree biceps curl&lt;/div&gt;\r\n\r\n&lt;div&gt;• Accommodates users of all sizes with no adjustments&lt;/div&gt;\r\n\r\n&lt;div&gt;• Molded urethane guards protect frame from paint chips and scratches&lt;/div&gt;\r\n\r\n&lt;div&gt;• Dimensions (L x W x H)33 in x 47 in x 46 in (84 cm x 120 cm x 117 cm)&lt;/div&gt;\r\n\r\n&lt;div&gt;• Weight210 lb (96 kg)&lt;/div&gt;\r\n\r\n&lt;div&gt;§ Made in Europe&lt;/div&gt;\r\n','','',''),(502,1,'Signature Olympic Flat Bench ','&lt;div&gt;§Molded Urethane Protective Racking System protects bar from wear and helps reduce noise&lt;/div&gt;\r\n\r\n&lt;div&gt;§ Dimensions (L x W x H)51 in x 49 in x 51 in (130 cm x 125 cm x 130 cm)&lt;/div&gt;\r\n\r\n&lt;div&gt;§ Weight150 lb (69 kg)&lt;/div&gt;\r\n\r\n&lt;div&gt;§ Made in Europe&lt;/div&gt;\r\n','','',''),(503,1,'Signature Incline Bench','&lt;div&gt;•30-degree back pad angle&lt;/div&gt;\r\n\r\n&lt;div&gt;•&lt;/div&gt;\r\n\r\n&lt;div&gt;• Molded Urethane Protective Racking System protects bar from wear and helps reduce noise&lt;/div&gt;\r\n\r\n&lt;div&gt;§ Made in Europe&lt;/div&gt;\r\n','','',''),(504,1,'Signature Olympic Decline Bench  ','&lt;div&gt;§15-degree back pad angle&lt;/div&gt;\r\n\r\n&lt;div&gt;§Adjustable kneepad accommodates users of all sizes&lt;/div&gt;\r\n\r\n&lt;div&gt;§Moulded Urethane Protective Racking System protects bar from wear and helps reduce noise&lt;/div&gt;\r\n\r\n&lt;div&gt;§Machine Weight:&amp;nbsp;95 kg&lt;/div&gt;\r\n\r\n&lt;div&gt;§Dimensions:&amp;nbsp;(L x W x H) 130 cm x 173 cm x 130 cm&amp;nbsp;&lt;/div&gt;\r\n\r\n&lt;div&gt;§&lt;/div&gt;\r\n\r\n&lt;div&gt;§ Made in Europe&lt;/div&gt;\r\n','','',''),(505,1,'2-20 Kg Life Fitness Rubber Dumbbell','&lt;p&gt;Set is comprised of 10 pairs of dumbbells:&lt;/p&gt;\r\n\r\n&lt;p&gt;&amp;nbsp;&lt;/p&gt;\r\n\r\n&lt;p&gt;&amp;nbsp; 2 kg x 2&lt;/p&gt;\r\n\r\n&lt;p&gt;&amp;nbsp; 4 kg x 2&lt;/p&gt;\r\n\r\n&lt;p&gt;&amp;nbsp; 6 kg x 2&lt;/p&gt;\r\n\r\n&lt;p&gt;&amp;nbsp; 8 kg x 2&lt;/p&gt;\r\n\r\n&lt;p&gt;&amp;nbsp; 10 kg x 2&lt;/p&gt;\r\n\r\n&lt;p&gt;&amp;nbsp; 12 kg x 2&lt;/p&gt;\r\n\r\n&lt;p&gt;&amp;nbsp; 14 kg x 2&lt;/p&gt;\r\n\r\n&lt;p&gt;&amp;nbsp; 16 kg x 2&lt;/p&gt;\r\n\r\n&lt;p&gt;&amp;nbsp; 18 kg x 2&lt;/p&gt;\r\n\r\n&lt;p&gt;&amp;nbsp; 20 kg x 2&lt;/p&gt;\r\n\r\n&lt;p&gt;Total set weight = 260 kg&lt;/p&gt;\r\n\r\n&lt;div&gt;§Made in Far East&lt;/div&gt;\r\n','','',''),(506,1,'22-30 Kg Life Fitness Rubber Dumbbell','&lt;p&gt;Set is comprised of 5 pairs of dumbbells:&lt;/p&gt;\r\n\r\n&lt;p&gt;&amp;nbsp;&lt;/p&gt;\r\n\r\n&lt;p&gt;&amp;nbsp; 22 kg x 2&lt;/p&gt;\r\n\r\n&lt;p&gt;&amp;nbsp; 24 kg x 2&lt;/p&gt;\r\n\r\n&lt;p&gt;&amp;nbsp; 26 kg x 2&lt;/p&gt;\r\n\r\n&lt;p&gt;&amp;nbsp; 28 kg x 2&lt;/p&gt;\r\n\r\n&lt;p&gt;&amp;nbsp; 30 kg x 2&lt;/p&gt;\r\n\r\n&lt;p&gt;&amp;nbsp;&lt;/p&gt;\r\n\r\n&lt;p&gt;Total set weight = 260 kg&lt;/p&gt;\r\n\r\n&lt;div&gt;§Made in Far East&lt;/div&gt;\r\n','','',''),(507,1,'32-40 Kg Life Fitness Rubber Dumbbell','&lt;p&gt;Set is comprised of 5 pairs of dumbbells:&lt;/p&gt;\r\n\r\n&lt;p&gt;&amp;nbsp;&lt;/p&gt;\r\n\r\n&lt;p&gt;&amp;nbsp; 32 kg x 2&lt;/p&gt;\r\n\r\n&lt;p&gt;&amp;nbsp; 34 kg x 2&lt;/p&gt;\r\n\r\n&lt;p&gt;&amp;nbsp; 36 kg x 2&lt;/p&gt;\r\n\r\n&lt;p&gt;&amp;nbsp; 38 kg x 2&lt;/p&gt;\r\n\r\n&lt;p&gt;&amp;nbsp; 40 kg x 2&lt;/p&gt;\r\n\r\n&lt;p&gt;&amp;nbsp;&lt;/p&gt;\r\n\r\n&lt;p&gt;Total set weight = 360 kg&lt;/p&gt;\r\n\r\n&lt;p&gt;Made in Far East&lt;/p&gt;\r\n','','',''),(508,1,'42-50 Kg Life Fitness Rubber Dumbbell','&lt;p&gt;Set is comprised of 5 pairs of dumbbells:&lt;/p&gt;\r\n\r\n&lt;p&gt;&amp;nbsp;&lt;/p&gt;\r\n\r\n&lt;p&gt;&amp;nbsp; 42 kg x 2&lt;/p&gt;\r\n\r\n&lt;p&gt;&amp;nbsp; 44 kg x 2&lt;/p&gt;\r\n\r\n&lt;p&gt;&amp;nbsp; 46 kg x 2&lt;/p&gt;\r\n\r\n&lt;p&gt;&amp;nbsp; 48 kg x 2&lt;/p&gt;\r\n\r\n&lt;p&gt;&amp;nbsp; 50 kg x 2&lt;/p&gt;\r\n\r\n&lt;p&gt;&amp;nbsp;&lt;/p&gt;\r\n\r\n&lt;p&gt;Total set weight = 460 kg&lt;/p&gt;\r\n\r\n&lt;p&gt;Made in Far East&lt;/p&gt;\r\n','','',''),(509,1,'Signature 2 Tier Dumbbell Rack ','&lt;div&gt;§ Accommodates ten pairs of dumbbells&lt;/div&gt;\r\n\r\n&lt;div&gt;§Integrated labeling system for dumbbell placement&lt;/div&gt;\r\n\r\n&lt;div&gt;§Dimensions (L x W x H)90 in x 25 in x 33 in (229 cm x 64 cm x 84 cm)&lt;/div&gt;\r\n\r\n&lt;div&gt;§Weight275 lb (125 kg)&lt;/div&gt;\r\n\r\n&lt;div&gt;§Made in Europe&lt;/div&gt;\r\n','','',''),(510,1,'1-10kg Urethane Dumbbells with X Rack','&lt;div&gt;• 1 kg increment, 10 pairs&lt;/div&gt;\r\n\r\n&lt;div&gt;• Made in Far East&lt;/div&gt;\r\n','','',''),(511,1,'Life Fitness Rubber Olympic Disc Pack 157.5kg 14discs ','&lt;div&gt;•Two discs each: 1.25 kg, 2.5 kg, 5 kg, 10 kg, 15 kg, 20 kg, and 25 kg.&lt;/div&gt;\r\n\r\n&lt;div&gt;•Made in Far East&lt;/div&gt;\r\n','','',''),(512,1,'Life Fitness Rubber Olympic Disc Pack 315kg 28discs   ','&lt;div&gt;•Four discs each: 1.25 kg, 2.5 kg, 5 kg, 10 kg, 15 kg, 20 kg, and 25 kg.&lt;/div&gt;\r\n\r\n&lt;div&gt;§Made in Far East&lt;/div&gt;\r\n','','',''),(513,1,'Signature Olympic Weight Tree ','&lt;div&gt;•6 weight horns will accommodate up to 20 – 45 lb. weight plates&lt;/div&gt;\r\n\r\n&lt;div&gt;•Weight horn labels for assigned weight placement&lt;/div&gt;\r\n\r\n&lt;div&gt;•Dimensions (L x W x H)23 in x 27 in x 37 in (59 cm x 69 cm x 94 cm)&lt;/div&gt;\r\n\r\n&lt;div&gt;•Weight95 lb (44 kg)&lt;/div&gt;\r\n\r\n&lt;div&gt;•Made in Europe&lt;/div&gt;\r\n','','',''),(514,1,'Life Fitness Rubber Barbell Sets - Straight Handles  ','&lt;div&gt;• &amp;nbsp;10-20kg Hammer Rubber Barbell&amp;nbsp; Set (2.5kg increment, 5 units)&lt;/div&gt;\r\n\r\n&lt;div&gt;• Made in Far East&lt;/div&gt;\r\n\r\n&lt;div&gt;•&lt;/div&gt;\r\n','','',''),(515,1,'Life Fitness Rubber Barbell Sets - Straight Handles  ','&lt;div&gt;• &amp;nbsp;&amp;nbsp;25-45kg Hammer Rubber Barbell Set (5kg increment, 5 units)&lt;/div&gt;\r\n\r\n&lt;div&gt;• Made in Far East&lt;/div&gt;\r\n\r\n&lt;div&gt;•&lt;/div&gt;\r\n','','',''),(516,1,'Signature Barbell Rack   ','&lt;div&gt;§ Accommodates 10 barbells&lt;/div&gt;\r\n\r\n&lt;div&gt;§Molded urethane guards protect frame from paint chips and scratches&lt;/div&gt;\r\n\r\n&lt;div&gt;§Dimensions (L x W x H) 38 in x 33 in x 60 in (97 cm x 84 cm x 153 cm)&lt;/div&gt;\r\n\r\n&lt;div&gt;§ Made in Far East&lt;/div&gt;\r\n\r\n&lt;div&gt;•&lt;/div&gt;\r\n','','',''),(517,1,'Olympic Power Bar – 7','&lt;div&gt;§Made in Far East&lt;/div&gt;\r\n','','',''),(518,1,'Olympic Junior Bar – 5','&lt;div&gt;§Made in Far East&lt;/div&gt;\r\n','','',''),(519,1,'Olympic Curl Bar ','&lt;div&gt;§Made in Far East&lt;/div&gt;\r\n','','',''),(520,1,'Olympic Spring Collar each ','&lt;div&gt;§Made in Far East&lt;/div&gt;\r\n','','',''),(521,1,'Life Fitness Gym Balls ','&lt;div&gt;§ 55cm Life Fitness Anti-burst Gym Ball&lt;/div&gt;\r\n\r\n&lt;div&gt;§ 65cm Life Fitness Anti-burst Gym Ball&lt;/div&gt;\r\n\r\n&lt;div&gt;§ 75cm Life Fitness Anti-burst Gym Ball&lt;/div&gt;\r\n\r\n&lt;div&gt;§Made in Far East&lt;/div&gt;\r\n','','',''),(522,1,'Life Fitness MEDICINE Balls ','&lt;p&gt;The incredibly durable Life Fitness Medicine Ball can be used to provide resistance for both static and dynamic exercises. The long lasting textured surface makes it easy to hold, toss and catch. Not intended for ball “slams”.&lt;/p&gt;\r\n\r\n&lt;p&gt;Available in multiple weights to meet a variety of training needs&lt;/p&gt;\r\n\r\n&lt;div&gt;§ Medicine Ball Set (set includes 5 balls: 1 kg, 2 kg, 3 kg, 4 kg and 5 kg)&lt;/div&gt;\r\n\r\n&lt;div&gt;§ Medicine Ball Set (set includes 5 balls: 6 kg, 7 kg, 8 kg, 9 kg, and 10 kg)&lt;/div&gt;\r\n\r\n&lt;div&gt;§Made in Far East&lt;/div&gt;\r\n','','',''),(523,1,'Insignia Chest Press ','&lt;p&gt;Independent converging press arms produce a natural forward pressing movement for a superior feel.&lt;/p&gt;\r\n\r\n&lt;p&gt;Adjustable start positions allow users to control the range of motion from the seated position.&lt;/p&gt;\r\n\r\n&lt;p&gt;Dimensions (L x W x H)56.9 in x 43.3 in x 58.1 in (145 cm x 110 cm x 148 cm)&lt;/p&gt;\r\n\r\n&lt;p&gt;Weight721 lb (328 kg)&lt;/p&gt;\r\n\r\n&lt;p&gt;Weight Stack Weight in kgs130&lt;/p&gt;\r\n\r\n&lt;p&gt;Weight Stack Weight in lbs260&lt;/p&gt;\r\n\r\n&lt;div&gt;§Made in Europe&lt;/div&gt;\r\n','','',''),(524,1,'Insignia Shoulder Press  ','&lt;p&gt;Independent converging press arms create a natural overhead pressing movement for a superior feel.&lt;/p&gt;\r\n\r\n&lt;p&gt;Counterbalanced press arms minimize the starting resistance.&lt;/p&gt;\r\n\r\n&lt;p&gt;Neutral and pronated hand grips for exercise variety.&lt;/p&gt;\r\n\r\n&lt;div&gt;•Dimensions (L x W x H)56.8 in x 64.4 in x 72.8 in (145 cm x 164 cm x 185 cm)&lt;/div&gt;\r\n\r\n&lt;div&gt;•Weight657 lb (299 kg)&lt;/div&gt;\r\n\r\n&lt;div&gt;•Weight Stack Weight in kgs85 Weight Stack&lt;/div&gt;\r\n\r\n&lt;div&gt;•Weight in lbs170&lt;/div&gt;\r\n\r\n&lt;div&gt;§Made in Europe&lt;/div&gt;\r\n','','',''),(525,1,'Insignia Lat Pulldown ','&lt;p&gt;Independent diverging movement creates a natural downward pulling exercise path for a superior feel.&lt;/p&gt;\r\n\r\n&lt;p&gt;Defined path of motion provides an easy exercise experience.&lt;/p&gt;\r\n\r\n&lt;p&gt;Angled thigh pad is fixed for simple operation in thigh stabilization.&lt;/p&gt;\r\n\r\n&lt;div&gt;•Dimensions (L x W x H) 56.9 in x 55.6 in x 76.2 in (145 cm x 142 cm x 194 cm)&lt;/div&gt;\r\n\r\n&lt;div&gt;•Weight 689 lb (313 kg)&lt;/div&gt;\r\n\r\n&lt;div&gt;•Weight Stack Weight in kgs 130&lt;/div&gt;\r\n\r\n&lt;div&gt;§Heavy Weight Stack Weight in kgs 153&lt;/div&gt;\r\n\r\n&lt;div&gt;§ Made in Europe&lt;/div&gt;\r\n','','',''),(526,1,'Insignia Pec Fly / Rear Deltoid ','&lt;p&gt;Independent variables cams replicate the body\'s natural strength curve throughout the entire range-of-motion.&lt;/p&gt;\r\n\r\n&lt;p&gt;Articulating arms accommodate the varying arm lengths of different-sized users.&lt;/p&gt;\r\n\r\n&lt;p&gt;Accommodates two exercises into one machine.&lt;/p&gt;\r\n\r\n&lt;p&gt;Five pectoral fly start positions accommodate different users range of motion.&lt;/p&gt;\r\n\r\n&lt;div&gt;•Dimensions (L x W x H) 79.9 in x 77.6 in x 80.1 in (203 cm x 198 cm x 204 cm)&lt;/div&gt;\r\n\r\n&lt;div&gt;•Weight 657 lb (299 kg)&lt;/div&gt;\r\n\r\n&lt;div&gt;•Weight Stack Weight in kgs 130&lt;/div&gt;\r\n\r\n&lt;div&gt;§Heavy Weight Stack Weight in kgs 153&lt;/div&gt;\r\n\r\n&lt;div&gt;§ Made in Europe&lt;/div&gt;\r\n','','',''),(527,1,'Insignia Seated Row  ','&lt;p&gt;Independent diverging movement follows the natural path of movement for a superior feel.&lt;/p&gt;\r\n\r\n&lt;p&gt;Adjustable chest pad accommodates users of all sizes.&lt;/p&gt;\r\n\r\n&lt;p&gt;Centered fixed grip allows for stability during single arm exercises.&lt;/p&gt;\r\n\r\n&lt;p&gt;&amp;nbsp;&lt;/p&gt;\r\n\r\n&lt;div&gt;•Dimensions (L x W x H) 48.6 in x 55.1 in x 58.1 in (124 cm x 140 cm x 148 cm)&lt;/div&gt;\r\n\r\n&lt;div&gt;•Weight 635 lb (289 kg)&lt;/div&gt;\r\n\r\n&lt;div&gt;•Weight Stack Weight in kgs 130&lt;/div&gt;\r\n\r\n&lt;div&gt;§Heavy Weight Stack Weight in kgs 153&lt;/div&gt;\r\n\r\n&lt;div&gt;§ Made in Europe&lt;/div&gt;\r\n','','',''),(528,1,' Insignia Lateral Raise ','&lt;p&gt;Independent and variable cams replicate the body\'s natural strength curve throughout the entire range-of-motion.&lt;/p&gt;\r\n\r\n&lt;p&gt;Pad positions are optimized for middle deltoid muscle stimulation.&lt;/p&gt;\r\n\r\n&lt;p&gt;Pivoting handles accommodate users of all sizes.&lt;/p&gt;\r\n\r\n&lt;p&gt;Counterbalanced arms for lowering starting resistance.&lt;/p&gt;\r\n\r\n&lt;p&gt;&amp;nbsp;&lt;/p&gt;\r\n\r\n&lt;p&gt;&amp;nbsp;&lt;/p&gt;\r\n\r\n&lt;div&gt;•Dimensions (L x W x H) 51.4 in x 52.5 in x 58.1 in (131 cm x 134 cm x 148 cm)&lt;/div&gt;\r\n\r\n&lt;div&gt;•Weight 555 lb (252 kg)&lt;/div&gt;\r\n\r\n&lt;div&gt;•Weight Stack Weight in kgs 85&lt;/div&gt;\r\n\r\n&lt;div&gt;§Heavy Weight Stack Weight in kgs 100&lt;/div&gt;\r\n\r\n&lt;div&gt;§ Made in Europe&lt;/div&gt;\r\n','','',''),(529,1,'Insignia Biceps Curl ','&lt;p&gt;Upper arm pads are configured to align elbow with axis of rotation.&lt;/p&gt;\r\n\r\n&lt;p&gt;Independent arms allow for exercise variety.&lt;/p&gt;\r\n\r\n&lt;p&gt;Handles pivot automatically to fit all forearm lengths.&lt;/p&gt;\r\n\r\n&lt;p&gt;&amp;nbsp;&lt;/p&gt;\r\n\r\n&lt;div&gt;•Dimensions (L x W x H) 47.9 in x 62.7 in x 58.1 in (122 cm x 160 cm x 148 cm)&lt;/div&gt;\r\n\r\n&lt;div&gt;•Weight 550 lb (250 kg)&lt;/div&gt;\r\n\r\n&lt;div&gt;•Weight Stack Weight in kgs 85&lt;/div&gt;\r\n\r\n&lt;div&gt;§Heavy Weight Stack Weight in kgs 100&lt;/div&gt;\r\n\r\n&lt;div&gt;§ Made in Europe&lt;/div&gt;\r\n','','',''),(530,1,'Insignia Tricep Press ','&lt;p&gt;Angled back pad provides stabilization without the need for a seatbelt.&amp;nbsp;&lt;/p&gt;\r\n\r\n&lt;p&gt;Oversized pressing handles and traditional dip-style handles rotate in two positions, providing size adaptability and exercise variety.&lt;/p&gt;\r\n\r\n&lt;p&gt;Easy access allows all users to comfortably perform the exercise.&lt;/p&gt;\r\n\r\n&lt;p&gt;&amp;nbsp;&lt;/p&gt;\r\n\r\n&lt;p&gt;&amp;nbsp;&lt;/p&gt;\r\n\r\n&lt;div&gt;•Dimensions (L x W x H) 53.1 in x 43.7 in x 58.1 in (135 cm x 111 cm x 148 cm)&lt;/div&gt;\r\n\r\n&lt;div&gt;•Weight 607 lb (276 kg)&lt;/div&gt;\r\n\r\n&lt;div&gt;•Weight Stack Weight in kgs 130&lt;/div&gt;\r\n\r\n&lt;div&gt;§Heavy Weight Stack Weight in kgs 153&lt;/div&gt;\r\n\r\n&lt;div&gt;§ Made in Europe&lt;/div&gt;\r\n','','',''),(532,1,'Insignia Series Leg Press','&lt;p&gt;Upright exercise position is especially applicable to a novice or deconditioned user.&amp;nbsp;&lt;/p&gt;\r\n\r\n&lt;p&gt;Force is transmitted through the user\'s hips, eliminating spinal compression.&lt;/p&gt;\r\n\r\n&lt;p&gt;Adjustable seat carriage accommodates a variety of user sizes and desired range-of-motions, and is easily adjusted from the seated position.&lt;/p&gt;\r\n\r\n&lt;div&gt;§Dimensions (L x W x H)44.8 in x 79.1 in x 64.7 in (114 cm x 201 cm x 165 cm)&lt;/div&gt;\r\n\r\n&lt;div&gt;§Weight1,000 lb (454 kg)&lt;/div&gt;\r\n\r\n&lt;div&gt;§ Weight Stack Weight in kgs168&lt;/div&gt;\r\n\r\n&lt;div&gt;§Weight Stack Weight in lbs335&lt;/div&gt;\r\n\r\n&lt;div&gt;§Made in Europe&lt;/div&gt;\r\n','','',''),(533,1,'Insignia Leg Extension','&lt;div&gt;•100-degree angle between seat and back pad increases comfort and encourages full quadriceps contraction without hamstring flexibility limitations.&lt;br /&gt;\r\nBack pad, tibia pad and range-of-motion adjustments are easily accessible from a seated position.&lt;/div&gt;\r\n\r\n&lt;div&gt;•Handles position at side to provide stability.&lt;/div&gt;\r\n\r\n&lt;div&gt;§Dimensions (L x W x H)41.5 in x 65.5 in x 58.2 in (106 cm x 167 cm x 148 cm)&lt;/div&gt;\r\n\r\n&lt;div&gt;§Weight712 lb (323 kg)&lt;/div&gt;\r\n\r\n&lt;div&gt;§Weight Stack Weight in kgs130&lt;/div&gt;\r\n\r\n&lt;div&gt;§Weight Stack Weight in lbs260&lt;/div&gt;\r\n\r\n&lt;div&gt;§Made in Europe&lt;/div&gt;\r\n','','',''),(534,1,'Insignia Seated Leg Curl ','&lt;p&gt;Variable cam replicates the body\'s natural strength curve throughout the entire range-of-motion.&lt;/p&gt;\r\n\r\n&lt;p&gt;Back pad, tibia pad, thigh pad, and range-of-motion adjustments are easily accessible from a seated position.&lt;/p&gt;\r\n\r\n&lt;p&gt;Handles are positioned on top of the thigh pad to provide stability.&lt;/p&gt;\r\n\r\n&lt;div&gt;•&lt;/div&gt;\r\n\r\n&lt;div&gt;§Dimensions (L x W x H) 61.3 in x 39.8 in x 58.1 in (156 cm x 102 cm x 148 cm)&lt;/div&gt;\r\n\r\n&lt;div&gt;§Weight 741 lb (337 kg)&lt;/div&gt;\r\n\r\n&lt;div&gt;§Weight Stack Weight in kgs130&lt;/div&gt;\r\n\r\n&lt;div&gt;§Heavy Weight Stack Weight in kgs&amp;nbsp; 153&lt;/div&gt;\r\n\r\n&lt;div&gt;§Made in Europe&lt;/div&gt;\r\n','','',''),(535,1,'Insignia Prone Leg Curl','&lt;p&gt;&amp;nbsp;Diverging hip and chest pad angle minimizes lower back stress and helps maintain proper body alignment.&lt;/p&gt;\r\n\r\n&lt;p&gt;Variable cam replicates the body\'s natural strength curve throughout the entire range of motion.&lt;/p&gt;\r\n\r\n&lt;p&gt;Push button adjustments allow simple one-handed adjustments.&lt;/p&gt;\r\n\r\n&lt;p&gt;8 start positions in 10-degree increments accommodate users with varying range-of-motion capabilities.&lt;/p&gt;\r\n\r\n&lt;p&gt;S-M-L-XL roller pad adjustment positions accommodate different-sized users.&lt;/p&gt;\r\n\r\n&lt;div&gt;•Dimensions (L x W x H)62.6 in x 41.7 in x 58.1 in (160 cm x 106 cm x 148 cm)&lt;/div&gt;\r\n\r\n&lt;div&gt;•Weight562 lb (255 kg)&lt;/div&gt;\r\n\r\n&lt;div&gt;• Weight Stack Weight in kgs85&lt;/div&gt;\r\n\r\n&lt;div&gt;•Weight Stack Weight in lbs170&lt;/div&gt;\r\n\r\n&lt;div&gt;§Made in Europe&lt;/div&gt;\r\n','','',''),(536,1,'Insignia Seated Calf Extension ','&lt;p&gt;Foot plate rotates through a natural arc of motion.&lt;/p&gt;\r\n\r\n&lt;p&gt;Convenient seat height aids in the easy entry and exit from machine.&lt;/p&gt;\r\n\r\n&lt;p&gt;Molded rubber foot plate ensures balanced foot position and encourages multiple repetitions.&lt;/p&gt;\r\n\r\n&lt;div&gt;•Dimensions (L x W x H) 70.3 in x 41.5 in x 58.1 in (179 cm x 106 cm x 148 cm)&lt;/div&gt;\r\n\r\n&lt;div&gt;•Weight 770 lb (350 kg)&lt;/div&gt;\r\n\r\n&lt;div&gt;• Weight Stack Weight in kgs 168&lt;/div&gt;\r\n\r\n&lt;div&gt;•Heavy Weight Stack Weight in kgs 198&lt;/div&gt;\r\n\r\n&lt;div&gt;§Made in Europe&lt;/div&gt;\r\n','','',''),(537,1,'Insignia Hip Adduction ','&lt;div&gt;§Ratcheting mechanism allows users to adjust start position in 10-degree increments.&amp;nbsp;&lt;/div&gt;\r\n\r\n&lt;div&gt;§Kneed pads and dual foot positions provide leg support and reduced torque around the knees.&lt;/div&gt;\r\n\r\n&lt;div&gt;§Elevated weight stack is easily accessible from the seated position.&lt;/div&gt;\r\n\r\n&lt;div&gt;§Dimensions (L x W x H)49.8 in x 62.6 in x 58.2 in (127 cm x 160 cm x 148 cm)&lt;/div&gt;\r\n\r\n&lt;div&gt;§Weight728 lb (331 kg)&lt;/div&gt;\r\n\r\n&lt;div&gt;§Weight Stack Weight in kgs130&lt;/div&gt;\r\n\r\n&lt;div&gt;§Weight Stack Weight in lbs260&lt;/div&gt;\r\n\r\n&lt;div&gt;§Weight Stack Weight in kgs153&lt;/div&gt;\r\n\r\n&lt;div&gt;§Heavy Weight Stack Weight in lbs305&lt;/div&gt;\r\n\r\n&lt;div&gt;§Made in Europe&lt;/div&gt;\r\n','','',''),(538,1,'Insignia Hip Abduction  ','&lt;div&gt;§Adjustable start position facilitates easy entry and exit.&lt;/div&gt;\r\n\r\n&lt;div&gt;§Knee pads and dual foot positions provide leg support and reduce torque around the knees.&lt;/div&gt;\r\n\r\n&lt;div&gt;§Elevated weight stack is easily accessible from a seated position.&lt;/div&gt;\r\n\r\n&lt;div&gt;§Dimensions (L x W x H)49.8 in x 62.6 in x 58.1 in (127 cm x 160 cm x 148 cm)&lt;/div&gt;\r\n\r\n&lt;div&gt;§Weight728 lb (331 kg)&lt;/div&gt;\r\n\r\n&lt;div&gt;§Weight Stack Weight in kgs130&lt;/div&gt;\r\n\r\n&lt;div&gt;§Weight Stack Weight in lbs260&lt;/div&gt;\r\n\r\n&lt;div&gt;§Heavy Weight Stack Weight in kgs153&lt;/div&gt;\r\n\r\n&lt;div&gt;§Heavy Weight Stack Weight in lbs305&lt;/div&gt;\r\n\r\n&lt;div&gt;§Made in Europe&lt;/div&gt;\r\n','','',''),(540,1,'Insignia Back Extension ','&lt;p&gt;Two-foot supports accommodate both taller and shorter users.&lt;/p&gt;\r\n\r\n&lt;p&gt;Lumber pad helps users easily find the correct position relative to the axis of rotation.&lt;/p&gt;\r\n\r\n&lt;p&gt;5-position adjustable start mechanism accommodates each individual\'s range of motion.&lt;/p&gt;\r\n\r\n&lt;div&gt;§&lt;/div&gt;\r\n\r\n&lt;div&gt;§Dimensions (L x W x H) 58.5 in x 41.8 in x 58.1 in (149 cm x 107 cm x 148 cm)&lt;/div&gt;\r\n\r\n&lt;div&gt;§Weight 627 lb (285 kg)&lt;/div&gt;\r\n\r\n&lt;div&gt;§Weight Stack Weight in kgs 130&lt;/div&gt;\r\n\r\n&lt;div&gt;§Heavy Weight Stack Weight in kgs 153&lt;/div&gt;\r\n\r\n&lt;div&gt;§Made in Europe&lt;/div&gt;\r\n','','',''),(541,1,'Insignia Torso Rotation','&lt;p&gt;Unique design allows for easy entry and exit.&lt;/p&gt;\r\n\r\n&lt;p&gt;Adjustable chest pad accommodates users of all sizes.&lt;/p&gt;\r\n\r\n&lt;p&gt;Handles and knee supports provide stabilization.&lt;/p&gt;\r\n\r\n&lt;p&gt;Kneeling position minimizes lower back stress.&lt;/p&gt;\r\n\r\n&lt;div&gt;•Dimensions (L x W x H)50.2 in x 41.3 in x 61.9 in (128 cm x 105 cm x 158 cm)&lt;/div&gt;\r\n\r\n&lt;div&gt;•Weight568 lb (258 kg)&lt;/div&gt;\r\n\r\n&lt;div&gt;•Weight Stack Weight in kgs85&lt;/div&gt;\r\n\r\n&lt;div&gt;•Weight Stack Weight in lbs170&lt;/div&gt;\r\n\r\n&lt;div&gt;•Made in Europe&lt;/div&gt;\r\n','','',''),(542,1,' Insignia Back Extension ','&lt;p&gt;Upper body position is comfortable and non-intimidating.&lt;/p&gt;\r\n\r\n&lt;p&gt;Adjustable torso pad accommodates users of all sizes.&lt;/p&gt;\r\n\r\n&lt;p&gt;Linear design maximizes full range of motion for muscle stimulation.&lt;/p&gt;\r\n\r\n&lt;p&gt;&amp;nbsp;&lt;/p&gt;\r\n\r\n&lt;div&gt;§&lt;/div&gt;\r\n\r\n&lt;div&gt;§Dimensions (L x W x H) 73 in x 38.4 in x 58.1 in (186 cm x 98 cm x 148 cm)&lt;/div&gt;\r\n\r\n&lt;div&gt;§Weight 541 lb (246 kg)&lt;/div&gt;\r\n\r\n&lt;div&gt;§Weight Stack Weight in kgs 85&lt;/div&gt;\r\n\r\n&lt;div&gt;§Heavy Weight Stack Weight in kgs 100&lt;/div&gt;\r\n\r\n&lt;div&gt;§Made in Europe&lt;/div&gt;\r\n','','',''),(543,1,'Multi Gym','&lt;div&gt;• Three weight stacks enable use by up to three users at the same time&lt;/div&gt;\r\n\r\n&lt;div&gt;•Exercises covered:&lt;/div&gt;\r\n\r\n&lt;div&gt;•Chest Press&amp;nbsp; Incline Press&amp;nbsp; Shoulder Press&lt;/div&gt;\r\n\r\n&lt;div&gt;•Leg Curl&amp;nbsp; Leg Extension&amp;nbsp; Row&lt;/div&gt;\r\n\r\n&lt;div&gt;•Pulldown&amp;nbsp; Standing Biceps&amp;nbsp; Standing Triceps&lt;/div&gt;\r\n\r\n&lt;div&gt;•Standing Shrugs&lt;/div&gt;\r\n\r\n&lt;div&gt;• Users can efficiently perform a total-body workout with easy adjustments between exercises&lt;/div&gt;\r\n\r\n&lt;div&gt;• Corner unit design for maximum space optimization&lt;/div&gt;\r\n\r\n&lt;div&gt;• Machine Weight 1255 lbs (570 kg)&lt;/div&gt;\r\n\r\n&lt;div&gt;• Weight Stack 3 x 210 lbs (3 x 95 kg)&lt;/div&gt;\r\n\r\n&lt;div&gt;• Dimensions (L x W x H) 102&quot; x 102&quot; x 85&quot; (229 cm x 229 cm x 216 cm)&lt;/div&gt;\r\n\r\n&lt;div&gt;• Made in Far East&lt;/div&gt;\r\n','','',''),(544,1,'Multi-Jungle 4-Weight Stack (Made in USA) ','&lt;div&gt;• Exercise Your options with our custom built cable motion multi jungles. Your choices have never been better. Custom configure the placement of four modular tower platform and up to ten different training stations in a way that meets your space requirements, facility’s&amp;nbsp; unique image, and user’s needs.&lt;/div&gt;\r\n\r\n&lt;div&gt;•MJ4 &amp;nbsp; 4-Stack Tower Multi Jungle&lt;/div&gt;\r\n\r\n&lt;div&gt;•MJAP &amp;nbsp; Adjustable Pulley&lt;/div&gt;\r\n\r\n&lt;div&gt;•MJRW &amp;nbsp; Row&lt;/div&gt;\r\n\r\n&lt;div&gt;•MJTP &amp;nbsp; Triceps Pushdown&lt;/div&gt;\r\n\r\n&lt;div&gt;•MJLP &amp;nbsp; Lat Pulldown&lt;/div&gt;\r\n\r\n&lt;div&gt;•Dimensions (L x W x H) 143.5” x 74 “ 94”&lt;/div&gt;\r\n\r\n&lt;div&gt;§Made in USA&lt;/div&gt;\r\n','','',''),(545,1,'Multi-Jungle 8-Weight Stack ','&lt;div&gt;§Up to eight individuals can workout simultaneously&lt;/div&gt;\r\n\r\n&lt;div&gt;§Available stations include: Triceps Pushdown, Lat Pulldown, Dual Pulley Pulldown, Row, Dual Pulley Row, Adjustable Pulley, Fix Pulley Cable Crossover, Adjustable Pulley Cable Crossover&lt;/div&gt;\r\n\r\n&lt;div&gt;§MJ4 &amp;nbsp; 8-Stack Tower Multi Jungle&lt;/div&gt;\r\n\r\n&lt;div&gt;§MJLP &amp;nbsp; Lat Pulldown&lt;/div&gt;\r\n\r\n&lt;div&gt;§MJAXO &amp;nbsp; Adjustable Cable Crossover&lt;/div&gt;\r\n\r\n&lt;div&gt;§MJRW &amp;nbsp; Row&lt;/div&gt;\r\n\r\n&lt;div&gt;§MJTP &amp;nbsp; Triceps Pushdown&lt;/div&gt;\r\n\r\n&lt;div&gt;§MJLPD &amp;nbsp; Dual Pulley Pulldown&lt;/div&gt;\r\n\r\n&lt;div&gt;§MJAP &amp;nbsp; Adjustable Pulley&lt;/div&gt;\r\n\r\n&lt;div&gt;§MJRWD &amp;nbsp; Dual Pulley Row&lt;/div&gt;\r\n\r\n&lt;div&gt;§Made in USA&lt;/div&gt;\r\n','','',''),(546,1,'Signature Dual Adjustable Pully','&lt;div&gt;§ 1:4 resistance level on weight stack provides lower starting resistance ideal for less experienced users. Also allows for higher speed movements that are suitable for sport-specific training&lt;/div&gt;\r\n\r\n&lt;div&gt;§ Dual roller mechanism or pulley housing provides a smooth and easy adjustment. 20 adjustment positions per column create a wide variety of exercises&lt;/div&gt;\r\n\r\n&lt;div&gt;§ Standard accessory kit with 9 different handles, an instructional poster and instructional CD provide all the training tools necessary for a complete strength training program&lt;/div&gt;\r\n\r\n&lt;div&gt;§ Attachments Include: 2 Short Strap Handles, 2 Long Strap Handles, 1 Ankle Strap, 1 Leg Extension/Leg Curl Strap, 1 Long Bar, 1 Short Bar (a.k.a. Sport Bar), 1 Triceps Rope, Waist Belt&amp;nbsp;&lt;/div&gt;\r\n\r\n&lt;div&gt;§ Manufacturer REQUIRES that this product be secured to the floor&amp;nbsp;when used with body weight strap training products&amp;nbsp;to stabilize and eliminate rocking or tipping over.&lt;/div&gt;\r\n\r\n&lt;div&gt;§ Dimensions (L x W x H)44 in x 62 in x 95 in (112 cm x 158 cm x 242 cm)Weight1,265 lb (574 kg)&lt;/div&gt;\r\n\r\n&lt;div&gt;§ Weight Stack Weight in kgs195 kg&lt;/div&gt;\r\n\r\n&lt;div&gt;§ Weight Stack Weight in lbs390 lb&lt;/div&gt;\r\n\r\n&lt;div&gt;§ Made in Europe&lt;/div&gt;\r\n','','',''),(547,1,'Signature Cable Cross Over Pully','&lt;div&gt;• Each weight stack gives your exercisers a 1:2 resistance ratio.&lt;/div&gt;\r\n\r\n&lt;div&gt;•Unit shown is configured with adjustable pulleys (Also available with fixed pulleys, CMFCO)&lt;/div&gt;\r\n\r\n&lt;div&gt;•Dimensions (L x W x H)28.5 in x 167 in x 94 in (73 cm x 425 cm x 239 cm)&lt;/div&gt;\r\n\r\n&lt;div&gt;•Weight980 lb (445 kg)&lt;/div&gt;\r\n\r\n&lt;div&gt;•Weight Stack Weight in kgs95 kg&lt;/div&gt;\r\n\r\n&lt;div&gt;•Weight Stack Weight in lbs190 lb&lt;/div&gt;\r\n\r\n&lt;div&gt;§Made in Europe&lt;/div&gt;\r\n','','',''),(548,1,'Optima Chest Press','&lt;div&gt;•Large grips for a more comfortable pressing motion&lt;/div&gt;\r\n\r\n&lt;div&gt;•&lt;/div&gt;\r\n\r\n&lt;div&gt;• 7 position seat height adjustment to accommodate a wide range of user heights&lt;/div&gt;\r\n\r\n&lt;div&gt;•Dimensions (L x W x H) 38 in x 50 in x 57 in (97 cm x 127 cm x 145 cm)&lt;/div&gt;\r\n\r\n&lt;div&gt;•Weight 439 lb (200 kg)&lt;/div&gt;\r\n\r\n&lt;div&gt;•Weight Stack Weight in kgs92&lt;/div&gt;\r\n\r\n&lt;div&gt;•Made in Europe&lt;/div&gt;\r\n','','',''),(549,1,'Optima Shoulder Press ','&lt;div&gt;• Large grips for a more comfortable pressing motion&lt;/div&gt;\r\n\r\n&lt;div&gt;•&lt;/div&gt;\r\n\r\n&lt;div&gt;• 7 position seat height adjustment to accommodate a wide range of user heights&lt;/div&gt;\r\n\r\n&lt;div&gt;•&lt;/div&gt;\r\n\r\n&lt;div&gt;•Counter balanced work arm for low starting resistance&lt;/div&gt;\r\n\r\n&lt;p&gt;Machine Weight:&amp;nbsp;224 kg&lt;/p&gt;\r\n\r\n&lt;p&gt;Weight Stack:&amp;nbsp;92kg&lt;/p&gt;\r\n\r\n&lt;p&gt;Dimensions:&amp;nbsp;(L x W x H): 152 cm x 140 cm x 145 cm&lt;/p&gt;\r\n\r\n&lt;div&gt;§Made in Europe&lt;/div&gt;\r\n','','',''),(550,1,'Optima Series Lat Pulldown','&lt;div&gt;• 7 position seat height adjustment to accommodate a wide range of user heights&lt;/div&gt;\r\n\r\n&lt;div&gt;•&lt;/div&gt;\r\n\r\n&lt;div&gt;• Angled thigh hold down pads for stability and comfort&lt;/div&gt;\r\n\r\n&lt;div&gt;•&lt;/div&gt;\r\n\r\n&lt;div&gt;• Counter balanced work arm for low starting resistance&lt;/div&gt;\r\n\r\n&lt;div&gt;•Dimensions (L x W x H)63 in x 54 in x 73 in (161 cm x 138 cm x 186 cm)&lt;/div&gt;\r\n\r\n&lt;div&gt;•Weight489 lb (222 kg)&lt;/div&gt;\r\n\r\n&lt;div&gt;•Weight Stack Weight in kgs92&lt;/div&gt;\r\n\r\n&lt;div&gt;•Weight Stack Weight in lbs202&lt;/div&gt;\r\n\r\n&lt;div&gt;§Made in Europe&lt;/div&gt;\r\n','','',''),(551,1,'Optima Series Seated Row','&lt;div&gt;§ Self-adjusting handles with vertical and horizontal grips to accommodate a wide range of arm lengths&lt;/div&gt;\r\n\r\n&lt;div&gt;§Non-skid foot platforms for proper body positioning&lt;/div&gt;\r\n\r\n&lt;div&gt;§No chest pad to accommodate both a female and male user&lt;/div&gt;\r\n\r\n&lt;div&gt;§Dimensions (L x W x H)65 in x 39 in x 57 in (166 cm x 100 cm x 145 cm)&lt;/div&gt;\r\n\r\n&lt;div&gt;§Weight439 lb (200 kg)&lt;/div&gt;\r\n\r\n&lt;div&gt;§Weight Stack Weight in kgs92&lt;/div&gt;\r\n\r\n&lt;div&gt;§Weight Stack Weight in lbs202&lt;/div&gt;\r\n\r\n&lt;div&gt;§Made in Europe&lt;/div&gt;\r\n','','',''),(552,1,'Optima Series Pec Fly &amp; Rear Deltoid','&lt;div&gt;•&amp;nbsp; Handles rotate to accommodate different users\' arm lengths&lt;/div&gt;\r\n\r\n&lt;div&gt;• Accommodates different size users without the need for adjustment between exercises&lt;/div&gt;\r\n\r\n&lt;div&gt;• Independent arms optimize variety and feel&lt;/div&gt;\r\n\r\n&lt;div&gt;• Dimensions (L x W x H)61 in x 60 in x 57 in (155 cm x 153 cm x 145 cm)&lt;/div&gt;\r\n\r\n&lt;div&gt;• Weight425 lb (193 kg)&lt;/div&gt;\r\n\r\n&lt;div&gt;• Weight Stack Weight in kgs 92&lt;/div&gt;\r\n\r\n&lt;div&gt;• Weight Stack Weight in lbs 202&lt;/div&gt;\r\n\r\n&lt;div&gt;§ Made in Europe&lt;/div&gt;\r\n\r\n&lt;div&gt;§&lt;/div&gt;\r\n','','',''),(553,1,'Optima Series Bicep Curl ','&lt;div&gt;§&amp;nbsp; Self-aligning handles to accommodate a wide range of forearm lengths&lt;/div&gt;\r\n\r\n&lt;div&gt;§7 position seat height adjustment to accommodate a wide range of user heights&lt;/div&gt;\r\n\r\n&lt;div&gt;§Counter balanced work arm for low starting resistance&lt;/div&gt;\r\n\r\n&lt;div&gt;§Dimensions (L x W x H)742 in x 36 in x 57 in (1,885 cm x 92 cm x 145 cm)&lt;/div&gt;\r\n\r\n&lt;div&gt;§Weight370 lb (168 kg)&lt;/div&gt;\r\n\r\n&lt;div&gt;§Weight Stack Weight in kgs64&lt;/div&gt;\r\n\r\n&lt;div&gt;§Weight Stack Weight in lbs142&lt;/div&gt;\r\n\r\n&lt;div&gt;§ Made in Europe&lt;/div&gt;\r\n\r\n&lt;div&gt;§&lt;/div&gt;\r\n','','',''),(554,1,'Optima Series Tricep Extension  ','&lt;div&gt;§&amp;nbsp; Self-aligning handles to accommodate a wide range of forearm lengths&lt;/div&gt;\r\n\r\n&lt;div&gt;§7 position seat height adjustment to accommodate a wide range of user heights&lt;/div&gt;\r\n\r\n&lt;div&gt;§Foot placement pegs for proper body positioning&lt;/div&gt;\r\n\r\n&lt;div&gt;§Counter balanced work-arm for low starting resistance&lt;/div&gt;\r\n\r\n&lt;div&gt;§Machine Weight:&amp;nbsp;168 kg&lt;/div&gt;\r\n\r\n&lt;div&gt;§Weight Stack:&amp;nbsp;64kg&lt;/div&gt;\r\n\r\n&lt;div&gt;§Dimensions:&amp;nbsp;(L x W x H) 104 cm x 91 cm x 146 cm&lt;/div&gt;\r\n\r\n&lt;div&gt;§ Made in Europe&lt;/div&gt;\r\n\r\n&lt;div&gt;§&lt;/div&gt;\r\n','','',''),(555,1,'Optima Series Abdominal','&lt;div&gt;• Easy to grasp, flexible handles&lt;/div&gt;\r\n\r\n&lt;div&gt;• Foot placement pegs for proper body positioning&lt;/div&gt;\r\n\r\n&lt;div&gt;• Dimensions (L x W x H)50 in x 39 in x 57 in (127 cm x 100 cm x 145 cm)&lt;/div&gt;\r\n\r\n&lt;div&gt;• Weight350 lb (159 kg)&lt;/div&gt;\r\n\r\n&lt;div&gt;• Weight Stack Weight in kgs 64&lt;/div&gt;\r\n\r\n&lt;div&gt;• Weight Stack Weight in lbs 142&lt;/div&gt;\r\n\r\n&lt;div&gt;• Made in Europe&lt;/div&gt;\r\n\r\n&lt;div&gt;§&lt;/div&gt;\r\n','','',''),(556,1,'Optima Series Seated Leg Curl ','&lt;div&gt;§ Horizontal, lying design for a natural feeling movement&lt;/div&gt;\r\n\r\n&lt;div&gt;§Easy to adjust, 4 position lower leg adjustment accommodates a wide range of user heights&lt;/div&gt;\r\n\r\n&lt;div&gt;§Machine Weight:&amp;nbsp;175 kg&lt;/div&gt;\r\n\r\n&lt;div&gt;§Weight Stack:&amp;nbsp;92kg&lt;/div&gt;\r\n\r\n&lt;div&gt;§Dimensions:&amp;nbsp;(L x W x H) 152 cm x 99 cm x 145 cm&lt;/div&gt;\r\n\r\n&lt;div&gt;§ Made in Europe&lt;/div&gt;\r\n\r\n&lt;div&gt;§&lt;/div&gt;\r\n','','',''),(557,1,'Optima Series Leg Extension ','&lt;div&gt;§ Center drive design provides a simple, natural feeling movement&lt;/div&gt;\r\n\r\n&lt;div&gt;§Easy to adjust, 4 position tibia roller pad adjustment and 7 position back pad adjustment&lt;/div&gt;\r\n\r\n&lt;div&gt;§Machine Weight:&amp;nbsp;190 kg&lt;/div&gt;\r\n\r\n&lt;div&gt;§Weight Stack:&amp;nbsp;92kg&lt;/div&gt;\r\n\r\n&lt;div&gt;§Dimensions:&amp;nbsp;(L x W x H) 150 cm x 104 cm x 145 cm&lt;/div&gt;\r\n\r\n&lt;div&gt;§ Made in Europe&lt;/div&gt;\r\n\r\n&lt;div&gt;§&lt;/div&gt;\r\n','','',''),(558,1,'Optima Series Leg Press','&lt;div&gt;• Oversized, non-skid foot platform&lt;/div&gt;\r\n\r\n&lt;div&gt;• 11 position back pad adjustment to accommodate a wide range of user heights&lt;/div&gt;\r\n\r\n&lt;div&gt;• Oversized seat pad for added comfort&lt;/div&gt;\r\n\r\n&lt;div&gt;• Dimensions (L x W x H)81 in x 40 in x 69 in (206 cm x 102 cm x 176 cm)&lt;/div&gt;\r\n\r\n&lt;div&gt;• Weight566 lb (257 kg)&lt;/div&gt;\r\n\r\n&lt;div&gt;• Weight Stack Weight in kgs101Weight Stack Weight in lbs222&lt;/div&gt;\r\n\r\n&lt;div&gt;§ Made in Europe&lt;/div&gt;\r\n','','',''),(559,1,'Optima Series Multi-Press  ','&lt;p&gt;&amp;nbsp;Adjustable press arm keeps the user in a favorable vertical position for all exercises&lt;/p&gt;\r\n\r\n&lt;p&gt;Press arm adjusts easily with a single gas assisted adjustment&lt;/p&gt;\r\n\r\n&lt;p&gt;Adjustable seat accommodates varying user heights&lt;/p&gt;\r\n\r\n&lt;div&gt;§&lt;/div&gt;\r\n\r\n&lt;div&gt;§Dimensions (L x W x H) 55 in x 68 in x 71 in (140 cm x 173 cm x 181 cm)&lt;/div&gt;\r\n\r\n&lt;div&gt;§Weight 514 lb (234 kg)&lt;/div&gt;\r\n\r\n&lt;div&gt;§Weight Stack 92 Kg&lt;/div&gt;\r\n\r\n&lt;div&gt;§ Made in Europe&lt;/div&gt;\r\n\r\n&lt;div&gt;§&lt;/div&gt;\r\n','','',''),(560,1,'Optima Series Biceps / Triceps ','&lt;div&gt;§ Easy entry and exit, with no adjustments between exercises&lt;/div&gt;\r\n\r\n&lt;div&gt;§Cabled at a 1:1 ratio for an effective user resistance that is equal to the weight stack&lt;/div&gt;\r\n\r\n&lt;div&gt;§Dimensions (L x W x H)60 in x 34 in x 81 in (153 cm x 87 cm x 206 cm)&lt;/div&gt;\r\n\r\n&lt;div&gt;§Weight337 lb (153 kg)&lt;/div&gt;\r\n\r\n&lt;div&gt;§Weight Stack Weight in kgs64&lt;/div&gt;\r\n\r\n&lt;div&gt;§Weight Stack Weight in lbs142&lt;/div&gt;\r\n\r\n&lt;div&gt;§ Made in Europe&lt;/div&gt;\r\n\r\n&lt;div&gt;§&lt;/div&gt;\r\n','','',''),(561,1,'Optima Series Low Row and Pulldown ','&lt;div&gt;§ Provides two traditional back exercise movements, targeting the entire back and rear shoulders muscle groups&lt;/div&gt;\r\n\r\n&lt;div&gt;§Angled roller pads comfortably accommodate differently sized users without the need for additional adjustments&lt;/div&gt;\r\n\r\n&lt;div&gt;§Dimensions (L x W x H)79 in x 50 in x 87 in (201 cm x 127 cm x 221 cm)&lt;/div&gt;\r\n\r\n&lt;div&gt;§Weight440 lb (200 kg)&lt;/div&gt;\r\n\r\n&lt;div&gt;§Weight Stack Weight in kgs92&lt;/div&gt;\r\n\r\n&lt;div&gt;§Weight Stack Weight in lbs202&lt;/div&gt;\r\n\r\n&lt;div&gt;§ Made in Europe&lt;/div&gt;\r\n\r\n&lt;div&gt;§&lt;/div&gt;\r\n','','',''),(562,1,'Optima Series Hip Adduction and Hip Abduction','&lt;div&gt;• Durable dual-resistance mechanism and swivel pads allow user to work both inner and outer thighs&lt;/div&gt;\r\n\r\n&lt;div&gt;•Simple single adjustment for 10-degree increments allows users a comfortable range-of-motion start position&lt;/div&gt;\r\n\r\n&lt;div&gt;• Tower is positioned in front to provide privacy for the user&lt;/div&gt;\r\n\r\n&lt;div&gt;•Dimensions (L x W x H)66 in x 66 in x 57 in (168 cm x 168 cm x 145 cm)&lt;/div&gt;\r\n\r\n&lt;div&gt;• Weight425 lb (193 kg)&lt;/div&gt;\r\n\r\n&lt;div&gt;• Weight Stack Weight in kgs64&lt;/div&gt;\r\n\r\n&lt;div&gt;• Weight Stack Weight in lbs142&lt;/div&gt;\r\n\r\n&lt;div&gt;• Made in Europe&lt;/div&gt;\r\n','','',''),(563,1,'Optima Series Leg Extension &amp; Leg Curl','&lt;p&gt;&amp;nbsp;User can quickly transition between exercises with one easy spring assisted adjustment&lt;/p&gt;\r\n\r\n&lt;p&gt;Back and tibia pad adjustment easily adjust for a custom fit for users of all sizes&lt;/p&gt;\r\n\r\n&lt;div&gt;•&lt;/div&gt;\r\n\r\n&lt;div&gt;•Dimensions (L x W x H) 64 in x 40 in x 57 in (163 cm x 102 cm x 145 cm)&lt;/div&gt;\r\n\r\n&lt;div&gt;• Weight 437 lb (199 kg)&lt;/div&gt;\r\n\r\n&lt;div&gt;• Weight Stack Weight in kgs 92 kg&lt;/div&gt;\r\n\r\n&lt;div&gt;•Made in Europe&lt;/div&gt;\r\n','','',''),(564,1,'Optima Series Dual Adjustable Pulley','&lt;div&gt;• User-friendly single hand carriage adjustment&lt;/div&gt;\r\n\r\n&lt;div&gt;• 7.5 ft (2.3 cm) of cable/handle travel for increased exercise variety and movement range&lt;/div&gt;\r\n\r\n&lt;div&gt;• Cabled at 1:2 ratio for an effective user resistance that is half of the weight stack&lt;/div&gt;\r\n\r\n&lt;div&gt;• Low starting resistance of 5 lbs (2.5 kg) adjusts in 5 lb (2.5 kg) increments&lt;/div&gt;\r\n\r\n&lt;div&gt;• Pull-up bar with 3 hand positions for user exercise variety&lt;/div&gt;\r\n\r\n&lt;div&gt;• Full front &amp;amp; rear transparent shrouds (standard) for safety and a clean design&lt;/div&gt;\r\n\r\n&lt;div&gt;• ASTM/EN certified, designed and tested to exceed the toughest global safety and performance standards&lt;/div&gt;\r\n\r\n&lt;div&gt;• Dual Adustable Pulley Console compatible&lt;/div&gt;\r\n\r\n&lt;div&gt;• Accessories include: one pair of short strap handles, accessory storage rack, and exercise poster&lt;/div&gt;\r\n\r\n&lt;div&gt;• Dimensions (L x W x H)74 in x 48 in x 89 in (188 cm x 122 cm x 227 cm)&lt;/div&gt;\r\n\r\n&lt;div&gt;• Weight630 lb (286 kg)&lt;/div&gt;\r\n\r\n&lt;div&gt;• Weight Stack Weight in kgs80&lt;/div&gt;\r\n\r\n&lt;div&gt;• Weight Stack Weight in lbs160&lt;/div&gt;\r\n\r\n&lt;div&gt;•&amp;nbsp; Made in Europe&lt;/div&gt;\r\n','','',''),(565,1,'Optima Smith Machine','&lt;div&gt;§Combining the beginner-friendly weight stabilization of a Smith Machine with the advanced options of unsupported Olympic bar training, the Optima Series Smith/Rack is a total free weight solution.*&lt;/div&gt;\r\n\r\n&lt;div&gt;§Smith bar travels at 7º angle to replicate the body\'s natural motion&lt;/div&gt;\r\n\r\n&lt;div&gt;§Smith bar with a starting resistance of 45 lb (20 kg) replicates an Olympic bar while offering support&lt;/div&gt;\r\n\r\n&lt;div&gt;§8 weight horns for olympic plate storage eliminate the need for additional weight plate storage&lt;/div&gt;\r\n\r\n&lt;div&gt;§Olympic bar rack in front so more advanced users can perform traditional Olympic movements&lt;/div&gt;\r\n\r\n&lt;div&gt;§ASTM/EN certified: Designed and tested to exceed the toughest global safety and performance standards&lt;/div&gt;\r\n\r\n&lt;div&gt;§8 weight horns eliminate the need for additional weight plate storage and 2° angle secures plates to the machine during use&lt;/div&gt;\r\n\r\n&lt;div&gt;§Integrated bar stops that are secured to the unit during use&lt;/div&gt;\r\n\r\n&lt;div&gt;§*Olympic bar, weight plates and adjustable bench sold separately&lt;/div&gt;\r\n\r\n&lt;div&gt;§Each frame receives an electrostatic powder coat finish to ensure maximum adhesion and durability; Standard rubber feet protect base of the frame and prevent the machine from slipping; 11-gauge steel frame ensures maximum structural integrity&lt;/div&gt;\r\n\r\n&lt;div&gt;§Dimensions (L x W x H) 51 in x 73 in x 88 in (130 cm x 186 cm x 224 cm) Weight 398 lb (181 kg)&lt;/div&gt;\r\n\r\n&lt;div&gt;§Made in Europe&lt;/div&gt;\r\n\r\n&lt;div&gt;§&lt;/div&gt;\r\n','','',''),(566,1,'Optima Series Adjustable Bench','&lt;div&gt;• 6 intuitive adjustments, including flat, incline, &amp;amp; vertical&lt;/div&gt;\r\n\r\n&lt;div&gt;•&lt;/div&gt;\r\n\r\n&lt;div&gt;• Integrated handle &amp;amp; wheel system for easy mobility&lt;/div&gt;\r\n\r\n&lt;div&gt;•&lt;/div&gt;\r\n\r\n&lt;div&gt;• Fixed lumbar support adds extra comfort and stability&lt;/div&gt;\r\n\r\n&lt;div&gt;•Made in Europe&lt;/div&gt;\r\n\r\n&lt;div&gt;§&lt;/div&gt;\r\n','','',''),(569,1,'Dubai Series','&lt;p&gt;Size: 32x62&amp;nbsp;cm&lt;/p&gt;\r\n\r\n&lt;p&gt;Porcelain Tile&lt;/p&gt;\r\n\r\n&lt;p&gt;Bathroom Tile&lt;/p&gt;\r\n\r\n&lt;p&gt;&amp;nbsp;&lt;/p&gt;\r\n','','',''),(570,1,'LT-2002','&lt;p&gt;Chines Sanitary Ware&lt;/p&gt;\r\n\r\n&lt;p&gt;Basin&lt;/p&gt;\r\n\r\n&lt;p&gt;Above Counter Wash Basin&lt;/p&gt;\r\n\r\n&lt;p&gt;Flux Basin&lt;/p&gt;\r\n','Above Counter Wash Basin','',''),(572,1,'LT-2166','','','',''),(573,1,'LT-2173','','','',''),(574,1,'LT-3134','','','',''),(575,1,'LT-5029','','','',''),(576,1,'LT-5029','','','',''),(577,1,'LT-5040','','','',''),(578,1,'LT-5068','','','',''),(579,1,'LT-6040','','','',''),(580,1,'LT-1127','','','',''),(581,1,'LT-S121','','','',''),(582,1,'LT-S122','','','',''),(583,1,'LT-7001','','','',''),(584,1,'LT-6032','','','',''),(585,1,'LT-6006','','','',''),(586,1,'LT-003A One Piece Toilet','','','',''),(587,1,'LT-1114A One Piece Toilet','','','',''),(588,1,'LT-1122A One Piece Toilet','','','',''),(589,1,'LT-1124A One Piece WC','','','',''),(590,1,'LT-1131A One Piece WC','','','',''),(591,1,'LT-2002A Two Piece WC','','','',''),(592,1,'LT-003E Wall Hung WC','','','',''),(593,1,'LT-007E Wall Hung WC','','','',''),(594,1,'LT-103S Squatting Pan','','','',''),(595,1,'LT-114H Urinal','','','',''),(596,1,'Treadmill','&lt;p&gt;~~Screen Size 21” (53 cm)&lt;br /&gt;\r\nHigh-definition 1080p display (requires digital signal), wireless or wired internet, Bluetooth, TV, video streaming apps.&lt;br /&gt;\r\nStreaming Entertainment Apps Netflix, Hulu Plus, ESPN, YouTube, Pandora, Newsy, BBC, Flipboard, The Economist, Solitaire, Mahjong, Chess, Sudoku, TV, Internet*, RunSocial* and Lifescape Interactive&lt;br /&gt;\r\nLanguages 22&lt;br /&gt;\r\nNumber of Workouts Upto 42&lt;br /&gt;\r\nCustom Workouts* Upto 8&lt;br /&gt;\r\nUser Profiles Limitless&lt;br /&gt;\r\nMin Speed 0.5 mph (0.8 kph)&lt;br /&gt;\r\nMax Speed&amp;nbsp; 14 mph (23 kph)&lt;br /&gt;\r\nBelt and Deck System DX3™&lt;br /&gt;\r\nHeart Rate Monitoring Polar® Telemetry (optional chest strap required)&amp;nbsp; Android 4.0/Ice Cream Sandwich &amp;amp; above&lt;br /&gt;\r\nDimensions (L x W x H) 80 in x 37in x 62.25in (204cmx94cmx159cm)&lt;br /&gt;\r\nWeight 444 lb (202 kg)&lt;br /&gt;\r\n3.5mm Headphone Jack&lt;br /&gt;\r\nMax User Weight 400 lb (182 kg)&lt;br /&gt;\r\nRunning Surface L x W 60”X22”&lt;br /&gt;\r\nMotor System 4.0 HP (8.0 HP peak) with AC motor with MagnaDrive™ motor controller&lt;br /&gt;\r\nMade in USA&lt;/p&gt;\r\n','','',''),(598,1,'Elevation Series Treadmill with TV &amp; WIFI - Discover SE','&lt;p&gt;~~Classic Workouts: Manual Goals, Random, Hill, Rolling Hills&lt;br /&gt;\r\nHealthy Heart: Moderate Burn, Vigorous Burn, Fixed Time Interval, Variable Time Interval&lt;br /&gt;\r\nPerformance: 2-Speed Interval, Starter Interval, 5K, 10K&lt;br /&gt;\r\nEvaluate: Fit Test, U.S. Army PFT, U.S. Navy PRT, U.S. Marines PRT, U.S. Air Force PRT, WFI Submax Protocol, Physical Efficiency Battery (PEB), British Army PRT&lt;br /&gt;\r\nGoal Workouts: Time, Distance, Calories, Distance Climbed, Time in Zone, Pace&lt;br /&gt;\r\nCustomized Cool Down&amp;nbsp; - Heart Rate Monitoring&lt;br /&gt;\r\nPolar® Telemetry (optional chest strap required&lt;br /&gt;\r\nLifepulse\' Digital Heart Rate Monitoring with DSP (Digital Signal Processing)&lt;br /&gt;\r\nDX3\' Belt and Deck System - FlexDeck© Shock Absorption System&lt;br /&gt;\r\nSpeed Range: 0.5-14 mph (0.8-23 kph)&lt;br /&gt;\r\nRollers: 3.5&quot; (9 cm)precision crowned steel rollers, front and back&lt;br /&gt;\r\nElevation: 0%-15%&lt;br /&gt;\r\nMotor System: 4.0 HP AC Continuous Duty (8-HP Peak&lt;br /&gt;\r\nMade in USA&lt;/p&gt;\r\n','','',''),(597,1,'Elevation Series Treadmill with TV &amp; WIFI - Discover SE-3 (21&quot; Screen)','&lt;p&gt;~~Screen Size 21” (53 cm)&lt;br /&gt;\r\nHigh-definition 1080p display (requires digital signal), wireless or wired internet, Bluetooth, TV, video streaming apps.&lt;br /&gt;\r\nStreaming Entertainment Apps Netflix, Hulu Plus, ESPN, YouTube, Pandora, Newsy, BBC, Flipboard, The Economist, Solitaire, Mahjong, Chess, Sudoku, TV, Internet*, RunSocial* and Lifescape Interactive&lt;br /&gt;\r\nLanguages 22&lt;br /&gt;\r\nNumber of Workouts Upto 42&lt;br /&gt;\r\nCustom Workouts* Upto 8&lt;br /&gt;\r\nUser Profiles Limitless&lt;br /&gt;\r\nMin Speed 0.5 mph (0.8 kph)&lt;br /&gt;\r\nMax Speed&amp;nbsp; 14 mph (23 kph)&lt;br /&gt;\r\nBelt and Deck System DX3™&lt;br /&gt;\r\nHeart Rate Monitoring Polar® Telemetry (optional chest strap required)&amp;nbsp; Android 4.0/Ice Cream Sandwich &amp;amp; above&lt;br /&gt;\r\nDimensions (L x W x H) 80 in x 37in x 62.25in (204cmx94cmx159cm)&lt;br /&gt;\r\nWeight 444 lb (202 kg)&lt;br /&gt;\r\n3.5mm Headphone Jack&lt;br /&gt;\r\nMax User Weight 400 lb (182 kg)&lt;br /&gt;\r\nRunning Surface L x W 60”X22”&lt;br /&gt;\r\nMotor System 4.0 HP (8.0 HP peak) with AC motor with MagnaDrive™ motor controller&lt;br /&gt;\r\nMade in USA&lt;br /&gt;\r\n&amp;nbsp;&lt;/p&gt;\r\n','','',''),(599,1,'Elevation Series Treadmill with WIFI - Discover SI','&lt;p&gt;~~Polar© Telemetry (optional chest strap required&lt;br /&gt;\r\nLifepulse™ Digital Heart Rate Monitoring with DSP (Digital Signal Processing)&lt;br /&gt;\r\nDX3™ Belt and Deck System FlexDeck© Shock Absorption System&amp;nbsp; - 8 Lifespring™ shock absorbers&lt;br /&gt;\r\nSpeed Range 0.5-14 mph (0.8-23 kph)&lt;br /&gt;\r\nRollers 3.5&quot; (9 cm)precision crowned steel rollers, front and back - Elevation 0%-15%&lt;br /&gt;\r\nMotor System 4.0 HP AC Continuous Duty (8-HP Peak Duty) motor with MagnaDrive™ motor controller&lt;br /&gt;\r\nMaximum User Weight 400 lbs (181 kg)&lt;br /&gt;\r\nLength 80&quot; (203 cm) Width 37&quot; (94 cm)&lt;br /&gt;\r\nHeight 62.25&quot; (158 cm) Unit Weight 442 lbs (200 kg)&lt;br /&gt;\r\nMade in USA&lt;br /&gt;\r\n&amp;nbsp;&lt;/p&gt;\r\n','','',''),(600,1,'Elevation Series Elliptical Cross Trainer with TV &amp; WIFI - Discover SE','&lt;p&gt;~~The New Elevation Series Elliptical Cross-Trainer with Discover™ SE Tablet Console is where your digital life meets your workout experience. The 16&quot; integrated LCD touch screen features an abundance of entertainment options, enhanced interaction, internet connectivity and much more.&amp;nbsp;&lt;br /&gt;\r\nHigh-definition 19&quot; touch screen&lt;br /&gt;\r\niPod, iPhone, iPad and Android Smartphone compatible&lt;br /&gt;\r\nLifescape Interactive Courses&lt;br /&gt;\r\nPersonalised settings via LFconnect&lt;br /&gt;\r\nIntegrated TV - Internet&lt;br /&gt;\r\n50.8cm Stride length&lt;br /&gt;\r\n26 Resistance levels&lt;br /&gt;\r\nOversized Non-slip pedals&lt;br /&gt;\r\nIntegrated iPod/iPhone/accessory tray &amp;amp; reading rack&lt;br /&gt;\r\nMax User Weight: 181 kg&lt;br /&gt;\r\nLength: 224cm &amp;nbsp;&amp;nbsp;&amp;nbsp;&lt;br /&gt;\r\nWidth:&amp;nbsp;78 cm&lt;br /&gt;\r\nHeight:&amp;nbsp;165 cm&lt;br /&gt;\r\nUnit Weight: 195kg&lt;br /&gt;\r\nMade in USA&lt;/p&gt;\r\n','','',''),(601,1,'Elevation Series Elliptical Cross Trainer with WIFI - Discover SI','&lt;p&gt;~~The New Elevation Series Elliptical Cross-Trainer with Discover™ SI Tablet Console is where your digital life meets your workout experience. The third generation of touch screen consoles redefines the workout experience with the most advanced technology. The 10&quot; integrated LCD touch screen features an abundance of entertainment options, enhanced interaction, internet connectivity and much more. Extensive biomechanical research creates a natural motion that closely replicates running or walking combined with the long-lasting durability you\'ve come to know from Life Fitness delivers a superior cardio experience.&lt;br /&gt;\r\n50.8cm Stride length - 25 Resistance levels&lt;br /&gt;\r\nOversized Non-slip pedals - On-the-fly programming&lt;br /&gt;\r\nIntegrated iPod/iPhone/accessory tray &amp;amp; reading rack&lt;br /&gt;\r\nQuick Start,&amp;nbsp;Manual,&amp;nbsp;Random, Hill&lt;br /&gt;\r\nHeart Rate + Workouts: Cardio, Fat Burn, Heart Rate Hill, Heart Rate Interval, Extreme Heart Rate&lt;br /&gt;\r\nHill + Workouts: Around the World, Cascades, Foothills, Kilimanjaro&lt;br /&gt;\r\nAdvanced Workouts: Fit Tests- Navy PRT; Fit Test; Sport Training- Speed Training, Speed Interval Training&lt;br /&gt;\r\nGoal Workouts: Time, Calories, Distance Climbed, Time in Zone, Pace&lt;br /&gt;\r\nModes: Cross-Train Aerobics and Cross-Train Reverse&lt;br /&gt;\r\nMax User Weight: 181 kg - Length: 224cm&lt;br /&gt;\r\nWidth:&amp;nbsp;78 cm&amp;nbsp; - Height:&amp;nbsp;165 cm&lt;br /&gt;\r\nUnit Weight: 195kg&lt;br /&gt;\r\nMade in USA&lt;br /&gt;\r\n&amp;nbsp;&lt;/p&gt;\r\n','','',''),(606,1,'Elevation Series Upright Bike - Discover SI','&lt;p&gt;~~This Lifecycle is where your digital life meets your workout experience. The third generation of touch screen consoles redefines the workout experience with the most advanced technology. The 10&quot; integrated LCD touch screen features an abundance of entertainment options, enhanced interaction, internet connectivity and much more.&lt;br /&gt;\r\nThe next generation Elevation Series Upright Lifecycle Exercise Bike is the most advanced model of our original Lifecycle Exercise Bike. Designed to reduce pressure on the knees, the 95C simulates the feel of a road bike while providing exercisers with easy adjustments and resistance controls.&amp;nbsp;With four colors to choose from, Elevation Series has the style options to complement your facility.&amp;nbsp;&lt;br /&gt;\r\nPolar© Telemetry (optional chest strap required&lt;br /&gt;\r\nLifepulse™ Digital Heart Rate Monitoring with DSP (Digital Signal Processing)&lt;br /&gt;\r\nClassic Workouts: Manual Goals, Random, Hill, Rolling Hills&lt;br /&gt;\r\nPerformance: 2-Speed Interval, Starter Interval&lt;br /&gt;\r\nGoal Workouts: Time, Distance, Calories, Distance Climbed, Time in Zone, Pace&lt;br /&gt;\r\nCustomized Cool Down&lt;br /&gt;\r\nLength 43.5&quot; (110.5 cm)&lt;br /&gt;\r\nWidth 21&quot; (53.3 cm)&lt;br /&gt;\r\nHeight 59.5&quot; (151.1 cm)&lt;br /&gt;\r\nUnit Weight 176lbs (79.8 kg)&lt;br /&gt;\r\nMade in USA&lt;br /&gt;\r\n&amp;nbsp;&lt;/p&gt;\r\n','','',''),(603,1,' Insignia Assist Dip Chin ','&lt;div&gt;§ Knee pads fold out of the way for unassisted training.&lt;/div&gt;\r\n\r\n&lt;div&gt;§Multiple hand positions allow for more exercise variety and accommodate different sized users.&lt;/div&gt;\r\n\r\n&lt;div&gt;§Additional steps allow for easy entry/exit.&lt;/div&gt;\r\n\r\n&lt;div&gt;§Combines two exercises into one machine.&lt;/div&gt;\r\n\r\n&lt;div&gt;§Dimensions (L x W x H)58 in x 63.8 in x 87 in (148 cm x 163 cm x 221 cm)&lt;/div&gt;\r\n\r\n&lt;div&gt;§Weight685 lb (311 kg)&lt;/div&gt;\r\n\r\n&lt;div&gt;§Weight Stack Weight in kgs85&lt;/div&gt;\r\n\r\n&lt;div&gt;§Weight Stack Weight in lbs170&lt;/div&gt;\r\n\r\n&lt;div&gt;§Heavy Weight Stack Weight in kgs100&lt;/div&gt;\r\n\r\n&lt;div&gt;§Heavy Weight Stack Weight in lbs200&lt;br /&gt;\r\n&amp;nbsp;Made in Europe&lt;/div&gt;\r\n','','',''),(607,1,'Elevation Series Upright Bike - Discover SE','&lt;p&gt;~~The next generation Elevation Series Upright Lifecycle Exercise Bike is the most advanced model of our original Lifecycle Exercise Bike. Designed to reduce pressure on the knees, the 95C simulates the feel of a road bike while providing exercisers with easy adjustments and resistance controls.&amp;nbsp;&lt;br /&gt;\r\nPolar© Telemetry (optional chest strap required&lt;br /&gt;\r\nLifepulse™ Digital Heart Rate Monitoring with DSP (Digital Signal Processing)&lt;br /&gt;\r\nQuick Start&lt;br /&gt;\r\nClassic Workouts: Manual, Random, Hill&lt;br /&gt;\r\nHeart Rate + Workouts: Cardio, Fat Burn, Heart Rate Hill, Heart Rate Interval, Extreme Heart Rate&lt;br /&gt;\r\nHill + Workouts: Around the World, Cascades, Foothills, Kilimanjaro&lt;br /&gt;\r\nAdvanced Workouts: Fit Tests- Navy PRT; Fit Test; Watts and METs; Sport Training-Speed Training, Interval Training&lt;br /&gt;\r\nGoal Workouts: Time, Calories, Distance, Distance Climbed, Time in Zone, Pace&lt;br /&gt;\r\nMaximum User Weight 400 lbs (181 kg)&lt;br /&gt;\r\nLength&amp;nbsp; 43.5&quot; (110.5 cm)&lt;br /&gt;\r\nWidth 21&quot; (53.3 cm)&lt;br /&gt;\r\nHeight 59.5&quot; (151.1 cm)&lt;br /&gt;\r\nUnit Weight 176lbs (79.8 kg)&lt;br /&gt;\r\nMade in USA&lt;/p&gt;\r\n','','',''),(608,1,'Elevation Series Recumbent Bike - Discover SE','&lt;p&gt;~~This Lifecycle is where your digital life meets your workout experience. The third generation of touch screen consoles redefines the workout experience with the most advanced technology. The 10&quot; integrated LCD touch screen features an abundance of entertainment options, enhanced interaction, internet connectivity and much more.&lt;br /&gt;\r\nThe innovative design of the next generation Elevation Series Recumbent Lifecycle Exercise Bike is an award-winner providing all types of exercisers with the support and comfort they need. The step-through design allows all body types or those rehabilitiating from injury to easily use the equipment.&amp;nbsp;With four colors to choose from, Elevation Series has the style options to complement your facility.&amp;nbsp;&lt;br /&gt;\r\nPolar© Telemetry (optional chest strap required)&lt;br /&gt;\r\nLifepulse™ Digital Heart Rate Monitoring with DSP (Digital Signal Processing)&lt;br /&gt;\r\nClassic Workouts: Manual Goals, Random, Hill, Rolling Hills&lt;br /&gt;\r\nPerformance: 2-Speed Interval, Starter Interval&lt;br /&gt;\r\nGoal Workouts: Time, Distance, Calories, Distance Climbed, Time in Zone, Pace&lt;br /&gt;\r\nLength 65&quot; (165 cm)&lt;br /&gt;\r\nWidth 27&quot; (69 cm)&lt;br /&gt;\r\nHeight 53&quot; (135 cm)&lt;br /&gt;\r\nUnit Weight 214 lbs (97 kg)&lt;br /&gt;\r\nMade in USA&lt;br /&gt;\r\n&amp;nbsp;&lt;/p&gt;\r\n','','',''),(609,1,'Elevation Series Recumbent Bike - Discover SI','&lt;p&gt;~~This Lifecycle is where your digital life meets your workout experience. The third generation of touch screen consoles redefines the workout experience with the most advanced technology. The 10&quot; integrated LCD touch screen features an abundance of entertainment options, enhanced interaction, internet connectivity and much more.&lt;br /&gt;\r\nThe innovative design of the next generation Elevation Series Recumbent Lifecycle Exercise Bike is an award-winner providing all types of exercisers with the support and comfort they need. The step-through design allows all body types or those rehabilitiating from injury to easily use the equipment.&amp;nbsp;With four colors to choose from, Elevation Series has the style options to complement your facility.&amp;nbsp;&lt;br /&gt;\r\nPolar© Telemetry (optional chest strap required)&lt;br /&gt;\r\nLifepulse™ Digital Heart Rate Monitoring with DSP (Digital Signal Processing)&lt;br /&gt;\r\nClassic Workouts: Manual Goals, Random, Hill, Rolling Hills&lt;br /&gt;\r\nPerformance: 2-Speed Interval, Starter Interval&lt;br /&gt;\r\nGoal Workouts: Time, Distance, Calories, Distance Climbed, Time in Zone, Pace&lt;br /&gt;\r\nLength 65&quot; (165 cm)&lt;br /&gt;\r\nWidth 27&quot; (69 cm)&lt;br /&gt;\r\nHeight 53&quot; (135 cm)&lt;br /&gt;\r\nUnit Weight 214 lbs (97 kg)&lt;br /&gt;\r\nMade in USA&lt;/p&gt;\r\n','','',''),(612,1,'Elevation Serios PowerMill Climber - 95 Discover SE','&lt;p&gt;~~27 workouts, including 5 Zone Training+™ workouts and Fit Test Protocol.&lt;br /&gt;\r\nErgonomically designed handlebars for support and proper upright position&lt;br /&gt;\r\nThumb control on the handlebars for speed adjustment and easy on/off - Heart rate monitoring&lt;br /&gt;\r\nThe largest usable step space in the fitness industry provides secure footing at any speed.&lt;br /&gt;\r\nLifepulse™ digital heart rate monitoring hand sensors are conveniently placed on the handlebars to provide precise heart rate monitoring, and Polar® telemetry provides accurate, “hands-free” heart rate monitoring. (Telemetry requires optional chest strap.)&lt;br /&gt;\r\nZone Training+™ workouts automatically adjust the speed to keep users in their target heart rate zone. Goal-based workouts and interval workouts keep users motivated.&lt;br /&gt;\r\nMultiple modular panels provide service personnel with quick access to internal components.&lt;br /&gt;\r\nConnecting an iPod or phone to the console charges the device and provides great motivation to the exerciser through music and, when an attachable TV is available, video.&lt;br /&gt;\r\nNewly integrated controls allow exercisers to skip songs, adjust the volume and change television channels right from the console&lt;br /&gt;\r\nSpeed Levels 25&lt;br /&gt;\r\nMaximum User Weight 400 lbs (181 kg)&lt;br /&gt;\r\nDimension 55.9” L x 32.81” W x 82.3” H&lt;br /&gt;\r\nUnit Weight 473 lbs. (215 kg)&lt;br /&gt;\r\nCeiling Height Minimum&amp;nbsp; 9’ (2.7 m)&lt;br /&gt;\r\nStep-Up Height 10.5” (26.7 cm)&lt;br /&gt;\r\nMade in USA&lt;br /&gt;\r\n&amp;nbsp;&lt;/p&gt;\r\n','','',''),(613,1,'Elevation Series PowerMill Climber - Discover SE','&lt;p&gt;~~27 workouts, including 5 Zone Training+™ workouts and Fit Test Protocol.&lt;br /&gt;\r\nErgonomically designed handlebars for support and proper upright position&lt;br /&gt;\r\nThumb control on the handlebars for speed adjustment and easy on/off - Heart rate monitoring&lt;br /&gt;\r\nThe largest usable step space in the fitness industry provides secure footing at any speed.&lt;br /&gt;\r\nLifepulse™ digital heart rate monitoring hand sensors are conveniently placed on the handlebars to provide precise heart rate monitoring, and Polar® telemetry provides accurate, “hands-free” heart rate monitoring. (Telemetry requires optional chest strap.)&lt;br /&gt;\r\nZone Training+™ workouts automatically adjust the speed to keep users in their target heart rate zone. Goal-based workouts and interval workouts keep users motivated.&lt;br /&gt;\r\nMultiple modular panels provide service personnel with quick access to internal components.&lt;br /&gt;\r\nConnecting an iPod or phone to the console charges the device and provides great motivation to the exerciser through music and, when an attachable TV is available, video.&lt;br /&gt;\r\nNewly integrated controls allow exercisers to skip songs, adjust the volume and change television channels right from the console&lt;br /&gt;\r\nSpeed Levels 25&lt;br /&gt;\r\nMaximum User Weight 400 lbs (181 kg)&lt;br /&gt;\r\nDimension 55.9” L x 32.81” W x 82.3” H&lt;br /&gt;\r\nUnit Weight 473 lbs. (215 kg)&lt;br /&gt;\r\nCeiling Height Minimum&amp;nbsp; 9’ (2.7 m)&lt;br /&gt;\r\nStep-Up Height 10.5” (26.7 cm)&lt;br /&gt;\r\nMade in USA&lt;br /&gt;\r\n&amp;nbsp;&lt;/p&gt;\r\n','','',''),(614,1,'Flex Strider - Discover SE','&lt;p&gt;~~ELEVATION SERIES FLEXSTRIDER VARIABLE-STRIDE&amp;nbsp;TRAINER&amp;nbsp;&lt;br /&gt;\r\nThe premium Elevation Series FlexStrider Variable-Stride Trainer lets exercisers find the stride that best fits their workout. On the fly, stride length adjustability and biomechanically proven motion makes the FlexStrider Trainer one of the best low-impact, total-body workouts for your exercisers. Three intuitive console choices provide entertainment, workout tracking and detailed product use information.&lt;br /&gt;\r\nDimensions (L x W x H): 102.5 in x 34 in x 67.5 in (261 cm x 87 cm x 172 cm)&lt;br /&gt;\r\nWeight: 564 lb (256 kg)&lt;br /&gt;\r\nMax User Weight: 400 lb (182 kg)&lt;br /&gt;\r\nStride Length Max: 36 in (92 cm)&lt;br /&gt;\r\nStride Length Min: 0 in (0 cm)&lt;br /&gt;\r\nAuto Start: No&lt;br /&gt;\r\nPower Requirements: Self-powered&lt;br /&gt;\r\nResistance Levels: 26&lt;br /&gt;\r\nHeart Rate Monitoring: Lifepulse™ with DSP (Digital Signal Processing); Polar® Telemetry (optional chest strap required)&lt;br /&gt;\r\n10’’ Touch Screen LCD with Internet (Wired and Wireless)&lt;br /&gt;\r\nEntertainment: Internet, Bluetooth, Interactive Courses, Integrated Apps&lt;br /&gt;\r\nNo TV&lt;br /&gt;\r\n42 Workout programs&lt;br /&gt;\r\n&amp;nbsp;&lt;/p&gt;\r\n','','',''),(615,1,'Flex Strider - Discover SI','&lt;p&gt;~~ELEVATION SERIES FLEXSTRIDER VARIABLE-STRIDE&amp;nbsp;TRAINER&amp;nbsp;&lt;br /&gt;\r\nThe premium Elevation Series FlexStrider Variable-Stride Trainer lets exercisers find the stride that best fits their workout. On the fly, stride length adjustability and biomechanically proven motion makes the FlexStrider Trainer one of the best low-impact, total-body workouts for your exercisers. Three intuitive console choices provide entertainment, workout tracking and detailed product use information.&lt;br /&gt;\r\nDimensions (L x W x H): 102.5 in x 34 in x 67.5 in (261 cm x 87 cm x 172 cm)&lt;br /&gt;\r\nWeight: 564 lb (256 kg)&lt;br /&gt;\r\nMax User Weight: 400 lb (182 kg)&lt;br /&gt;\r\nStride Length Max: 36 in (92 cm)&lt;br /&gt;\r\nStride Length Min: 0 in (0 cm)&lt;br /&gt;\r\nAuto Start: No&lt;br /&gt;\r\nPower Requirements: Self-powered&lt;br /&gt;\r\nResistance Levels: 26&lt;br /&gt;\r\nHeart Rate Monitoring: Lifepulse™ with DSP (Digital Signal Processing); Polar® Telemetry (optional chest strap required)&lt;br /&gt;\r\n10’’ Touch Screen LCD with Internet (Wired and Wireless)&lt;br /&gt;\r\nEntertainment: Internet, Bluetooth, Interactive Courses, Integrated Apps&lt;br /&gt;\r\nNo TV&lt;br /&gt;\r\n42 Workout programs&lt;/p&gt;\r\n','','',''),(616,1,'New Integrity Series Treadmill with LCD Touch Screen','&lt;p&gt;~~DX3™ Belt and Deck System&lt;br /&gt;\r\nFlexDeck 2.0 Shock Absorption System (8 Lifespring shock absorbers)&lt;br /&gt;\r\nSpeed Range: 0.5–14 mph (0.8–23 kphIncline 0% to 15%&lt;br /&gt;\r\nMotor System 4 HP AC peak performance motor (8 hp peak performance, IE2 efficiency rated at 2 hp)&lt;br /&gt;\r\nHeart Rate Monitoring Polar® Telemetry&lt;br /&gt;\r\nRemote speed and incline controls&lt;br /&gt;\r\nSide handrails 24” (61 cm)&lt;br /&gt;\r\n7” Color LCD Touch Screen&lt;br /&gt;\r\n2 Workouts&lt;br /&gt;\r\nRunning surface 22” x 60” (56 x 152 cm)&lt;br /&gt;\r\nStep-up height 8” (20 cm)&lt;br /&gt;\r\nLength 82” (209 cm)&lt;br /&gt;\r\nWidth 36” (92 cm)&lt;br /&gt;\r\nHeight 56“ (142 cm)&lt;br /&gt;\r\nMax user weight 400 lbs (181 kg)&lt;br /&gt;\r\nUnit weight 434 lbs (197 kg)&lt;br /&gt;\r\nMade in USA&lt;br /&gt;\r\n&amp;nbsp;&lt;/p&gt;\r\n','','',''),(617,1,'Integrity Series Treadmill - CLST','&lt;p&gt;~~DX3™ Belt and Deck System&lt;br /&gt;\r\nPatented FlexDeck™ Shock Absorption system&lt;br /&gt;\r\n0.5-14 mph (0.8 – 23 kph)&lt;br /&gt;\r\n0-15% incline&lt;br /&gt;\r\nPowerful 4-HP AC Motor&lt;br /&gt;\r\nErgonomical Heavy Duty Treadmill&lt;br /&gt;\r\nHandlebars and Side-rails&lt;br /&gt;\r\n26 Character Alphanumeric Message Center&lt;br /&gt;\r\nHeart Rate Monitoring&lt;br /&gt;\r\n28 Workouts&lt;br /&gt;\r\n9 Languages&lt;br /&gt;\r\nIntegrated Reading Rack Accessory Tray&lt;br /&gt;\r\nMaximum User Weight 400 lbs (181 kg)&lt;br /&gt;\r\nLength 83&quot; (211 cm)&lt;br /&gt;\r\nWidth 37&quot; (94 cm)&lt;br /&gt;\r\nHeight 62.25&quot; (158 cm)&lt;br /&gt;\r\nUnit Weight 425 lbs (193 kg)&lt;br /&gt;\r\nMade in USA&lt;br /&gt;\r\n&amp;nbsp;&lt;/p&gt;\r\n','','',''),(618,1,'OST','&lt;p&gt;~~Min Speed0.5 mph (0.8 kph)Max Speed12 mph (19 kph)Belt and Deck SystemDX3™Integrated Accessory Tray Side Handrails 18&quot; (46 cm) Easy To Remove Headphone Ergobar No Flex Deck Shock Absorption Heart Rate Monitoring Polar® Telemetry (optional chest strap required); Life pulse™ with DSP (Digital Signal Processing) Integrated Reading Rack On the Fly Programming Proactive Belt Wear Notification Walk, Jog, Run No Welded Steel Frame, Front Roller Lift Wheels and Rear Levelers&lt;br /&gt;\r\nDimensions (L x W x H)81 in x 32 in x 57 in (206 cm x 82 cm x 145 cm)&lt;br /&gt;\r\nWeight: 325 lb (148 kg)3.5mm&lt;br /&gt;\r\nHeadphone Jack No&lt;br /&gt;\r\nRunning Surface Length: 60 in (153 cm)&lt;br /&gt;\r\nRunning Surface: Width20 in (51 cm)&lt;br /&gt;\r\nStep Up: Height8 in (21 cm)&lt;br /&gt;\r\nMotor System3.0 HP (6.0 HP peak) AC motor with Magna Drive™ motor controller&lt;br /&gt;\r\nMade in USA&lt;br /&gt;\r\n&amp;nbsp;&lt;/p&gt;\r\n','','',''),(619,1,'Integrity Series Elliptical Cross-trainer INXDX (WE)','&lt;p&gt;~~Built for comfort, the Life Fitness Integrity Series Elliptical Cross-Trainer is a proven machine that offers a variety of low-impact workouts. Engineered to be ergonomically correct, with the durability only Life Fitness can provide, these machines take elliptical cross-training to a whole new level.&lt;br /&gt;\r\nOversized 15in Flexform non-slip pedals to enhance comfort&lt;br /&gt;\r\nHeart Rate Monitoring Polar® Telemetry&lt;br /&gt;\r\nStride Length 20”&lt;br /&gt;\r\nResistance Levels 25&lt;br /&gt;\r\nBrushed stainless steel vent detail&lt;br /&gt;\r\n21 workouts&lt;br /&gt;\r\nMaximum User Weight 400 lbs&lt;br /&gt;\r\nLength 86&quot; (218 cm)&lt;br /&gt;\r\nWidth 29&quot; (73 cm)&lt;br /&gt;\r\nHeight 64&quot; (163 cm)&lt;br /&gt;\r\nUnit Weight 425 lbs (193 kg)&lt;br /&gt;\r\nMade in USA&lt;br /&gt;\r\n&amp;nbsp;&lt;/p&gt;\r\n','','',''),(620,1,'Integrity Series Elliptical Cross-trainer - CLSX','&lt;p&gt;~~Built for comfort, the Life Fitness Integrity Series Elliptical Cross-Trainer is a proven machine that offers a variety of low-impact workouts. Engineered to be ergonomically correct, with the durability only Life Fitness can provide, these machines take elliptical cross-training to a whole new level.&lt;br /&gt;\r\nWith the latest aesthetic and entertainment upgrades, all of our Integrity Series cardio products now offer an even more compelling user experience. New iPod® compatibility and integrated iPod/TV controls keep exercisers motivated and entertained throughout their workout&lt;br /&gt;\r\nMaximum User Weight 350 lbs (160 kg)&lt;br /&gt;\r\nLength 83&quot; (211 cm)&lt;br /&gt;\r\nWidth 37&quot; (94 cm)&lt;br /&gt;\r\nHeight 63.5&quot; (161 cm)&lt;br /&gt;\r\nUnit Weight 425 lbs (193 kg)&lt;br /&gt;\r\nMade in USA&lt;br /&gt;\r\n&amp;nbsp;&lt;/p&gt;\r\n','','',''),(621,1,'OSX','&lt;p&gt;~~The Activate Series elliptical cross-trainer allows exercisers to enjoy an intense cardio workout that is also low-impact. The smooth, total-body motion burns more calories with less perceived exertion.&lt;br /&gt;\r\nMaximum User Weight 350 lb (159 kg)&lt;br /&gt;\r\nDimensions (L x W x H) 82 in x 28 in x 60 in (209 cm x 72 cm x 153 cm)&lt;br /&gt;\r\nUnit Weight 240 lb (109 kg)&lt;/p&gt;\r\n\r\n&lt;p&gt;~&lt;img src=&quot;data:image/png;base64,[BLOB]&quot; /&gt;&lt;br /&gt;\r\nMade in Europe&lt;br /&gt;\r\n&amp;nbsp;&lt;/p&gt;\r\n','','',''),(622,1,'New Integrity Series Upright Bike - INCDX','&lt;p&gt;~~Deluxe racing handlebars (ergonomic design with elbow support)&lt;br /&gt;\r\nDrive System&amp;nbsp;Generator Drive System with 8-Ribbed Poly-V Belt resistance system&lt;br /&gt;\r\nResistance Levels&amp;nbsp;25&lt;br /&gt;\r\nSelf Powered&lt;br /&gt;\r\nRemote resistance controls&lt;br /&gt;\r\nSelf-leveling Wide Ride™ Pedals&lt;br /&gt;\r\nImproved Comfort Curve™ Seat&lt;br /&gt;\r\n41 fine-tuned seat adjustment positions&lt;br /&gt;\r\nBrushed stainless steel vent detail&lt;br /&gt;\r\n21 workouts&lt;br /&gt;\r\nDimensions 41.5in x 24.5in x 54.5in (105cm x 62cm x 138cm)&lt;br /&gt;\r\nUser Height Range&amp;nbsp;4\'9&quot; - 6\'5“&lt;br /&gt;\r\nMaximum User Weight&amp;nbsp;400lbs (182kg)&lt;br /&gt;\r\nUnit Weight 169lbs (76.5kg)&lt;br /&gt;\r\nMade in USA&lt;br /&gt;\r\n&amp;nbsp;&lt;/p&gt;\r\n','','',''),(623,1,'Integrity Series Upright Bike - CLSC','&lt;p&gt;~~Designed with the advanced engineering and durable components that exemplify our legacy of fitness expertise.&lt;br /&gt;\r\nBuilt for easy use, riders of all sizes can adjust the bike seat in seconds to ensure an optimum workout.&amp;nbsp; From top to bottom, the Integrity Series Upright Lifecycle® Exercise Bike is pure Life Fitness and a &quot;must have&quot; for every facility.&lt;br /&gt;\r\nWith the latest aesthetic and entertainment upgrades, all of our Integrity Series cardio products now offer an even more compelling user experience. New iPod® compatibility and integrated iPod/TV controls keep exercisers motivated and entertained throughout their workout.&lt;br /&gt;\r\nDimensions (L x W x H)48 in x 24 in x 54 in (122 cm x 61 cm x 138 cm)&lt;br /&gt;\r\nWeight107 lb (49 kg)&lt;br /&gt;\r\nUser Weight400 lb (182 kg)&lt;br /&gt;\r\nMade in USA&lt;br /&gt;\r\n&amp;nbsp;&lt;/p&gt;\r\n','','',''),(624,1,'Integrity Series Recumbent Bike - INRDX','&lt;p&gt;~~Designed with the technology and durable components you expect from a Lifecycle® Exercise Bike.&lt;br /&gt;\r\nThe Life Fitness Integrity Series Recumbent Lifecycle® Exercise Bike brings our legacy of fitness to those who prefer a seated position.&amp;nbsp; As the complement to the Upright Bike, it belongs in facilities wishing to provide variety to their customers.&lt;br /&gt;\r\nWith the latest aesthetic and entertainment upgrades, all of our Integrity Series cardio products now offer an even more compelling user experience. New iPod® compatibility and integrated iPod/TV controls keep exercisers motivated and entertained throughout their workout.&lt;br /&gt;\r\nDimensions (L x W x H)54 in x 26 in x 51 in (138 cm x 67 cm x 130 cm)&lt;br /&gt;\r\nWeight134 lb (61 kg)&lt;br /&gt;\r\nUser Weight400 lb (182 kg)&lt;br /&gt;\r\nMade in USA&lt;br /&gt;\r\n&amp;nbsp;&lt;/p&gt;\r\n','','',''),(625,1,'Integrity Series Recumbant Bike - CLSR','&lt;p&gt;~~Designed with the technology and durable components you expect from a Lifecycle® Exercise Bike.&lt;br /&gt;\r\nThe Life Fitness Integrity Series Recumbent Lifecycle® Exercise Bike brings our legacy of fitness to those who prefer a seated position.&amp;nbsp; As the complement to the Upright Bike, it belongs in facilities wishing to provide variety to their customers.&lt;br /&gt;\r\nWith the latest aesthetic and entertainment upgrades, all of our Integrity Series cardio products now offer an even more compelling user experience. New iPod® compatibility and integrated iPod/TV controls keep exercisers motivated and entertained throughout their workout.&lt;br /&gt;\r\nDimensions (L x W x H)54 in x 26 in x 51 in (138 cm x 67 cm x 130 cm)&lt;br /&gt;\r\nWeight134 lb (61 kg)&lt;br /&gt;\r\nUser Weight400 lb (182 kg)&lt;br /&gt;\r\nMade in USA&lt;br /&gt;\r\n&amp;nbsp;&lt;/p&gt;\r\n','','',''),(626,1,'Summit Tranier','&lt;p&gt;~~The Life Fitness Integrity Series Summit Trainer offers a totally new way to train. We\'ve added climbing to the best of a total-body cross-trainer resulting in a revolutionary machine that is intuitive and challenging for people of all fitness levels. User-defined stride lengths and five training positions make it easy to control the intensity and target various muscle groups for personalized workouts that can easily evolve with the exerciser\'s goals.&lt;br /&gt;\r\nIntegrated Accessory Tray: Yes&lt;br /&gt;\r\nPedals: Oversized Non-slip Pedals&lt;br /&gt;\r\nResistance Levels: 25&lt;br /&gt;\r\nEasy To Remove Headphone Jack No&lt;br /&gt;\r\nHeart Rate Monitoring Lifepulse™ with DSP (Digital Signal Processing);&lt;br /&gt;\r\nPolar® Telemetry (optional chest strap required)&lt;br /&gt;\r\nLinear Incline Fit Training Yes&lt;br /&gt;\r\nDimensions (L x W x H)68 in x 33 in x 73 in (173 cm x 84 cm x 186 cm)Weight345 lb (157 kg)Max User Weight400 lb (182 kg)Stride Length Max26 in (67 cm)&lt;br /&gt;\r\nMade in USA&lt;br /&gt;\r\n&amp;nbsp;&lt;/p&gt;\r\n','','',''),(627,1,'Stepper','&lt;p&gt;~~The ergonomically designed, self-powered Life Fitness Integrity Series Stairclimber rounds out our range of cardio products, allowing us to offer you the most options to make your facility as versatile as can be. Devoted steppers and variety-seekers alike will be delighted by the added variety, giving you a leg up on the competition&lt;br /&gt;\r\nWith the latest aesthetic and entertainment upgrades, all of our Integrity Series cardio products now offer an even more compelling user experience. New iPod® compatibility and integrated iPod/TV controls keep exercisers motivated and entertained throughout their workout.&lt;br /&gt;\r\nDimensions (L x W x H)50 in x 32 in x 64.5 in (127 cm x 82 cm x 164 cm)&lt;br /&gt;\r\nWeight165 lb (75 kg)&lt;br /&gt;\r\nMax User Weight350 lb (159 kg)&lt;br /&gt;\r\nMade in USA&lt;br /&gt;\r\n&amp;nbsp;&lt;/p&gt;\r\n','','',''),(628,1,'Elevation Series PowerMill Climber - Explore','&lt;p&gt;~~27 workouts, including 5 Zone Training+™ workouts and Fit Test Protocol.&lt;br /&gt;\r\nErgonomically designed handlebars for support and proper upright position&lt;br /&gt;\r\nThumb control on the handlebars for speed adjustment and easy on/off - Heart rate monitoring&lt;br /&gt;\r\nThe largest usable step space in the fitness industry provides secure footing at any speed.&lt;br /&gt;\r\nLifepulse™ digital heart rate monitoring hand sensors are conveniently placed on the handlebars to provide precise heart rate monitoring, and Polar® telemetry provides accurate, “hands-free” heart rate monitoring. (Telemetry requires optional chest strap.)&lt;br /&gt;\r\nZone Training+™ workouts automatically adjust the speed to keep users in their target heart rate zone. Goal-based workouts and interval workouts keep users motivated.&lt;br /&gt;\r\nMultiple modular panels provide service personnel with quick access to internal components.&lt;br /&gt;\r\nConnecting an iPod or phone to the console charges the device and provides great motivation to the exerciser through music and, when an attachable TV is available, video.&lt;br /&gt;\r\nNewly integrated controls allow exercisers to skip songs, adjust the volume and change television channels right from the console&lt;br /&gt;\r\nSpeed Levels 25&lt;br /&gt;\r\nMaximum User Weight 400 lbs (181 kg)&lt;br /&gt;\r\nDimension 55.9” L x 32.81” W x 82.3” H&lt;br /&gt;\r\nUnit Weight 473 lbs. (215 kg)&lt;br /&gt;\r\nCeiling Height Minimum&amp;nbsp; 9’ (2.7 m)&lt;br /&gt;\r\nStep-Up Height 10.5” (26.7 cm)&lt;br /&gt;\r\nMade in USA&lt;br /&gt;\r\n&amp;nbsp;&lt;/p&gt;\r\n','','',''),(629,1,'Elevation Series FlexStrider - Explore','&lt;p&gt;~~ELEVATION SERIES FLEXSTRIDER VARIABLE-STRIDE&amp;nbsp;TRAINER&amp;nbsp;&lt;br /&gt;\r\nThe premium Elevation Series FlexStrider Variable-Stride Trainer lets exercisers find the stride that best fits their workout. On the fly, stride length adjustability and biomechanically proven motion makes the FlexStrider Trainer one of the best low-impact, total-body workouts for your exercisers. Three intuitive console choices provide entertainment, workout tracking and detailed product use information.&lt;br /&gt;\r\nDimensions (L x W x H): 102.5 in x 34 in x 67.5 in (261 cm x 87 cm x 172 cm)&lt;br /&gt;\r\nWeight: 564 lb (256 kg)&lt;br /&gt;\r\nMax User Weight: 400 lb (182 kg)&lt;br /&gt;\r\nStride Length Max: 36 in (92 cm)&lt;br /&gt;\r\nStride Length Min: 0 in (0 cm)&lt;br /&gt;\r\nAuto Start: No&lt;br /&gt;\r\nPower Requirements: Self-powered&lt;br /&gt;\r\nResistance Levels: 26&lt;br /&gt;\r\nHeart Rate Monitoring: Lifepulse™ with DSP (Digital Signal Processing); Polar® Telemetry (optional chest strap required)&lt;br /&gt;\r\n7’’ LED Display&lt;br /&gt;\r\n42 Workout programs&lt;br /&gt;\r\n&amp;nbsp;&lt;/p&gt;\r\n','','',''),(611,1,'GSC Arch Trainer','&lt;p&gt;~~Three machines in one. At lower levels it glides like a cross-country skier, at mid-levels it strides like an elliptical, and at high levels it functions like a climber or stepper. Integrated Accessory Tray: Yes&lt;/p&gt;\r\n\r\n&lt;p&gt;~&lt;img src=&quot;data:image/png;base64,[BLOB]&quot; /&gt;&lt;br /&gt;\r\nMade in USA&lt;br /&gt;\r\n&amp;nbsp;&lt;/p&gt;\r\n','','','');

--
-- Table structure for table `oc_product_discount`
--

CREATE TABLE `oc_product_discount` (
  `product_discount_id` int(11) NOT NULL AUTO_INCREMENT,
  `product_id` int(11) NOT NULL,
  `customer_group_id` int(11) NOT NULL,
  `quantity` int(4) NOT NULL DEFAULT '0',
  `priority` int(5) NOT NULL DEFAULT '1',
  `price` decimal(15,4) NOT NULL DEFAULT '0.0000',
  `date_start` date NOT NULL DEFAULT '0000-00-00',
  `date_end` date NOT NULL DEFAULT '0000-00-00',
  PRIMARY KEY (`product_discount_id`),
  KEY `product_id` (`product_id`)
) ENGINE=MyISAM AUTO_INCREMENT=441 DEFAULT CHARSET=utf8;

--
-- Dumping data for table `oc_product_discount`
--


--
-- Table structure for table `oc_product_filter`
--

CREATE TABLE `oc_product_filter` (
  `product_id` int(11) NOT NULL,
  `filter_id` int(11) NOT NULL,
  PRIMARY KEY (`product_id`,`filter_id`)
) ENGINE=MyISAM DEFAULT CHARSET=utf8;

--
-- Dumping data for table `oc_product_filter`
--


--
-- Table structure for table `oc_product_image`
--

CREATE TABLE `oc_product_image` (
  `product_image_id` int(11) NOT NULL AUTO_INCREMENT,
  `product_id` int(11) NOT NULL,
  `image` varchar(255) DEFAULT NULL,
  `sort_order` int(3) NOT NULL DEFAULT '0',
  PRIMARY KEY (`product_image_id`)
) ENGINE=MyISAM AUTO_INCREMENT=2421 DEFAULT CHARSET=utf8;

--
-- Dumping data for table `oc_product_image`
--

INSERT INTO `oc_product_image` VALUES (2419,570,'data/Flux/LT-2002.png',0),(2420,596,'data/95T Discover SE-3 HD with Tv & Wifi.jpg',0);

--
-- Table structure for table `oc_product_option`
--

CREATE TABLE `oc_product_option` (
  `product_option_id` int(11) NOT NULL AUTO_INCREMENT,
  `product_id` int(11) NOT NULL,
  `option_id` int(11) NOT NULL,
  `option_value` text NOT NULL,
  `required` tinyint(1) NOT NULL,
  PRIMARY KEY (`product_option_id`)
) ENGINE=MyISAM AUTO_INCREMENT=227 DEFAULT CHARSET=utf8;

--
-- Dumping data for table `oc_product_option`
--


--
-- Table structure for table `oc_product_option_value`
--

CREATE TABLE `oc_product_option_value` (
  `product_option_value_id` int(11) NOT NULL AUTO_INCREMENT,
  `product_option_id` int(11) NOT NULL,
  `product_id` int(11) NOT NULL,
  `option_id` int(11) NOT NULL,
  `option_value_id` int(11) NOT NULL,
  `quantity` int(3) NOT NULL,
  `subtract` tinyint(1) NOT NULL,
  `price` decimal(15,4) NOT NULL,
  `price_prefix` varchar(1) NOT NULL,
  `points` int(8) NOT NULL,
  `points_prefix` varchar(1) NOT NULL,
  `weight` decimal(15,8) NOT NULL,
  `weight_prefix` varchar(1) NOT NULL,
  PRIMARY KEY (`product_option_value_id`)
) ENGINE=MyISAM AUTO_INCREMENT=17 DEFAULT CHARSET=utf8;

--
-- Dumping data for table `oc_product_option_value`
--


--
-- Table structure for table `oc_product_pdfs`
--

CREATE TABLE `oc_product_pdfs` (
  `pdf_id` int(11) NOT NULL AUTO_INCREMENT,
  `filename` varchar(255) COLLATE utf8_unicode_ci DEFAULT NULL,
  `display_name` varchar(255) COLLATE utf8_unicode_ci DEFAULT NULL,
  PRIMARY KEY (`pdf_id`)
) ENGINE=MyISAM AUTO_INCREMENT=322 DEFAULT CHARSET=utf8 COLLATE=utf8_unicode_ci;

--
-- Dumping data for table `oc_product_pdfs`
--

INSERT INTO `oc_product_pdfs` VALUES (2,'16253_CP.pdf','16253_CP.pdf'),(3,'K_16251_K_16254_K_16255_K_16256_New.pdf','K_16251_K_16254_K_16255_K_16256_New.pdf'),(4,'14435.pdf','14435.pdf'),(5,'K_14436_K_14443_K_14441_K_14444_K_14445_K_14440_K_14447.pdf','K_14436_K_14443_K_14441_K_14444_K_14445_K_14440_K_14447.pdf'),(6,'14437.pdf','14437.pdf'),(7,'K_11581_K_11582_K_11583_K_11584_K_11585_K_11587_K_11586.pdf','K_11581_K_11582_K_11583_K_11584_K_11585_K_11587_K_11586.pdf'),(8,'10550_CP.pdf','10550_CP.pdf'),(9,'10712_Tech_Drawing.pdf','10712_Tech_Drawing.pdf'),(10,'10705.pdf','10705.pdf'),(11,'10701.pdf','10701.pdf'),(12,'17522.pdf','17522.pdf'),(13,'17521.pdf','17521.pdf'),(14,'17529.pdf','17529.pdf'),(15,'17520.pdf','17520.pdf'),(16,'17526.pdf','17526.pdf'),(17,'17524.pdf','17524.pdf'),(18,'17531.pdf','17531.pdf'),(19,'17530.pdf','17530.pdf'),(20,'17523.pdf','17523.pdf'),(21,'17528.pdf','17528.pdf'),(22,'17525.pdf','17525.pdf'),(23,'K_744_CP.pdf','K_744_CP.pdf'),(24,'5487_installation.pdf','5487_installation.pdf'),(25,'5486t.pdf','5486t.pdf'),(26,'K_4915_0.pdf','K_4915_0.pdf'),(27,'K_16320.pdf','K_16320.pdf'),(28,'K_19699D_0.pdf','K_19699D_0.pdf'),(29,'K_4918_0.pdf','K_4918_0.pdf'),(30,'K_18842D.pdf','K_18842D.pdf'),(31,'K_18645W_0.pdf','K_18645W_0.pdf'),(32,'K_4960_ET.pdf','K_4960_ET.pdf'),(33,'K_4978T_ER_0.pdf','K_4978T_ER_0.pdf'),(34,'K_5016_ER_0.pdf','K_5016_ER_0.pdf'),(35,'K_8787T_C01_SC.pdf','K_8787T_C01_SC.pdf'),(36,'K_8787_C02_SC.pdf','K_8787_C02_SC.pdf'),(37,'K_8791K_C02_CP.pdf','K_8791K_C02_CP.pdf'),(38,'18055_18056_18057_18058.pdf','18055_18056_18057_18058.pdf'),(39,'K_6286_NA.pdf','K_6286_NA.pdf'),(40,'K_6287IN_F_NA.pdf','K_6287IN_F_NA.pdf'),(41,'K_11010_VC.pdf','K_11010_VC.pdf'),(42,'11000_BU.pdf','11000_BU.pdf'),(43,'K_16228IN_4_CP.pdf','K_16228IN_4_CP.pdf'),(44,'16230T.pdf','16230T.pdf'),(45,'16231T.pdf','16231T.pdf'),(46,'16232T.pdf','16232T.pdf'),(47,'942_4_CP.pdf','942_4_CP.pdf'),(48,'T944_4_CP_Spec.pdf','T944_4_CP_Spec.pdf'),(49,'210IN_ND_CP.pdf','210IN_ND_CP.pdf'),(50,'14428_in.pdf','14428_in.pdf'),(51,'14402_4A.pdf','14402_4A.pdf'),(52,'14404_4A.pdf','14404_4A.pdf'),(53,'14415.pdf','14415.pdf'),(54,'14406_4.pdf','14406_4.pdf'),(55,'8673_4M.pdf','8673_4M.pdf'),(56,'8670t_4m.pdf','8670t_4m.pdf'),(57,'19910.pdf','19910.pdf'),(58,'19480IN_CP.pdf','19480IN_CP.pdf'),(59,'10085.pdf','10085.pdf'),(60,'11569IN_7.PDF','11569IN_7.PDF'),(61,'10087.pdf','10087.pdf'),(62,'10086IN.pdf','10086IN.pdf'),(63,'10217.pdf','10217.pdf'),(64,'8657IN_4_CP.pdf','8657IN_4_CP.pdf'),(65,'12183.pdf','12183.pdf'),(66,'6227.pdf','6227.pdf'),(67,'6331.pdf','6331.pdf'),(68,'692.pdf','692.pdf'),(69,'8630.cn.pdf','8630.cn.pdf'),(70,'9076IN_CP.pdf','9076IN_CP.pdf'),(71,'8855.pdf','8855.pdf'),(72,'16390.pdf','16390.pdf'),(73,'18870_73.pdf','18870_73.pdf'),(74,'18504IN_CP.pdf','18504IN_CP.pdf'),(75,'18872IN_ND_CP.pdf','18872IN_ND_CP.pdf'),(76,'18871IN_CP.pdf','18871IN_CP.pdf'),(77,'11570IN_7.PDF','11570IN_7.PDF'),(78,'10860IN_4_CP.pdf','10860IN_4_CP.pdf'),(79,'10860IN_4ND_CP.pdf','10860IN_4ND_CP.pdf'),(80,'10861IN_4ND_CP.pdf','10861IN_4ND_CP.pdf'),(81,'10863.pdf','10863.pdf'),(82,'18000IN_ND_CP.pdf','18000IN_ND_CP.pdf'),(83,'8680IN_1ND_CP.pdf','8680IN_1ND_CP.pdf'),(84,'8600_1.cn.pdf','8600_1.cn.pdf'),(85,'8606_1.cn.pdf','8606_1.cn.pdf'),(86,'11535IN.pdf','11535IN.pdf'),(87,'18653IN_1ND_CP.pdf','18653IN_1ND_CP.pdf'),(88,'11561IN_7.PDF','11561IN_7.PDF'),(89,'660IN_ND_CP.pdf','660IN_ND_CP.pdf'),(90,'K_16027IN_4ND_CP.pdf','K_16027IN_4ND_CP.pdf'),(91,'8620.cn.pdf','8620.cn.pdf'),(92,'11541IN_4_CP.pdf','11541IN_4_CP.pdf'),(93,'monoblock.pdf','monoblock.pdf'),(94,'bathshower.pdf','bathshower.pdf'),(95,'16501.pdf','16501.pdf'),(96,'16508_7.pdf','16508_7.pdf'),(97,'11563IN_7_galeo_pillar.pdf','11563IN_7_galeo_pillar.pdf'),(98,'cabriole.pdf','cabriole.pdf'),(99,'fairfax.pdf','fairfax.pdf'),(100,'july.pdf','july.pdf'),(101,'singulier.pdf','singulier.pdf'),(102,'647.pdf','647.pdf'),(103,'10416.pdf','10416.pdf'),(104,'12177IN_CP.pdf','12177IN_CP.pdf'),(105,'8691.cn.pdf','8691.cn.pdf'),(106,'10877IN_4_CP.pdf','10877IN_4_CP.pdf'),(107,'Easy_18161t_12873t.pdf','Easy_18161t_12873t.pdf'),(108,'8623.cn.pdf','8623.cn.pdf'),(109,'K_16504IN_7.pdf','K_16504IN_7.pdf'),(110,'8616_1a.cn.pdf','8616_1a.cn.pdf'),(111,'8616_8617.pdf','8616_8617.pdf'),(112,'11565.pdf','11565.pdf'),(113,'11567_one_way_bibcock.pdf','11567_one_way_bibcock.pdf'),(114,'16517IN_CP.pdf','16517IN_CP.pdf'),(115,'11566.pdf','11566.pdf'),(116,'11568.pdf','11568.pdf'),(117,'9031.pdf','9031.pdf'),(118,'9031IN_A_CP.pdf','9031IN_A_CP.pdf'),(119,'1065000.pdf','1065000.pdf'),(120,'12925_12926_12927_12928_12929_12931.pdf','12925_12926_12927_12928_12929_12931.pdf'),(121,'12925_12926_12927_12928_12929_12931roughin.pdf','12925_12926_12927_12928_12929_12931roughin.pdf'),(122,'K_7314IN_CP.pdf','K_7314IN_CP.pdf'),(123,'16407.pdf','16407.pdf'),(124,'K_2369.pdf','K_2369.pdf'),(125,'K_2314_0.pdf','K_2314_0.pdf'),(126,'K_2313_0.pdf','K_2313_0.pdf'),(127,'K_2353_1.pdf','K_2353_1.pdf'),(128,'K_2331K_1_0.pdf','K_2331K_1_0.pdf'),(129,'K_2352.pdf','K_2352.pdf'),(130,'K_2371.pdf','K_2371.pdf'),(131,'K_2277.pdf','K_2277.pdf'),(132,'K_2530W_0.pdf','K_2530W_0.pdf'),(133,'K_2531W.pdf','K_2531W.pdf'),(134,'K_19047_00.pdf','K_19047_00.pdf'),(135,'K_17302_1_0.pdf','K_17302_1_0.pdf'),(136,'K_14718K_0.pdf','K_14718K_0.pdf'),(137,'K_14719T_1_0.pdf','K_14719T_1_0.pdf'),(138,'K_2200_G_0.pdf','K_2200_G_0.pdf'),(139,'K_14800T.pdf','K_14800T.pdf'),(140,'K_2203_G_0.pdf','K_2203_G_0.pdf'),(141,'K_14715K_1_0.pdf','K_14715K_1_0.pdf'),(142,'K_19897T_0.pdf','K_19897T_0.pdf'),(143,'K_17248_0.pdf','K_17248_0.pdf'),(144,'K_17245_0.pdf','K_17245_0.pdf'),(145,'K_2479_0.pdf','K_2479_0.pdf'),(146,'K_2815_0.pdf','K_2815_0.pdf'),(147,'K_8746_1_0.pdf','K_8746_1_0.pdf'),(148,'K_2217_0.pdf','K_2217_0.pdf'),(149,'K_2241_8_0.pdf','K_2241_8_0.pdf'),(150,'K_2220_0.pdf','K_2220_0.pdf'),(151,'K_2075_1_0.pdf','K_2075_1_0.pdf'),(152,'K_2009_1_0.pdf','K_2009_1_0.pdf'),(153,'K_14287.pdf','K_14287.pdf'),(154,'K_14046.pdf','K_14046.pdf'),(155,'K_2219_0.pdf','K_2219_0.pdf'),(156,'K_2240_0.pdf','K_2240_0.pdf'),(157,'K_2355_1063457_4.pdf','K_2355_1063457_4.pdf'),(158,'K_2215T_M.pdf','K_2215T_M.pdf'),(159,'K_2215_0.pdf','K_2215_0.pdf'),(160,'K_19798W_00.pdf','K_19798W_00.pdf'),(161,'K_2210_0.pdf','K_2210_0.pdf'),(162,'K_2211_0.pdf','K_2211_0.pdf'),(163,'K_8747_1_0.pdf','K_8747_1_0.pdf'),(164,'K_2238_1_0.pdf','K_2238_1_0.pdf'),(165,'K_17654_0.pdf','K_17654_0.pdf'),(166,'K_2017_1_0.pdf','K_2017_1_0.pdf'),(167,'8700_1_0.pdf','8700_1_0.pdf'),(168,'K_19797W_00.pdf','K_19797W_00.pdf'),(169,'K_19799W_0.pdf','K_19799W_0.pdf'),(170,'K_17656_0.pdf','K_17656_0.pdf'),(171,'K_17657.pdf','K_17657.pdf'),(172,'K_11341_1_0.pdf','K_11341_1_0.pdf'),(173,'2534W_0.pdf','2534W_0.pdf'),(174,'K_19034_0.pdf','K_19034_0.pdf'),(175,'K_19950.pdf','K_19950.pdf'),(176,'K_2420_1_0.pdf','K_2420_1_0.pdf'),(177,'K_19033.pdf','K_19033.pdf'),(178,'K_2421_1_0.pdf','K_2421_1_0.pdf'),(179,'K_14715K_1G_0.pdf','K_14715K_1G_0.pdf'),(180,'K_11160_1_0.pdf','K_11160_1_0.pdf'),(181,'k_3870_3871_3872.pdf','k_3870_3871_3872.pdf'),(182,'682.pdf','682.pdf'),(183,'684.pdf','684.pdf'),(184,'695.pdf','695.pdf'),(185,'638.pdf','638.pdf'),(186,'8033.pdf','8033.pdf'),(187,'10609_A.pdf','10609_A.pdf'),(188,'10609_B.pdf','10609_B.pdf'),(189,'8002_8003.pdf','8002_8003.pdf'),(190,'8022_8023.pdf','8022_8023.pdf'),(191,'8030.pdf','8030.pdf'),(192,'8014_8013.pdf','8014_8013.pdf'),(193,'10114.pdf','10114.pdf'),(194,'10115.pdf','10115.pdf'),(195,'11611.pdf','11611.pdf'),(196,'16345.pdf','16345.pdf'),(197,'16346.pdf','16346.pdf'),(198,'16347_Shower_Arm.pdf','16347_Shower_Arm.pdf'),(199,'11623.pdf','11623.pdf'),(200,'3867IN_CP.pdf','3867IN_CP.pdf'),(201,'10376.pdf','10376.pdf'),(202,'10375.pdf','10375.pdf'),(203,'16354.pdf','16354.pdf'),(204,'16353.pdf','16353.pdf'),(205,'16351.pdf','16351.pdf'),(206,'10373_376_373_16354_16351_16353_16355_16356.pdf','10373_376_373_16354_16351_16353_16355_16356.pdf'),(207,'7389.pdf','7389.pdf'),(208,'16355.pdf','16355.pdf'),(209,'16356.pdf','16356.pdf'),(210,'installation_and_user-guide.pdf','installation_and_user-guide.pdf'),(211,'5513IN-CP&amp;7294IN-CP.pdf','5513IN-CP&amp;7294IN-CP.pdf'),(212,'10940_10944.pdf','10940_10944.pdf'),(213,'950_4.pdf','950_4.pdf'),(214,'10943.pdf','10943.pdf'),(215,'14409_14405.pdf','14409_14405.pdf'),(216,'14587.pdf','14587.pdf'),(217,'14489_IN.pdf','14489_IN.pdf'),(218,'12792.pdf','12792.pdf'),(219,'12791.pdf','12791.pdf'),(220,'10879IN.pdf','10879IN.pdf'),(221,'12824_12829_candide_RBS_trim.pdf','12824_12829_candide_RBS_trim.pdf'),(222,'10053_10052.pdf','10053_10052.pdf'),(223,'14646IN_CP.pdf','14646IN_CP.pdf'),(224,'10082_10083.pdf','10082_10083.pdf'),(225,'12797_12798.pdf','12797_12798.pdf'),(226,'16226.pdf','16226.pdf'),(227,'16385.pdf','16385.pdf'),(228,'K_18081IN_4_CP.pdf','K_18081IN_4_CP.pdf'),(229,'K_16316IN_4_CP.pdf','K_16316IN_4_CP.pdf'),(230,'K_16317IN_4_CP.pdf','K_16317IN_4_CP.pdf'),(231,'18464.pdf','18464.pdf'),(232,'18500.pdf','18500.pdf'),(233,'18512.pdf','18512.pdf'),(234,'18514.pdf','18514.pdf'),(235,'10377_16359_16361_16364_16365_163666_16377_Handshower.pdf','10377_16359_16361_16364_16365_163666_16377_Handshower.pdf'),(236,'11615_16359_366_365_364_361_10377_109.pdf','11615_16359_366_365_364_361_10377_109.pdf'),(237,'10109IN_CP.pdf','10109IN_CP.pdf'),(238,'9040_bracket.pdf','9040_bracket.pdf'),(239,'9039_bracket.pdf','9039_bracket.pdf'),(240,'9038_bracket_Installation.pdf','9038_bracket_Installation.pdf'),(241,'8609.pdf','8609.pdf'),(242,'16381.pdf','16381.pdf'),(243,'11629IN_CP.pdf','11629IN_CP.pdf'),(244,'14426IN.pdf','14426IN.pdf'),(245,'10054.pdf','10054.pdf'),(246,'10383_10384_10385_10386_Bath_Spout.pdf','10383_10384_10385_10386_Bath_Spout.pdf'),(247,'7099.pdf','7099.pdf'),(248,'7098.pdf','7098.pdf'),(249,'410.pdf','410.pdf'),(250,'669.pdf','669.pdf'),(251,'306.pdf','306.pdf'),(252,'687.pdf','687.pdf'),(253,'671.pdf','671.pdf'),(254,'K_16292IN_NA.pdf','K_16292IN_NA.pdf'),(255,'11743.pdf','11743.pdf'),(256,'882IN_CP.pdf','882IN_CP.pdf'),(257,'11556.pdf','11556.pdf'),(258,'880IN_CP.pdf','880IN_CP.pdf'),(259,'17227.pdf','17227.pdf'),(260,'17226.pdf','17226.pdf'),(261,'17230.pdf','17230.pdf'),(262,'17224.pdf','17224.pdf'),(263,'2537W_0.pdf','2537W_0.pdf'),(264,'K_3492K_0.pdf','K_3492K_0.pdf'),(265,'K_19056T_S_0.pdf','K_19056T_S_0.pdf'),(266,'K_3384_S2_0.pdf','K_3384_S2_0.pdf'),(267,'K_3386_A_0.pdf','K_3386_A_0.pdf'),(268,'K_19796K_00.pdf','K_19796K_00.pdf'),(269,'K_8707_0.pdf','K_8707_0.pdf'),(270,'K_17509_0.pdf','K_17509_0.pdf'),(271,'K_3439_S_0.pdf','K_3439_S_0.pdf'),(272,'K_17640IN_00.pdf','K_17640IN_00.pdf'),(273,'K_8753_S_0_or_K_8753K_0.pdf','K_8753_S_0_or_K_8753K_0.pdf'),(274,'K_8711_0.pdf','K_8711_0.pdf'),(275,'K_3567_0.pdf','K_3567_0.pdf'),(276,'K_16817IN_00.pdf','K_16817IN_00.pdf'),(277,'k_3594.pdf','k_3594.pdf'),(278,'K_18133K.pdf','K_18133K.pdf'),(279,'K_18132K_S_0.pdf','K_18132K_S_0.pdf'),(280,'K_17647K_S_0.pdf','K_17647K_S_0.pdf'),(281,'K_8752_0.pdf','K_8752_0.pdf'),(282,'K_18131K_WD_0.pdf','K_18131K_WD_0.pdf'),(283,'K_17661_S_0_or_K_17661K_0.pdf','K_17661_S_0_or_K_17661K_0.pdf'),(284,'K_19046W.pdf','K_19046W.pdf'),(285,'K_19917.pdf','K_19917.pdf'),(286,'K_1111_VLN.pdf','K_1111_VLN.pdf'),(287,'K_1365_H2_0.pdf','K_1365_H2_0.pdf'),(288,'K_1397_H3_0.pdf','K_1397_H3_0.pdf'),(289,'K_1188_C1_0.pdf','K_1188_C1_0.pdf'),(290,'K_11343.pdf','K_11343.pdf'),(291,'16223_0.pdf','16223_0.pdf'),(292,'K_6047_0.pdf','K_6047_0.pdf'),(293,'K_1433.pdf','K_1433.pdf'),(294,'1337_0.pdf','1337_0.pdf'),(295,'K_1709_58.pdf','K_1709_58.pdf'),(296,'K_1709_1P_0.pdf','K_1709_1P_0.pdf'),(297,'K_18777_0.pdf','K_18777_0.pdf'),(298,'K_18210T_0.pdf','K_18210T_0.pdf'),(299,'K_18212T_G1_0.pdf','K_18212T_G1_0.pdf'),(300,'K_1404_0.pdf','K_1404_0.pdf'),(301,'K_556T_0.pdf','K_556T_0.pdf'),(302,'6311W.pdf','6311W.pdf'),(303,'K_700_0.pdf','K_700_0.pdf'),(304,'11195_0.pdf','11195_0.pdf'),(305,'863_0.pdf','863_0.pdf'),(306,'K_850T_0.pdf','K_850T_0.pdf'),(307,'K_18236T_0.pdf','K_18236T_0.pdf'),(308,'16221_0.pdf','16221_0.pdf'),(309,'K_6060_0.pdf','K_6060_0.pdf'),(310,'K_940_0.pdf','K_940_0.pdf'),(311,'K_943_0.pdf','K_943_0.pdf'),(312,'1704T_1P.pdf','1704T_1P.pdf'),(313,'K_1707T_0.pdf','K_1707T_0.pdf'),(314,'18778_0.pdf','18778_0.pdf'),(315,'18776_0.pdf','18776_0.pdf'),(316,'K_18775.pdf','K_18775.pdf'),(317,'1219_0.pdf','1219_0.pdf'),(318,'K_8272T_0.pdf','K_8272T_0.pdf'),(319,'K_1510.pdf','K_1510.pdf'),(320,'K_8277K_0.pdf','K_8277K_0.pdf'),(321,'K_1183.pdf','K_1183.pdf');

--
-- Table structure for table `oc_product_related`
--

CREATE TABLE `oc_product_related` (
  `product_id` int(11) NOT NULL,
  `related_id` int(11) NOT NULL,
  PRIMARY KEY (`product_id`,`related_id`)
) ENGINE=MyISAM DEFAULT CHARSET=utf8;

--
-- Dumping data for table `oc_product_related`
--


--
-- Table structure for table `oc_product_reward`
--

CREATE TABLE `oc_product_reward` (
  `product_reward_id` int(11) NOT NULL AUTO_INCREMENT,
  `product_id` int(11) NOT NULL DEFAULT '0',
  `customer_group_id` int(11) NOT NULL DEFAULT '0',
  `points` int(8) NOT NULL DEFAULT '0',
  PRIMARY KEY (`product_reward_id`)
) ENGINE=MyISAM AUTO_INCREMENT=1783 DEFAULT CHARSET=utf8;

--
-- Dumping data for table `oc_product_reward`
--

INSERT INTO `oc_product_reward` VALUES (584,65,1,0),(579,60,1,0),(666,61,1,0),(585,66,1,0),(586,67,1,0),(1524,69,1,0),(1528,568,1,0),(581,62,1,0),(1538,573,1,0),(1540,575,1,0),(1539,572,1,0),(1536,574,1,0),(1681,569,1,0),(594,75,1,0),(595,76,1,0),(596,77,1,0),(1726,614,1,0),(1617,613,1,0),(599,80,1,0),(622,82,1,0),(623,83,1,0),(624,84,1,0),(625,85,1,0),(626,86,1,0),(643,87,1,0),(644,88,1,0),(645,89,1,0),(646,90,1,0),(647,91,1,0),(648,92,1,0),(649,93,1,0),(650,94,1,0),(1771,652,1,0),(1770,651,1,0),(1769,650,1,0),(1768,649,1,0),(1767,648,1,0),(1766,647,1,0),(1765,646,1,0),(1687,631,1,0),(1685,115,1,0),(1686,116,1,0),(1693,117,1,0),(1688,118,1,0),(1689,119,1,0),(1690,120,1,0),(1692,121,1,0),(1694,122,1,0),(1695,123,1,0),(1696,124,1,0),(1697,125,1,0),(723,126,1,0),(725,127,1,0),(727,128,1,0),(730,129,1,0),(1640,130,1,0),(735,131,1,0),(1711,132,1,0),(739,133,1,0),(741,134,1,0),(743,135,1,0),(1642,136,1,0),(1643,137,1,0),(1639,138,1,0),(1679,139,1,0),(1641,140,1,0),(755,141,1,0),(757,142,1,0),(759,143,1,0),(1682,144,1,0),(761,145,1,0),(1780,661,1,0),(1744,645,1,0),(1781,662,1,0),(1649,150,1,0),(1648,151,1,0),(775,152,1,0),(777,153,1,0),(779,154,1,0),(781,155,1,0),(783,156,1,0),(785,157,1,0),(1724,158,1,0),(789,159,1,0),(791,160,1,0),(793,161,1,0),(795,162,1,0),(797,163,1,0),(799,164,1,0),(801,165,1,0),(803,166,1,0),(1777,658,1,0),(1725,169,1,0),(815,171,1,0),(814,172,1,0),(817,173,1,0),(819,174,1,0),(821,175,1,0),(823,176,1,0),(1776,657,1,0),(1775,656,1,0),(1722,182,1,0),(844,185,1,0),(846,186,1,0),(1683,190,1,0),(858,192,1,0),(860,193,1,0),(862,194,1,0),(864,195,1,0),(866,196,1,0),(869,197,1,0),(871,198,1,0),(1655,630,1,0),(1652,203,1,0),(1657,204,1,0),(886,205,1,0),(1708,638,1,0),(1705,637,1,0),(892,208,1,0),(894,209,1,0),(1651,215,1,0),(1723,216,1,0),(1779,660,1,0),(1778,659,1,0),(918,220,1,0),(920,221,1,0),(922,222,1,0),(928,225,1,0),(930,226,1,0),(1709,639,1,0),(939,230,1,0),(941,231,1,0),(951,236,1,0),(1735,243,1,0),(967,244,1,0),(1773,654,1,0),(1042,281,1,0),(972,247,1,0),(974,248,1,0),(976,249,1,0),(1665,250,1,0),(984,253,1,0),(985,254,1,0),(987,255,1,0),(1721,641,1,0),(1713,257,1,0),(1667,258,1,0),(996,259,1,0),(998,260,1,0),(1668,261,1,0),(1002,262,1,0),(1006,264,1,0),(1671,265,1,0),(1012,266,1,0),(1016,268,1,0),(1676,269,1,0),(1020,270,1,0),(1021,271,1,0),(1024,272,1,0),(1026,273,1,0),(1028,274,1,0),(1030,275,1,0),(1622,280,1,0),(1772,653,1,0),(1774,655,1,0),(1051,286,1,0),(1703,635,1,0),(1700,632,1,0),(1661,290,1,0),(1702,634,1,0),(1061,292,1,0),(1062,293,1,0),(1063,294,1,0),(1064,295,1,0),(1066,296,1,0),(1067,297,1,0),(1068,298,1,0),(1070,299,1,0),(1730,300,1,0),(1074,301,1,0),(1704,636,1,0),(1701,633,1,0),(1083,306,1,0),(1081,305,1,0),(1729,307,1,0),(1087,308,1,0),(1698,309,1,0),(1091,310,1,0),(1728,642,1,0),(1719,312,1,0),(1732,313,1,0),(1099,314,1,0),(1101,315,1,0),(1103,316,1,0),(1675,318,1,0),(1117,323,1,0),(1734,644,1,0),(1123,326,1,0),(1125,327,1,0),(1127,328,1,0),(1129,329,1,0),(1131,330,1,0),(1133,331,1,0),(1137,332,1,0),(1136,333,1,0),(1139,334,1,0),(1141,335,1,0),(1143,336,1,0),(1145,337,1,0),(1147,338,1,0),(1618,339,1,0),(1616,340,1,0),(1153,341,1,0),(1155,342,1,0),(1157,343,1,0),(1159,344,1,0),(1165,347,1,0),(1167,348,1,0),(1169,349,1,0),(1171,350,1,0),(1173,351,1,0),(1720,352,1,0),(1177,353,1,0),(1179,354,1,0),(1181,355,1,0),(1183,356,1,0),(1185,357,1,0),(1187,358,1,0),(1189,359,1,0),(1191,360,1,0),(1193,361,1,0),(1195,362,1,0),(1197,363,1,0),(1199,364,1,0),(1656,365,1,0),(1654,366,1,0),(1209,369,1,0),(1211,370,1,0),(1213,371,1,0),(1217,373,1,0),(1219,374,1,0),(1221,375,1,0),(1223,376,1,0),(1227,378,1,0),(1233,381,1,0),(1237,383,1,0),(1241,384,1,0),(1242,385,1,0),(1244,386,1,0),(1246,387,1,0),(1736,388,1,0),(1255,391,1,0),(1257,392,1,0),(1260,393,1,0),(1262,395,1,0),(1264,396,1,0),(1266,397,1,0),(1647,398,1,0),(1646,400,1,0),(1645,401,1,0),(1282,405,1,0),(1288,408,1,0),(1290,409,1,0),(1294,411,1,0),(1296,412,1,0),(1300,414,1,0),(1302,415,1,0),(1304,416,1,0),(1306,417,1,0),(1309,419,1,0),(1310,420,1,0),(1312,421,1,0),(1314,422,1,0),(1315,423,1,0),(1345,424,1,0),(1319,425,1,0),(1321,426,1,0),(1323,427,1,0),(1325,428,1,0),(1699,429,1,0),(1329,430,1,0),(1733,643,1,0),(1333,432,1,0),(1335,433,1,0),(1337,434,1,0),(1339,435,1,0),(1341,436,1,0),(1344,439,1,0),(1718,440,1,0),(1349,441,1,0),(1351,442,1,0),(1731,443,1,0),(1355,444,1,0),(1357,445,1,0),(1359,446,1,0),(1361,447,1,0),(1363,449,1,0),(1717,450,1,0),(1366,451,1,0),(1368,452,1,0),(1669,453,1,0),(1372,454,1,0),(1374,455,1,0),(1376,456,1,0),(1706,457,1,0),(1380,458,1,0),(1382,459,1,0),(1670,460,1,0),(1386,461,1,0),(1388,462,1,0),(1390,463,1,0),(1394,465,1,0),(1396,466,1,0),(1738,467,1,0),(1782,663,1,0),(1710,469,1,0),(1707,470,1,0),(1410,473,1,0),(1412,474,1,0),(1414,475,1,0),(1416,476,1,0),(1418,477,1,0),(1420,478,1,0),(1422,479,1,0),(1424,480,1,0),(1428,482,1,0),(1684,483,1,0),(1680,485,1,0),(1444,490,1,0),(1447,492,1,0),(1448,493,1,0),(1449,494,1,0),(1450,495,1,0),(1451,496,1,0),(1452,497,1,0),(1453,498,1,0),(1454,499,1,0),(1455,500,1,0),(1456,501,1,0),(1457,502,1,0),(1458,503,1,0),(1459,504,1,0),(1614,505,1,0),(1461,506,1,0),(1462,507,1,0),(1463,508,1,0),(1464,509,1,0),(1465,510,1,0),(1466,511,1,0),(1467,512,1,0),(1468,513,1,0),(1469,514,1,0),(1470,515,1,0),(1471,516,1,0),(1472,517,1,0),(1473,518,1,0),(1474,519,1,0),(1475,520,1,0),(1476,521,1,0),(1477,522,1,0),(1742,523,1,0),(1760,524,1,0),(1746,525,1,0),(1753,526,1,0),(1757,527,1,0),(1613,528,1,0),(1484,529,1,0),(1762,530,1,0),(1630,607,1,0),(1759,532,1,0),(1751,533,1,0),(1755,534,1,0),(1756,535,1,0),(1754,536,1,0),(1745,537,1,0),(1749,538,1,0),(1758,539,1,0),(1495,540,1,0),(1761,541,1,0),(1612,542,1,0),(1498,543,1,0),(1499,544,1,0),(1500,545,1,0),(1501,546,1,0),(1502,547,1,0),(1525,548,1,0),(1504,549,1,0),(1505,550,1,0),(1506,551,1,0),(1507,552,1,0),(1508,553,1,0),(1509,554,1,0),(1510,555,1,0),(1511,556,1,0),(1512,557,1,0),(1513,558,1,0),(1514,559,1,0),(1515,560,1,0),(1516,561,1,0),(1517,562,1,0),(1518,563,1,0),(1519,564,1,0),(1520,565,1,0),(1521,566,1,0),(1532,570,1,0),(1541,576,1,0),(1542,577,1,0),(1543,578,1,0),(1544,579,1,0),(1545,580,1,0),(1546,581,1,0),(1547,582,1,0),(1548,583,1,0),(1549,584,1,0),(1550,585,1,0),(1555,586,1,0),(1554,587,1,0),(1553,588,1,0),(1556,589,1,0),(1557,590,1,0),(1558,591,1,0),(1559,592,1,0),(1560,593,1,0),(1561,594,1,0),(1562,595,1,0),(1563,596,1,0),(1635,597,1,0),(1634,598,1,0),(1633,599,1,0),(1636,600,1,0),(1637,601,1,0),(1629,606,1,0),(1611,603,1,0),(1631,608,1,0),(1632,609,1,0),(1624,612,1,0),(1743,611,1,0),(1727,615,1,0),(1763,616,1,0),(1663,617,1,0),(1598,618,1,0),(1764,619,1,0),(1664,620,1,0),(1601,621,1,0),(1739,622,1,0),(1660,623,1,0),(1740,624,1,0),(1662,625,1,0),(1608,626,1,0),(1607,627,1,0),(1628,628,1,0),(1627,629,1,0);

--
-- Table structure for table `oc_product_special`
--

CREATE TABLE `oc_product_special` (
  `product_special_id` int(11) NOT NULL AUTO_INCREMENT,
  `product_id` int(11) NOT NULL,
  `customer_group_id` int(11) NOT NULL,
  `priority` int(5) NOT NULL DEFAULT '1',
  `price` decimal(15,4) NOT NULL DEFAULT '0.0000',
  `date_start` date NOT NULL DEFAULT '0000-00-00',
  `date_end` date NOT NULL DEFAULT '0000-00-00',
  PRIMARY KEY (`product_special_id`),
  KEY `product_id` (`product_id`)
) ENGINE=MyISAM AUTO_INCREMENT=440 DEFAULT CHARSET=utf8;

--
-- Dumping data for table `oc_product_special`
--


--
-- Table structure for table `oc_product_to_category`
--

CREATE TABLE `oc_product_to_category` (
  `product_id` int(11) NOT NULL,
  `category_id` int(11) NOT NULL,
  PRIMARY KEY (`product_id`,`category_id`)
) ENGINE=MyISAM DEFAULT CHARSET=utf8;

--
-- Dumping data for table `oc_product_to_category`
--

INSERT INTO `oc_product_to_category` VALUES (60,63),(61,63),(61,70),(62,63),(65,63),(66,63),(67,63),(69,66),(75,66),(76,67),(77,67),(80,67),(82,70),(83,70),(84,70),(85,70),(86,70),(87,70),(88,70),(89,70),(90,70),(91,70),(92,70),(93,70),(94,70),(115,70),(116,70),(118,70),(119,70),(120,70),(121,70),(122,70),(123,70),(124,70),(125,70),(126,71),(127,71),(128,71),(129,71),(130,71),(131,71),(132,71),(133,71),(134,71),(135,71),(136,71),(137,71),(138,71),(139,71),(140,71),(141,71),(142,71),(143,71),(144,71),(145,71),(150,63),(151,63),(152,63),(153,63),(154,63),(155,63),(156,63),(157,63),(158,63),(159,63),(160,63),(161,63),(162,63),(163,63),(164,63),(165,63),(166,63),(169,63),(171,63),(172,63),(173,63),(174,63),(175,63),(176,63),(182,73),(185,63),(186,63),(190,63),(192,63),(193,63),(195,63),(196,63),(197,63),(198,63),(203,63),(204,63),(205,63),(208,63),(209,63),(215,63),(216,63),(220,63),(221,63),(222,73),(225,73),(226,73),(230,73),(231,73),(236,74),(243,74),(244,74),(247,80),(248,80),(249,80),(250,80),(253,80),(254,80),(255,80),(257,80),(258,80),(259,80),(260,80),(261,80),(262,80),(264,80),(265,80),(266,80),(268,80),(269,80),(270,80),(272,80),(273,80),(274,80),(275,80),(281,80),(290,80),(292,80),(293,80),(295,80),(296,80),(297,80),(298,80),(299,80),(300,80),(301,80),(305,80),(306,80),(307,80),(308,80),(309,80),(310,80),(312,80),(313,80),(314,80),(315,80),(316,75),(318,75),(323,75),(326,75),(327,75),(328,75),(329,75),(330,75),(331,75),(332,75),(333,75),(334,75),(335,75),(336,75),(337,75),(338,75),(339,75),(340,75),(341,75),(342,75),(343,75),(344,75),(347,75),(348,75),(349,75),(350,75),(351,75),(352,75),(353,75),(354,75),(355,75),(356,75),(357,75),(358,75),(359,75),(360,75),(361,75),(362,75),(363,75),(364,75),(365,75),(366,75),(369,75),(370,75),(371,75),(373,75),(374,75),(375,75),(376,75),(378,75),(381,75),(383,75),(384,75),(385,75),(386,75),(387,75),(388,75),(391,75),(392,75),(393,75),(395,75),(396,75),(397,75),(398,75),(400,75),(401,75),(405,75),(408,75),(409,75),(411,75),(412,75),(414,75),(415,76),(416,76),(417,76),(419,76),(420,76),(421,76),(422,77),(423,77),(424,77),(425,81),(426,81),(427,81),(428,81),(429,81),(430,81),(432,81),(433,81),(434,81),(435,81),(436,81),(439,81),(440,81),(441,81),(442,81),(443,81),(444,81),(445,81),(446,81),(447,81),(449,81),(450,81),(451,81),(452,81),(453,78),(454,78),(455,78),(456,78),(457,78),(458,78),(459,78),(460,78),(461,78),(462,78),(463,78),(465,78),(466,78),(467,78),(469,78),(470,78),(473,78),(474,78),(475,78),(476,78),(477,78),(478,78),(479,78),(480,78),(482,78),(483,78),(485,78),(490,78),(493,87),(494,87),(495,87),(496,87),(497,87),(498,87),(499,87),(500,87),(501,87),(502,87),(503,87),(504,87),(505,87),(523,88),(524,88),(525,88),(526,88),(527,88),(528,66),(528,88),(529,88),(530,88),(532,88),(533,88),(534,88),(535,88),(536,88),(537,88),(538,88),(539,88),(540,88),(541,88),(542,88),(543,88),(544,88),(545,89),(546,89),(547,89),(548,66),(548,90),(549,90),(550,90),(551,90),(552,90),(553,90),(554,90),(555,90),(556,90),(557,90),(558,90),(559,90),(560,90),(561,90),(562,90),(563,90),(564,90),(565,90),(566,90),(568,91),(568,96),(569,91),(569,96),(570,63),(570,99),(572,99),(573,99),(574,99),(575,99),(576,99),(577,99),(578,99),(579,99),(580,99),(581,99),(582,99),(583,63),(583,99),(584,99),(585,99),(586,63),(586,99),(587,99),(588,99),(589,99),(590,99),(591,99),(592,99),(593,99),(594,99),(595,99),(597,97),(598,97),(599,97),(600,98),(601,98),(603,66),(606,102),(607,102),(608,103),(609,103),(611,106),(612,104),(613,104),(614,105),(615,105),(616,97),(617,97),(618,97),(619,98),(620,98),(621,98),(622,102),(623,102),(624,103),(625,103),(626,107),(627,107),(628,104),(629,105),(630,102),(631,67),(632,118),(633,118),(634,113),(635,113),(636,113),(637,112),(638,112),(639,112),(641,67),(642,67),(643,67),(644,67),(645,67),(646,118),(647,118),(648,118),(649,118),(650,118),(651,118),(652,118),(653,115),(654,115),(655,115),(656,115),(657,115),(658,115),(659,115),(660,115),(661,115),(662,115),(663,115);

--
-- Table structure for table `oc_product_to_download`
--

CREATE TABLE `oc_product_to_download` (
  `product_id` int(11) NOT NULL,
  `download_id` int(11) NOT NULL,
  PRIMARY KEY (`product_id`,`download_id`)
) ENGINE=MyISAM DEFAULT CHARSET=utf8;

--
-- Dumping data for table `oc_product_to_download`
--


--
-- Table structure for table `oc_product_to_layout`
--

CREATE TABLE `oc_product_to_layout` (
  `product_id` int(11) NOT NULL,
  `store_id` int(11) NOT NULL,
  `layout_id` int(11) NOT NULL,
  PRIMARY KEY (`product_id`,`store_id`)
) ENGINE=MyISAM DEFAULT CHARSET=utf8;

--
-- Dumping data for table `oc_product_to_layout`
--


--
-- Table structure for table `oc_product_to_pdf`
--

CREATE TABLE `oc_product_to_pdf` (
  `product_to_pdf_id` int(11) NOT NULL AUTO_INCREMENT,
  `product_id` int(11) DEFAULT NULL,
  `pdf_id` int(11) DEFAULT NULL,
  PRIMARY KEY (`product_to_pdf_id`)
) ENGINE=MyISAM AUTO_INCREMENT=378 DEFAULT CHARSET=utf8 COLLATE=utf8_unicode_ci;

--
-- Dumping data for table `oc_product_to_pdf`
--

INSERT INTO `oc_product_to_pdf` VALUES (2,82,2),(3,83,3),(4,84,3),(5,85,3),(6,86,3),(7,87,4),(8,88,5),(9,89,6),(10,90,5),(11,91,5),(12,92,5),(13,93,5),(14,94,5),(15,95,7),(16,96,7),(17,97,7),(18,98,7),(19,99,7),(20,100,7),(21,101,7),(22,61,7),(23,102,8),(24,114,9),(25,113,10),(26,112,11),(27,115,12),(28,116,13),(29,117,14),(30,118,15),(31,119,16),(32,120,17),(33,121,18),(34,122,19),(35,123,20),(36,124,21),(37,125,22),(38,126,23),(39,127,23),(40,128,24),(41,129,25),(42,130,26),(43,131,27),(44,132,28),(45,133,29),(46,134,30),(47,135,31),(48,136,32),(49,137,32),(50,138,33),(51,139,34),(52,140,35),(53,141,36),(54,142,37),(55,143,38),(56,146,39),(57,147,40),(58,148,39),(59,149,41),(60,150,42),(61,151,42),(62,152,43),(63,153,44),(64,154,45),(65,155,46),(66,156,47),(67,157,48),(68,158,49),(69,159,50),(70,160,50),(71,161,51),(72,162,52),(73,163,53),(74,164,53),(75,165,54),(76,166,54),(77,168,55),(78,169,56),(79,170,57),(80,171,58),(81,173,59),(82,174,60),(83,175,61),(84,176,62),(85,177,63),(86,178,64),(87,179,65),(88,180,66),(89,181,66),(90,182,67),(91,183,68),(92,184,69),(93,185,70),(94,186,71),(95,187,72),(96,188,73),(97,189,74),(98,190,75),(99,191,76),(100,192,77),(101,193,78),(102,194,79),(103,195,80),(104,196,81),(105,197,82),(106,198,83),(107,199,84),(108,200,85),(109,201,86),(110,202,87),(111,203,88),(112,204,89),(113,205,90),(114,206,91),(115,207,92),(116,208,93),(117,209,94),(118,210,95),(119,211,96),(120,212,97),(121,213,98),(122,214,98),(123,215,98),(124,216,99),(125,217,99),(126,218,100),(127,219,100),(128,220,101),(129,221,101),(130,222,102),(131,223,103),(132,224,104),(133,225,105),(134,226,106),(135,227,107),(136,228,108),(137,229,109),(138,230,110),(139,231,111),(140,232,112),(141,233,113),(142,234,114),(143,235,115),(144,236,116),(145,237,117),(146,238,118),(147,239,119),(148,240,120),(149,241,120),(150,242,120),(151,243,121),(152,244,122),(153,245,123),(154,247,125),(155,248,126),(156,249,127),(157,250,128),(158,251,129),(159,252,130),(160,253,131),(161,255,132),(162,256,133),(163,257,134),(164,258,135),(165,259,136),(166,260,137),(167,261,138),(168,262,139),(169,263,140),(170,264,141),(171,265,142),(172,266,143),(173,267,144),(174,268,145),(175,269,146),(176,270,147),(177,272,149),(178,273,149),(179,274,150),(180,275,151),(181,276,152),(182,277,2),(183,246,153),(184,279,153),(185,281,154),(186,282,155),(187,283,156),(188,284,157),(189,285,158),(190,288,160),(191,289,161),(192,290,162),(193,292,163),(194,296,163),(195,299,165),(196,300,166),(197,301,167),(198,302,168),(199,303,169),(200,305,170),(201,306,171),(202,307,172),(203,308,173),(204,309,174),(205,310,175),(206,311,176),(207,312,177),(208,313,178),(209,314,179),(210,315,180),(211,316,181),(212,317,181),(213,318,182),(214,319,183),(215,320,184),(216,318,184),(217,322,185),(218,323,186),(219,324,187),(220,325,188),(221,326,189),(222,327,189),(223,328,190),(224,329,191),(225,330,192),(226,331,192),(227,332,193),(228,332,192),(229,334,194),(230,335,195),(231,336,196),(232,337,197),(233,338,198),(234,339,199),(235,340,200),(236,341,201),(237,342,202),(238,343,203),(239,344,204),(240,345,205),(241,346,206),(242,347,207),(243,348,208),(244,349,209),(245,350,210),(246,351,210),(247,352,210),(248,353,211),(249,354,212),(250,355,213),(251,356,213),(252,357,214),(253,358,214),(254,359,215),(255,360,216),(256,361,217),(257,362,218),(258,363,219),(259,364,220),(260,365,221),(261,366,221),(262,367,222),(263,368,223),(264,369,224),(265,370,225),(266,371,226),(267,372,227),(268,373,228),(269,374,229),(270,375,230),(271,376,231),(272,377,232),(273,378,233),(274,379,233),(275,380,234),(276,381,235),(277,382,235),(278,383,236),(279,384,236),(280,385,237),(281,386,237),(282,387,237),(283,388,238),(284,389,239),(285,390,240),(286,391,241),(287,392,242),(288,393,242),(289,395,243),(290,396,244),(291,397,245),(292,398,246),(293,399,246),(294,400,246),(295,401,246),(296,402,247),(297,403,248),(298,404,249),(299,405,250),(300,406,251),(301,406,250),(302,408,252),(303,409,253),(304,410,254),(305,411,255),(306,412,256),(307,413,257),(308,414,258),(309,415,259),(310,416,260),(311,417,261),(312,419,261),(313,421,262),(314,422,262),(315,424,263),(316,425,264),(317,426,265),(318,427,266),(319,428,267),(320,429,268),(321,430,269),(322,431,270),(323,432,271),(324,433,272),(325,434,273),(326,435,274),(327,436,275),(328,424,275),(329,440,276),(330,441,277),(331,442,278),(332,443,279),(333,444,280),(334,445,281),(335,446,282),(336,447,283),(337,450,284),(338,452,285),(339,453,286),(340,454,287),(341,455,288),(342,456,289),(343,457,290),(344,458,291),(345,459,292),(346,460,293),(347,461,294),(348,462,295),(349,463,296),(350,464,297),(351,465,298),(352,466,299),(353,467,300),(354,468,301),(355,469,302),(356,470,302),(357,471,303),(358,472,304),(359,473,305),(360,474,306),(361,475,307),(362,476,307),(363,477,308),(364,478,309),(365,479,310),(366,480,311),(367,481,312),(368,482,313),(369,483,314),(370,484,315),(371,485,316),(372,486,317),(373,487,318),(374,488,319),(375,489,320),(376,490,321),(377,491,321);

--
-- Table structure for table `oc_product_to_store`
--

CREATE TABLE `oc_product_to_store` (
  `product_id` int(11) NOT NULL,
  `store_id` int(11) NOT NULL DEFAULT '0',
  PRIMARY KEY (`product_id`,`store_id`)
) ENGINE=MyISAM DEFAULT CHARSET=utf8;

--
-- Dumping data for table `oc_product_to_store`
--

INSERT INTO `oc_product_to_store` VALUES (60,0),(61,0),(62,0),(65,0),(66,0),(67,0),(69,0),(75,0),(76,0),(77,0),(80,0),(82,0),(83,0),(84,0),(85,0),(86,0),(87,0),(88,0),(89,0),(90,0),(91,0),(92,0),(93,0),(94,0),(115,0),(116,0),(118,0),(119,0),(120,0),(121,0),(122,0),(123,0),(124,0),(125,0),(126,0),(127,0),(128,0),(129,0),(130,0),(131,0),(132,0),(133,0),(134,0),(135,0),(136,0),(137,0),(138,0),(139,0),(140,0),(141,0),(142,0),(143,0),(144,0),(145,0),(150,0),(151,0),(152,0),(153,0),(154,0),(155,0),(156,0),(157,0),(158,0),(159,0),(160,0),(161,0),(162,0),(163,0),(164,0),(165,0),(166,0),(169,0),(171,0),(172,0),(173,0),(174,0),(175,0),(176,0),(182,0),(185,0),(186,0),(190,0),(192,0),(193,0),(194,0),(195,0),(196,0),(197,0),(198,0),(203,0),(204,0),(205,0),(208,0),(209,0),(215,0),(216,0),(220,0),(221,0),(222,0),(225,0),(226,0),(230,0),(231,0),(236,0),(243,0),(244,0),(247,0),(248,0),(249,0),(250,0),(253,0),(254,0),(255,0),(257,0),(258,0),(259,0),(260,0),(261,0),(262,0),(264,0),(265,0),(266,0),(268,0),(269,0),(270,0),(271,0),(272,0),(273,0),(274,0),(275,0),(280,0),(281,0),(286,0),(290,0),(292,0),(293,0),(294,0),(295,0),(296,0),(297,0),(298,0),(299,0),(300,0),(301,0),(305,0),(306,0),(307,0),(308,0),(309,0),(310,0),(312,0),(313,0),(314,0),(315,0),(316,0),(318,0),(323,0),(326,0),(327,0),(328,0),(329,0),(330,0),(331,0),(332,0),(333,0),(334,0),(335,0),(336,0),(337,0),(338,0),(339,0),(340,0),(341,0),(342,0),(343,0),(344,0),(347,0),(348,0),(349,0),(350,0),(351,0),(352,0),(353,0),(354,0),(355,0),(356,0),(357,0),(358,0),(359,0),(360,0),(361,0),(362,0),(363,0),(364,0),(365,0),(366,0),(369,0),(370,0),(371,0),(373,0),(374,0),(375,0),(376,0),(378,0),(381,0),(383,0),(384,0),(385,0),(386,0),(387,0),(388,0),(391,0),(392,0),(393,0),(395,0),(396,0),(397,0),(398,0),(400,0),(401,0),(405,0),(408,0),(409,0),(411,0),(412,0),(414,0),(415,0),(416,0),(417,0),(419,0),(420,0),(421,0),(422,0),(423,0),(424,0),(425,0),(426,0),(427,0),(428,0),(429,0),(430,0),(432,0),(433,0),(434,0),(435,0),(436,0),(439,0),(440,0),(441,0),(442,0),(443,0),(444,0),(445,0),(446,0),(447,0),(449,0),(450,0),(451,0),(452,0),(453,0),(454,0),(455,0),(456,0),(457,0),(458,0),(459,0),(460,0),(461,0),(462,0),(463,0),(465,0),(466,0),(467,0),(469,0),(470,0),(473,0),(474,0),(475,0),(476,0),(477,0),(478,0),(479,0),(480,0),(482,0),(483,0),(485,0),(490,0),(492,0),(493,0),(494,0),(495,0),(496,0),(497,0),(498,0),(499,0),(500,0),(501,0),(502,0),(503,0),(504,0),(505,0),(506,0),(507,0),(508,0),(509,0),(510,0),(511,0),(512,0),(513,0),(514,0),(515,0),(516,0),(517,0),(518,0),(519,0),(520,0),(521,0),(522,0),(523,0),(524,0),(525,0),(526,0),(527,0),(528,0),(529,0),(530,0),(532,0),(533,0),(534,0),(535,0),(536,0),(537,0),(538,0),(539,0),(540,0),(541,0),(542,0),(543,0),(544,0),(545,0),(546,0),(547,0),(548,0),(549,0),(550,0),(551,0),(552,0),(553,0),(554,0),(555,0),(556,0),(557,0),(558,0),(559,0),(560,0),(561,0),(562,0),(563,0),(564,0),(565,0),(566,0),(568,0),(569,0),(570,0),(572,0),(573,0),(574,0),(575,0),(576,0),(577,0),(578,0),(579,0),(580,0),(581,0),(582,0),(583,0),(584,0),(585,0),(586,0),(587,0),(588,0),(589,0),(590,0),(591,0),(592,0),(593,0),(594,0),(595,0),(596,0),(597,0),(598,0),(599,0),(600,0),(601,0),(603,0),(606,0),(607,0),(608,0),(609,0),(611,0),(612,0),(613,0),(614,0),(615,0),(616,0),(617,0),(618,0),(619,0),(620,0),(621,0),(622,0),(623,0),(624,0),(625,0),(626,0),(627,0),(628,0),(629,0),(630,0),(631,0),(632,0),(633,0),(634,0),(635,0),(636,0),(637,0),(638,0),(639,0),(641,0),(642,0),(643,0),(644,0),(645,0),(646,0),(647,0),(648,0),(649,0),(650,0),(651,0),(652,0),(653,0),(654,0),(655,0),(656,0),(657,0),(658,0),(659,0),(660,0),(661,0),(662,0),(663,0);

--
-- Table structure for table `oc_return`
--

CREATE TABLE `oc_return` (
  `return_id` int(11) NOT NULL AUTO_INCREMENT,
  `order_id` int(11) NOT NULL,
  `product_id` int(11) NOT NULL,
  `customer_id` int(11) NOT NULL,
  `firstname` varchar(32) NOT NULL,
  `lastname` varchar(32) NOT NULL,
  `email` varchar(96) NOT NULL,
  `telephone` varchar(32) NOT NULL,
  `product` varchar(255) NOT NULL,
  `model` varchar(64) NOT NULL,
  `quantity` int(4) NOT NULL,
  `opened` tinyint(1) NOT NULL,
  `return_reason_id` int(11) NOT NULL,
  `return_action_id` int(11) NOT NULL,
  `return_status_id` int(11) NOT NULL,
  `comment` text,
  `date_ordered` date NOT NULL,
  `date_added` datetime NOT NULL,
  `date_modified` datetime NOT NULL,
  PRIMARY KEY (`return_id`)
) ENGINE=MyISAM DEFAULT CHARSET=utf8;

--
-- Dumping data for table `oc_return`
--


--
-- Table structure for table `oc_return_action`
--

CREATE TABLE `oc_return_action` (
  `return_action_id` int(11) NOT NULL AUTO_INCREMENT,
  `language_id` int(11) NOT NULL DEFAULT '0',
  `name` varchar(64) NOT NULL,
  PRIMARY KEY (`return_action_id`,`language_id`)
) ENGINE=MyISAM AUTO_INCREMENT=4 DEFAULT CHARSET=utf8;

--
-- Dumping data for table `oc_return_action`
--

INSERT INTO `oc_return_action` VALUES (1,1,'Refunded'),(2,1,'Credit Issued'),(3,1,'Replacement Sent');

--
-- Table structure for table `oc_return_history`
--

CREATE TABLE `oc_return_history` (
  `return_history_id` int(11) NOT NULL AUTO_INCREMENT,
  `return_id` int(11) NOT NULL,
  `return_status_id` int(11) NOT NULL,
  `notify` tinyint(1) NOT NULL,
  `comment` text NOT NULL,
  `date_added` datetime NOT NULL,
  PRIMARY KEY (`return_history_id`)
) ENGINE=MyISAM DEFAULT CHARSET=utf8;

--
-- Dumping data for table `oc_return_history`
--


--
-- Table structure for table `oc_return_reason`
--

CREATE TABLE `oc_return_reason` (
  `return_reason_id` int(11) NOT NULL AUTO_INCREMENT,
  `language_id` int(11) NOT NULL DEFAULT '0',
  `name` varchar(128) NOT NULL,
  PRIMARY KEY (`return_reason_id`,`language_id`)
) ENGINE=MyISAM AUTO_INCREMENT=6 DEFAULT CHARSET=utf8;

--
-- Dumping data for table `oc_return_reason`
--

INSERT INTO `oc_return_reason` VALUES (1,1,'Dead On Arrival'),(2,1,'Received Wrong Item'),(3,1,'Order Error'),(4,1,'Faulty, please supply details'),(5,1,'Other, please supply details');

--
-- Table structure for table `oc_return_status`
--

CREATE TABLE `oc_return_status` (
  `return_status_id` int(11) NOT NULL AUTO_INCREMENT,
  `language_id` int(11) NOT NULL DEFAULT '0',
  `name` varchar(32) NOT NULL,
  PRIMARY KEY (`return_status_id`,`language_id`)
) ENGINE=MyISAM AUTO_INCREMENT=4 DEFAULT CHARSET=utf8;

--
-- Dumping data for table `oc_return_status`
--

INSERT INTO `oc_return_status` VALUES (1,1,'Pending'),(3,1,'Complete'),(2,1,'Awaiting Products');

--
-- Table structure for table `oc_review`
--

CREATE TABLE `oc_review` (
  `review_id` int(11) NOT NULL AUTO_INCREMENT,
  `product_id` int(11) NOT NULL,
  `customer_id` int(11) NOT NULL,
  `author` varchar(64) NOT NULL,
  `text` text NOT NULL,
  `rating` int(1) NOT NULL,
  `status` tinyint(1) NOT NULL DEFAULT '0',
  `date_added` datetime NOT NULL DEFAULT '0000-00-00 00:00:00',
  `date_modified` datetime NOT NULL DEFAULT '0000-00-00 00:00:00',
  PRIMARY KEY (`review_id`),
  KEY `product_id` (`product_id`)
) ENGINE=MyISAM DEFAULT CHARSET=utf8;

--
-- Dumping data for table `oc_review`
--


--
-- Table structure for table `oc_stock_status`
--

CREATE TABLE `oc_stock_status` (
  `stock_status_id` int(11) NOT NULL AUTO_INCREMENT,
  `language_id` int(11) NOT NULL,
  `name` varchar(32) NOT NULL,
  PRIMARY KEY (`stock_status_id`,`language_id`)
) ENGINE=MyISAM AUTO_INCREMENT=9 DEFAULT CHARSET=utf8;

--
-- Dumping data for table `oc_stock_status`
--

INSERT INTO `oc_stock_status` VALUES (7,1,'In Stock'),(8,1,'Pre-Order'),(5,1,'Out Of Stock'),(6,1,'2 - 3 Days');

--
-- Table structure for table `oc_store`
--

CREATE TABLE `oc_store` (
  `store_id` int(11) NOT NULL AUTO_INCREMENT,
  `name` varchar(64) NOT NULL,
  `url` varchar(255) NOT NULL,
  `ssl` varchar(255) NOT NULL,
  PRIMARY KEY (`store_id`)
) ENGINE=MyISAM DEFAULT CHARSET=utf8;

--
-- Dumping data for table `oc_store`
--


--
-- Table structure for table `oc_tax_class`
--

CREATE TABLE `oc_tax_class` (
  `tax_class_id` int(11) NOT NULL AUTO_INCREMENT,
  `title` varchar(32) NOT NULL,
  `description` varchar(255) NOT NULL,
  `date_added` datetime NOT NULL DEFAULT '0000-00-00 00:00:00',
  `date_modified` datetime NOT NULL DEFAULT '0000-00-00 00:00:00',
  PRIMARY KEY (`tax_class_id`)
) ENGINE=MyISAM AUTO_INCREMENT=11 DEFAULT CHARSET=utf8;

--
-- Dumping data for table `oc_tax_class`
--

INSERT INTO `oc_tax_class` VALUES (9,'Taxable Goods','Taxed Stuff','2009-01-06 23:21:53','2011-09-23 14:07:50'),(10,'Downloadable Products','Downloadable','2011-09-21 22:19:39','2011-09-22 10:27:36');

--
-- Table structure for table `oc_tax_rate`
--

CREATE TABLE `oc_tax_rate` (
  `tax_rate_id` int(11) NOT NULL AUTO_INCREMENT,
  `geo_zone_id` int(11) NOT NULL DEFAULT '0',
  `name` varchar(32) NOT NULL,
  `rate` decimal(15,4) NOT NULL DEFAULT '0.0000',
  `type` char(1) NOT NULL,
  `date_added` datetime NOT NULL DEFAULT '0000-00-00 00:00:00',
  `date_modified` datetime NOT NULL DEFAULT '0000-00-00 00:00:00',
  PRIMARY KEY (`tax_rate_id`)
) ENGINE=MyISAM AUTO_INCREMENT=88 DEFAULT CHARSET=utf8;

--
-- Dumping data for table `oc_tax_rate`
--

INSERT INTO `oc_tax_rate` VALUES (86,3,'VAT (17.5%)',17.5000,'P','2011-03-09 21:17:10','2011-09-22 22:24:29'),(87,3,'Eco Tax (-2.00)',2.0000,'F','2011-09-21 21:49:23','2011-09-23 00:40:19');

--
-- Table structure for table `oc_tax_rate_to_customer_group`
--

CREATE TABLE `oc_tax_rate_to_customer_group` (
  `tax_rate_id` int(11) NOT NULL,
  `customer_group_id` int(11) NOT NULL,
  PRIMARY KEY (`tax_rate_id`,`customer_group_id`)
) ENGINE=MyISAM DEFAULT CHARSET=utf8;

--
-- Dumping data for table `oc_tax_rate_to_customer_group`
--

INSERT INTO `oc_tax_rate_to_customer_group` VALUES (86,1),(87,1);

--
-- Table structure for table `oc_tax_rule`
--

CREATE TABLE `oc_tax_rule` (
  `tax_rule_id` int(11) NOT NULL AUTO_INCREMENT,
  `tax_class_id` int(11) NOT NULL,
  `tax_rate_id` int(11) NOT NULL,
  `based` varchar(10) NOT NULL,
  `priority` int(5) NOT NULL DEFAULT '1',
  PRIMARY KEY (`tax_rule_id`)
) ENGINE=MyISAM AUTO_INCREMENT=129 DEFAULT CHARSET=utf8;

--
-- Dumping data for table `oc_tax_rule`
--

INSERT INTO `oc_tax_rule` VALUES (121,10,86,'payment',1),(120,10,87,'store',0),(128,9,86,'shipping',1),(127,9,87,'shipping',2);

--
-- Table structure for table `oc_url_alias`
--

CREATE TABLE `oc_url_alias` (
  `url_alias_id` int(11) NOT NULL AUTO_INCREMENT,
  `query` varchar(255) NOT NULL,
  `keyword` varchar(255) NOT NULL,
  PRIMARY KEY (`url_alias_id`)
) ENGINE=MyISAM AUTO_INCREMENT=830 DEFAULT CHARSET=utf8;

--
-- Dumping data for table `oc_url_alias`
--

INSERT INTO `oc_url_alias` VALUES (828,'manufacturer_id=8','Azuliber'),(827,'category_id=99','Flux Chinese Sanitary Ware'),(785,'manufacturer_id=7','Kohler'),(786,'manufacturer_id=5','Mapisa'),(787,'manufacturer_id=6','Sunparatech'),(788,'manufacturer_id=10','Swiss'),(783,'manufacturer_id=11','Grohe'),(792,'manufacturer_id=13',''),(794,'category_id=64',''),(829,'information_id=4','About Hadayat Sons');

--
-- Table structure for table `oc_user_group`
--

CREATE TABLE `oc_user_group` (
  `user_group_id` int(11) NOT NULL AUTO_INCREMENT,
  `name` varchar(64) NOT NULL,
  `permission` text NOT NULL,
  PRIMARY KEY (`user_group_id`)
) ENGINE=MyISAM AUTO_INCREMENT=11 DEFAULT CHARSET=utf8;

--
-- Dumping data for table `oc_user_group`
--

INSERT INTO `oc_user_group` VALUES (1,'Top Administrator','a:2:{s:6:\"access\";a:136:{i:0;s:17:\"catalog/attribute\";i:1;s:23:\"catalog/attribute_group\";i:2;s:16:\"catalog/category\";i:3;s:16:\"catalog/download\";i:4;s:14:\"catalog/filter\";i:5;s:19:\"catalog/information\";i:6;s:20:\"catalog/manufacturer\";i:7;s:14:\"catalog/option\";i:8;s:15:\"catalog/product\";i:9;s:14:\"catalog/review\";i:10;s:18:\"common/filemanager\";i:11;s:13:\"design/banner\";i:12;s:13:\"design/layout\";i:13;s:14:\"extension/feed\";i:14;s:17:\"extension/manager\";i:15;s:16:\"extension/module\";i:16;s:17:\"extension/payment\";i:17;s:18:\"extension/shipping\";i:18;s:15:\"extension/total\";i:19;s:16:\"feed/google_base\";i:20;s:19:\"feed/google_sitemap\";i:21;s:20:\"localisation/country\";i:22;s:21:\"localisation/currency\";i:23;s:21:\"localisation/geo_zone\";i:24;s:21:\"localisation/language\";i:25;s:25:\"localisation/length_class\";i:26;s:25:\"localisation/order_status\";i:27;s:26:\"localisation/return_action\";i:28;s:26:\"localisation/return_reason\";i:29;s:26:\"localisation/return_status\";i:30;s:25:\"localisation/stock_status\";i:31;s:22:\"localisation/tax_class\";i:32;s:21:\"localisation/tax_rate\";i:33;s:25:\"localisation/weight_class\";i:34;s:17:\"localisation/zone\";i:35;s:14:\"module/account\";i:36;s:16:\"module/affiliate\";i:37;s:13:\"module/banner\";i:38;s:17:\"module/bestseller\";i:39;s:15:\"module/carousel\";i:40;s:15:\"module/category\";i:41;s:15:\"module/featured\";i:42;s:13:\"module/filter\";i:43;s:18:\"module/google_talk\";i:44;s:18:\"module/information\";i:45;s:13:\"module/latest\";i:46;s:16:\"module/slideshow\";i:47;s:14:\"module/special\";i:48;s:12:\"module/store\";i:49;s:14:\"module/welcome\";i:50;s:24:\"payment/authorizenet_aim\";i:51;s:21:\"payment/bank_transfer\";i:52;s:14:\"payment/cheque\";i:53;s:11:\"payment/cod\";i:54;s:21:\"payment/free_checkout\";i:55;s:14:\"payment/liqpay\";i:56;s:20:\"payment/moneybookers\";i:57;s:14:\"payment/nochex\";i:58;s:15:\"payment/paymate\";i:59;s:16:\"payment/paypoint\";i:60;s:13:\"payment/payza\";i:61;s:26:\"payment/perpetual_payments\";i:62;s:14:\"payment/pp_pro\";i:63;s:17:\"payment/pp_pro_uk\";i:64;s:19:\"payment/pp_standard\";i:65;s:15:\"payment/sagepay\";i:66;s:22:\"payment/sagepay_direct\";i:67;s:18:\"payment/sagepay_us\";i:68;s:19:\"payment/twocheckout\";i:69;s:28:\"payment/web_payment_software\";i:70;s:16:\"payment/worldpay\";i:71;s:27:\"report/affiliate_commission\";i:72;s:22:\"report/customer_credit\";i:73;s:22:\"report/customer_online\";i:74;s:21:\"report/customer_order\";i:75;s:22:\"report/customer_reward\";i:76;s:24:\"report/product_purchased\";i:77;s:21:\"report/product_viewed\";i:78;s:18:\"report/sale_coupon\";i:79;s:17:\"report/sale_order\";i:80;s:18:\"report/sale_return\";i:81;s:20:\"report/sale_shipping\";i:82;s:15:\"report/sale_tax\";i:83;s:14:\"sale/affiliate\";i:84;s:12:\"sale/contact\";i:85;s:11:\"sale/coupon\";i:86;s:13:\"sale/customer\";i:87;s:20:\"sale/customer_ban_ip\";i:88;s:19:\"sale/customer_group\";i:89;s:10:\"sale/order\";i:90;s:11:\"sale/return\";i:91;s:12:\"sale/voucher\";i:92;s:18:\"sale/voucher_theme\";i:93;s:15:\"setting/setting\";i:94;s:13:\"setting/store\";i:95;s:16:\"shipping/auspost\";i:96;s:17:\"shipping/citylink\";i:97;s:14:\"shipping/fedex\";i:98;s:13:\"shipping/flat\";i:99;s:13:\"shipping/free\";i:100;s:13:\"shipping/item\";i:101;s:23:\"shipping/parcelforce_48\";i:102;s:15:\"shipping/pickup\";i:103;s:19:\"shipping/royal_mail\";i:104;s:12:\"shipping/ups\";i:105;s:13:\"shipping/usps\";i:106;s:15:\"shipping/weight\";i:107;s:11:\"tool/backup\";i:108;s:14:\"tool/error_log\";i:109;s:12:\"total/coupon\";i:110;s:12:\"total/credit\";i:111;s:14:\"total/handling\";i:112;s:16:\"total/klarna_fee\";i:113;s:19:\"total/low_order_fee\";i:114;s:12:\"total/reward\";i:115;s:14:\"total/shipping\";i:116;s:15:\"total/sub_total\";i:117;s:9:\"total/tax\";i:118;s:11:\"total/total\";i:119;s:13:\"total/voucher\";i:120;s:9:\"user/user\";i:121;s:20:\"user/user_permission\";i:122;s:15:\"module/journal2\";i:123;s:20:\"module/vqmod_manager\";i:124;s:15:\"module/featured\";i:125;s:15:\"shipping/weight\";i:126;s:19:\"payment/pp_standard\";i:127;s:12:\"module/store\";i:128;s:14:\"module/welcome\";i:129;s:13:\"shipping/free\";i:130;s:19:\"module/product_pdfs\";i:131;s:18:\"module/ecslideshow\";i:132;s:13:\"module/banner\";i:133;s:13:\"module/banner\";i:134;s:18:\"module/information\";i:135;s:19:\"feed/google_sitemap\";}s:6:\"modify\";a:136:{i:0;s:17:\"catalog/attribute\";i:1;s:23:\"catalog/attribute_group\";i:2;s:16:\"catalog/category\";i:3;s:16:\"catalog/download\";i:4;s:14:\"catalog/filter\";i:5;s:19:\"catalog/information\";i:6;s:20:\"catalog/manufacturer\";i:7;s:14:\"catalog/option\";i:8;s:15:\"catalog/product\";i:9;s:14:\"catalog/review\";i:10;s:18:\"common/filemanager\";i:11;s:13:\"design/banner\";i:12;s:13:\"design/layout\";i:13;s:14:\"extension/feed\";i:14;s:17:\"extension/manager\";i:15;s:16:\"extension/module\";i:16;s:17:\"extension/payment\";i:17;s:18:\"extension/shipping\";i:18;s:15:\"extension/total\";i:19;s:16:\"feed/google_base\";i:20;s:19:\"feed/google_sitemap\";i:21;s:20:\"localisation/country\";i:22;s:21:\"localisation/currency\";i:23;s:21:\"localisation/geo_zone\";i:24;s:21:\"localisation/language\";i:25;s:25:\"localisation/length_class\";i:26;s:25:\"localisation/order_status\";i:27;s:26:\"localisation/return_action\";i:28;s:26:\"localisation/return_reason\";i:29;s:26:\"localisation/return_status\";i:30;s:25:\"localisation/stock_status\";i:31;s:22:\"localisation/tax_class\";i:32;s:21:\"localisation/tax_rate\";i:33;s:25:\"localisation/weight_class\";i:34;s:17:\"localisation/zone\";i:35;s:14:\"module/account\";i:36;s:16:\"module/affiliate\";i:37;s:13:\"module/banner\";i:38;s:17:\"module/bestseller\";i:39;s:15:\"module/carousel\";i:40;s:15:\"module/category\";i:41;s:15:\"module/featured\";i:42;s:13:\"module/filter\";i:43;s:18:\"module/google_talk\";i:44;s:18:\"module/information\";i:45;s:13:\"module/latest\";i:46;s:16:\"module/slideshow\";i:47;s:14:\"module/special\";i:48;s:12:\"module/store\";i:49;s:14:\"module/welcome\";i:50;s:24:\"payment/authorizenet_aim\";i:51;s:21:\"payment/bank_transfer\";i:52;s:14:\"payment/cheque\";i:53;s:11:\"payment/cod\";i:54;s:21:\"payment/free_checkout\";i:55;s:14:\"payment/liqpay\";i:56;s:20:\"payment/moneybookers\";i:57;s:14:\"payment/nochex\";i:58;s:15:\"payment/paymate\";i:59;s:16:\"payment/paypoint\";i:60;s:13:\"payment/payza\";i:61;s:26:\"payment/perpetual_payments\";i:62;s:14:\"payment/pp_pro\";i:63;s:17:\"payment/pp_pro_uk\";i:64;s:19:\"payment/pp_standard\";i:65;s:15:\"payment/sagepay\";i:66;s:22:\"payment/sagepay_direct\";i:67;s:18:\"payment/sagepay_us\";i:68;s:19:\"payment/twocheckout\";i:69;s:28:\"payment/web_payment_software\";i:70;s:16:\"payment/worldpay\";i:71;s:27:\"report/affiliate_commission\";i:72;s:22:\"report/customer_credit\";i:73;s:22:\"report/customer_online\";i:74;s:21:\"report/customer_order\";i:75;s:22:\"report/customer_reward\";i:76;s:24:\"report/product_purchased\";i:77;s:21:\"report/product_viewed\";i:78;s:18:\"report/sale_coupon\";i:79;s:17:\"report/sale_order\";i:80;s:18:\"report/sale_return\";i:81;s:20:\"report/sale_shipping\";i:82;s:15:\"report/sale_tax\";i:83;s:14:\"sale/affiliate\";i:84;s:12:\"sale/contact\";i:85;s:11:\"sale/coupon\";i:86;s:13:\"sale/customer\";i:87;s:20:\"sale/customer_ban_ip\";i:88;s:19:\"sale/customer_group\";i:89;s:10:\"sale/order\";i:90;s:11:\"sale/return\";i:91;s:12:\"sale/voucher\";i:92;s:18:\"sale/voucher_theme\";i:93;s:15:\"setting/setting\";i:94;s:13:\"setting/store\";i:95;s:16:\"shipping/auspost\";i:96;s:17:\"shipping/citylink\";i:97;s:14:\"shipping/fedex\";i:98;s:13:\"shipping/flat\";i:99;s:13:\"shipping/free\";i:100;s:13:\"shipping/item\";i:101;s:23:\"shipping/parcelforce_48\";i:102;s:15:\"shipping/pickup\";i:103;s:19:\"shipping/royal_mail\";i:104;s:12:\"shipping/ups\";i:105;s:13:\"shipping/usps\";i:106;s:15:\"shipping/weight\";i:107;s:11:\"tool/backup\";i:108;s:14:\"tool/error_log\";i:109;s:12:\"total/coupon\";i:110;s:12:\"total/credit\";i:111;s:14:\"total/handling\";i:112;s:16:\"total/klarna_fee\";i:113;s:19:\"total/low_order_fee\";i:114;s:12:\"total/reward\";i:115;s:14:\"total/shipping\";i:116;s:15:\"total/sub_total\";i:117;s:9:\"total/tax\";i:118;s:11:\"total/total\";i:119;s:13:\"total/voucher\";i:120;s:9:\"user/user\";i:121;s:20:\"user/user_permission\";i:122;s:15:\"module/journal2\";i:123;s:20:\"module/vqmod_manager\";i:124;s:15:\"module/featured\";i:125;s:15:\"shipping/weight\";i:126;s:19:\"payment/pp_standard\";i:127;s:12:\"module/store\";i:128;s:14:\"module/welcome\";i:129;s:13:\"shipping/free\";i:130;s:19:\"module/product_pdfs\";i:131;s:18:\"module/ecslideshow\";i:132;s:13:\"module/banner\";i:133;s:13:\"module/banner\";i:134;s:18:\"module/information\";i:135;s:19:\"feed/google_sitemap\";}}'),(10,'Demonstration','a:2:{s:6:\"access\";a:5:{i:0;s:16:\"catalog/category\";i:1;s:15:\"catalog/product\";i:2;s:18:\"common/filemanager\";i:3;s:16:\"extension/module\";i:4;s:19:\"module/product_pdfs\";}s:6:\"modify\";a:4:{i:0;s:16:\"catalog/category\";i:1;s:15:\"catalog/product\";i:2;s:16:\"extension/module\";i:3;s:19:\"module/product_pdfs\";}}');

--
-- Table structure for table `oc_voucher`
--

CREATE TABLE `oc_voucher` (
  `voucher_id` int(11) NOT NULL AUTO_INCREMENT,
  `order_id` int(11) NOT NULL,
  `code` varchar(10) NOT NULL,
  `from_name` varchar(64) NOT NULL,
  `from_email` varchar(96) NOT NULL,
  `to_name` varchar(64) NOT NULL,
  `to_email` varchar(96) NOT NULL,
  `voucher_theme_id` int(11) NOT NULL,
  `message` text NOT NULL,
  `amount` decimal(15,4) NOT NULL,
  `status` tinyint(1) NOT NULL,
  `date_added` datetime NOT NULL DEFAULT '0000-00-00 00:00:00',
  PRIMARY KEY (`voucher_id`)
) ENGINE=MyISAM DEFAULT CHARSET=utf8;

--
-- Dumping data for table `oc_voucher`
--


--
-- Table structure for table `oc_voucher_history`
--

CREATE TABLE `oc_voucher_history` (
  `voucher_history_id` int(11) NOT NULL AUTO_INCREMENT,
  `voucher_id` int(11) NOT NULL,
  `order_id` int(11) NOT NULL,
  `amount` decimal(15,4) NOT NULL,
  `date_added` datetime NOT NULL,
  PRIMARY KEY (`voucher_history_id`)
) ENGINE=MyISAM DEFAULT CHARSET=utf8;

--
-- Dumping data for table `oc_voucher_history`
--


--
-- Table structure for table `oc_voucher_theme`
--

CREATE TABLE `oc_voucher_theme` (
  `voucher_theme_id` int(11) NOT NULL AUTO_INCREMENT,
  `image` varchar(255) NOT NULL,
  PRIMARY KEY (`voucher_theme_id`)
) ENGINE=MyISAM AUTO_INCREMENT=9 DEFAULT CHARSET=utf8;

--
-- Dumping data for table `oc_voucher_theme`
--

INSERT INTO `oc_voucher_theme` VALUES (8,'data/demo/canon_eos_5d_2.jpg'),(7,'data/demo/gift-voucher-birthday.jpg'),(6,'data/demo/apple_logo.jpg');

--
-- Table structure for table `oc_voucher_theme_description`
--

CREATE TABLE `oc_voucher_theme_description` (
  `voucher_theme_id` int(11) NOT NULL,
  `language_id` int(11) NOT NULL,
  `name` varchar(32) NOT NULL,
  PRIMARY KEY (`voucher_theme_id`,`language_id`)
) ENGINE=MyISAM DEFAULT CHARSET=utf8;

--
-- Dumping data for table `oc_voucher_theme_description`
--

INSERT INTO `oc_voucher_theme_description` VALUES (6,1,'Christmas'),(7,1,'Birthday'),(8,1,'General');

--
-- Table structure for table `oc_weight_class`
--

CREATE TABLE `oc_weight_class` (
  `weight_class_id` int(11) NOT NULL AUTO_INCREMENT,
  `value` decimal(15,8) NOT NULL DEFAULT '0.00000000',
  PRIMARY KEY (`weight_class_id`)
) ENGINE=MyISAM AUTO_INCREMENT=7 DEFAULT CHARSET=utf8;

--
-- Dumping data for table `oc_weight_class`
--

INSERT INTO `oc_weight_class` VALUES (1,1.00000000),(2,1000.00000000),(5,2.20460000),(6,35.27400000);

--
-- Table structure for table `oc_weight_class_description`
--

CREATE TABLE `oc_weight_class_description` (
  `weight_class_id` int(11) NOT NULL AUTO_INCREMENT,
  `language_id` int(11) NOT NULL,
  `title` varchar(32) NOT NULL,
  `unit` varchar(4) NOT NULL,
  PRIMARY KEY (`weight_class_id`,`language_id`)
) ENGINE=MyISAM AUTO_INCREMENT=7 DEFAULT CHARSET=utf8;

--
-- Dumping data for table `oc_weight_class_description`
--

INSERT INTO `oc_weight_class_description` VALUES (1,1,'Kilogram','kg'),(2,1,'Gram','g'),(5,1,'Pound ','lb'),(6,1,'Ounce','oz');

--
-- Table structure for table `oc_zone`
--

CREATE TABLE `oc_zone` (
  `zone_id` int(11) NOT NULL AUTO_INCREMENT,
  `country_id` int(11) NOT NULL,
  `name` varchar(128) NOT NULL,
  `code` varchar(32) NOT NULL,
  `status` tinyint(1) NOT NULL DEFAULT '1',
  PRIMARY KEY (`zone_id`)
) ENGINE=MyISAM AUTO_INCREMENT=4033 DEFAULT CHARSET=utf8;

--
-- Dumping data for table `oc_zone`
--

INSERT INTO `oc_zone` VALUES (1,1,'Badakhshan','BDS',1),(2,1,'Badghis','BDG',1),(3,1,'Baghlan','BGL',1),(4,1,'Balkh','BAL',1),(5,1,'Bamian','BAM',1),(6,1,'Farah','FRA',1),(7,1,'Faryab','FYB',1),(8,1,'Ghazni','GHA',1),(9,1,'Ghowr','GHO',1),(10,1,'Helmand','HEL',1),(11,1,'Herat','HER',1),(12,1,'Jowzjan','JOW',1),(13,1,'Kabul','KAB',1),(14,1,'Kandahar','KAN',1),(15,1,'Kapisa','KAP',1),(16,1,'Khost','KHO',1),(17,1,'Konar','KNR',1),(18,1,'Kondoz','KDZ',1),(19,1,'Laghman','LAG',1),(20,1,'Lowgar','LOW',1),(21,1,'Nangrahar','NAN',1),(22,1,'Nimruz','NIM',1),(23,1,'Nurestan','NUR',1),(24,1,'Oruzgan','ORU',1),(25,1,'Paktia','PIA',1),(26,1,'Paktika','PKA',1),(27,1,'Parwan','PAR',1),(28,1,'Samangan','SAM',1),(29,1,'Sar-e Pol','SAR',1),(30,1,'Takhar','TAK',1),(31,1,'Wardak','WAR',1),(32,1,'Zabol','ZAB',1),(33,2,'Berat','BR',1),(34,2,'Bulqize','BU',1),(35,2,'Delvine','DL',1),(36,2,'Devoll','DV',1),(37,2,'Diber','DI',1),(38,2,'Durres','DR',1),(39,2,'Elbasan','EL',1),(40,2,'Kolonje','ER',1),(41,2,'Fier','FR',1),(42,2,'Gjirokaster','GJ',1),(43,2,'Gramsh','GR',1),(44,2,'Has','HA',1),(45,2,'Kavaje','KA',1),(46,2,'Kurbin','KB',1),(47,2,'Kucove','KC',1),(48,2,'Korce','KO',1),(49,2,'Kruje','KR',1),(50,2,'Kukes','KU',1),(51,2,'Librazhd','LB',1),(52,2,'Lezhe','LE',1),(53,2,'Lushnje','LU',1),(54,2,'Malesi e Madhe','MM',1),(55,2,'Mallakaster','MK',1),(56,2,'Mat','MT',1),(57,2,'Mirdite','MR',1),(58,2,'Peqin','PQ',1),(59,2,'Permet','PR',1),(60,2,'Pogradec','PG',1),(61,2,'Puke','PU',1),(62,2,'Shkoder','SH',1),(63,2,'Skrapar','SK',1),(64,2,'Sarande','SR',1),(65,2,'Tepelene','TE',1),(66,2,'Tropoje','TP',1),(67,2,'Tirane','TR',1),(68,2,'Vlore','VL',1),(69,3,'Adrar','ADR',1),(70,3,'Ain Defla','ADE',1),(71,3,'Ain Temouchent','ATE',1),(72,3,'Alger','ALG',1),(73,3,'Annaba','ANN',1),(74,3,'Batna','BAT',1),(75,3,'Bechar','BEC',1),(76,3,'Bejaia','BEJ',1),(77,3,'Biskra','BIS',1),(78,3,'Blida','BLI',1),(79,3,'Bordj Bou Arreridj','BBA',1),(80,3,'Bouira','BOA',1),(81,3,'Boumerdes','BMD',1),(82,3,'Chlef','CHL',1),(83,3,'Constantine','CON',1),(84,3,'Djelfa','DJE',1),(85,3,'El Bayadh','EBA',1),(86,3,'El Oued','EOU',1),(87,3,'El Tarf','ETA',1),(88,3,'Ghardaia','GHA',1),(89,3,'Guelma','GUE',1),(90,3,'Illizi','ILL',1),(91,3,'Jijel','JIJ',1),(92,3,'Khenchela','KHE',1),(93,3,'Laghouat','LAG',1),(94,3,'Muaskar','MUA',1),(95,3,'Medea','MED',1),(96,3,'Mila','MIL',1),(97,3,'Mostaganem','MOS',1),(98,3,'M\'Sila','MSI',1),(99,3,'Naama','NAA',1),(100,3,'Oran','ORA',1),(101,3,'Ouargla','OUA',1),(102,3,'Oum el-Bouaghi','OEB',1),(103,3,'Relizane','REL',1),(104,3,'Saida','SAI',1),(105,3,'Setif','SET',1),(106,3,'Sidi Bel Abbes','SBA',1),(107,3,'Skikda','SKI',1),(108,3,'Souk Ahras','SAH',1),(109,3,'Tamanghasset','TAM',1),(110,3,'Tebessa','TEB',1),(111,3,'Tiaret','TIA',1),(112,3,'Tindouf','TIN',1),(113,3,'Tipaza','TIP',1),(114,3,'Tissemsilt','TIS',1),(115,3,'Tizi Ouzou','TOU',1),(116,3,'Tlemcen','TLE',1),(117,4,'Eastern','E',1),(118,4,'Manu\'a','M',1),(119,4,'Rose Island','R',1),(120,4,'Swains Island','S',1),(121,4,'Western','W',1),(122,5,'Andorra la Vella','ALV',1),(123,5,'Canillo','CAN',1),(124,5,'Encamp','ENC',1),(125,5,'Escaldes-Engordany','ESE',1),(126,5,'La Massana','LMA',1),(127,5,'Ordino','ORD',1),(128,5,'Sant Julia de Loria','SJL',1),(129,6,'Bengo','BGO',1),(130,6,'Benguela','BGU',1),(131,6,'Bie','BIE',1),(132,6,'Cabinda','CAB',1),(133,6,'Cuando-Cubango','CCU',1),(134,6,'Cuanza Norte','CNO',1),(135,6,'Cuanza Sul','CUS',1),(136,6,'Cunene','CNN',1),(137,6,'Huambo','HUA',1),(138,6,'Huila','HUI',1),(139,6,'Luanda','LUA',1),(140,6,'Lunda Norte','LNO',1),(141,6,'Lunda Sul','LSU',1),(142,6,'Malange','MAL',1),(143,6,'Moxico','MOX',1),(144,6,'Namibe','NAM',1),(145,6,'Uige','UIG',1),(146,6,'Zaire','ZAI',1),(147,9,'Saint George','ASG',1),(148,9,'Saint John','ASJ',1),(149,9,'Saint Mary','ASM',1),(150,9,'Saint Paul','ASL',1),(151,9,'Saint Peter','ASR',1),(152,9,'Saint Philip','ASH',1),(153,9,'Barbuda','BAR',1),(154,9,'Redonda','RED',1),(155,10,'Antartida e Islas del Atlantico','AN',1),(156,10,'Buenos Aires','BA',1),(157,10,'Catamarca','CA',1),(158,10,'Chaco','CH',1),(159,10,'Chubut','CU',1),(160,10,'Cordoba','CO',1),(161,10,'Corrientes','CR',1),(162,10,'Distrito Federal','DF',1),(163,10,'Entre Rios','ER',1),(164,10,'Formosa','FO',1),(165,10,'Jujuy','JU',1),(166,10,'La Pampa','LP',1),(167,10,'La Rioja','LR',1),(168,10,'Mendoza','ME',1),(169,10,'Misiones','MI',1),(170,10,'Neuquen','NE',1),(171,10,'Rio Negro','RN',1),(172,10,'Salta','SA',1),(173,10,'San Juan','SJ',1),(174,10,'San Luis','SL',1),(175,10,'Santa Cruz','SC',1),(176,10,'Santa Fe','SF',1),(177,10,'Santiago del Estero','SD',1),(178,10,'Tierra del Fuego','TF',1),(179,10,'Tucuman','TU',1),(180,11,'Aragatsotn','AGT',1),(181,11,'Ararat','ARR',1),(182,11,'Armavir','ARM',1),(183,11,'Geghark\'unik\'','GEG',1),(184,11,'Kotayk\'','KOT',1),(185,11,'Lorri','LOR',1),(186,11,'Shirak','SHI',1),(187,11,'Syunik\'','SYU',1),(188,11,'Tavush','TAV',1),(189,11,'Vayots\' Dzor','VAY',1),(190,11,'Yerevan','YER',1),(191,13,'Australian Capital Territory','ACT',1),(192,13,'New South Wales','NSW',1),(193,13,'Northern Territory','NT',1),(194,13,'Queensland','QLD',1),(195,13,'South Australia','SA',1),(196,13,'Tasmania','TAS',1),(197,13,'Victoria','VIC',1),(198,13,'Western Australia','WA',1),(199,14,'Burgenland','BUR',1),(200,14,'Kärnten','KAR',1),(201,14,'Nieder&ouml;sterreich','NOS',1),(202,14,'Ober&ouml;sterreich','OOS',1),(203,14,'Salzburg','SAL',1),(204,14,'Steiermark','STE',1),(205,14,'Tirol','TIR',1),(206,14,'Vorarlberg','VOR',1),(207,14,'Wien','WIE',1),(208,15,'Ali Bayramli','AB',1),(209,15,'Abseron','ABS',1),(210,15,'AgcabAdi','AGC',1),(211,15,'Agdam','AGM',1),(212,15,'Agdas','AGS',1),(213,15,'Agstafa','AGA',1),(214,15,'Agsu','AGU',1),(215,15,'Astara','AST',1),(216,15,'Baki','BA',1),(217,15,'BabAk','BAB',1),(218,15,'BalakAn','BAL',1),(219,15,'BArdA','BAR',1),(220,15,'Beylaqan','BEY',1),(221,15,'Bilasuvar','BIL',1),(222,15,'Cabrayil','CAB',1),(223,15,'Calilabab','CAL',1),(224,15,'Culfa','CUL',1),(225,15,'Daskasan','DAS',1),(226,15,'Davaci','DAV',1),(227,15,'Fuzuli','FUZ',1),(228,15,'Ganca','GA',1),(229,15,'Gadabay','GAD',1),(230,15,'Goranboy','GOR',1),(231,15,'Goycay','GOY',1),(232,15,'Haciqabul','HAC',1),(233,15,'Imisli','IMI',1),(234,15,'Ismayilli','ISM',1),(235,15,'Kalbacar','KAL',1),(236,15,'Kurdamir','KUR',1),(237,15,'Lankaran','LA',1),(238,15,'Lacin','LAC',1),(239,15,'Lankaran','LAN',1),(240,15,'Lerik','LER',1),(241,15,'Masalli','MAS',1),(242,15,'Mingacevir','MI',1),(243,15,'Naftalan','NA',1),(244,15,'Neftcala','NEF',1),(245,15,'Oguz','OGU',1),(246,15,'Ordubad','ORD',1),(247,15,'Qabala','QAB',1),(248,15,'Qax','QAX',1),(249,15,'Qazax','QAZ',1),(250,15,'Qobustan','QOB',1),(251,15,'Quba','QBA',1),(252,15,'Qubadli','QBI',1),(253,15,'Qusar','QUS',1),(254,15,'Saki','SA',1),(255,15,'Saatli','SAT',1),(256,15,'Sabirabad','SAB',1),(257,15,'Sadarak','SAD',1),(258,15,'Sahbuz','SAH',1),(259,15,'Saki','SAK',1),(260,15,'Salyan','SAL',1),(261,15,'Sumqayit','SM',1),(262,15,'Samaxi','SMI',1),(263,15,'Samkir','SKR',1),(264,15,'Samux','SMX',1),(265,15,'Sarur','SAR',1),(266,15,'Siyazan','SIY',1),(267,15,'Susa','SS',1),(268,15,'Susa','SUS',1),(269,15,'Tartar','TAR',1),(270,15,'Tovuz','TOV',1),(271,15,'Ucar','UCA',1),(272,15,'Xankandi','XA',1),(273,15,'Xacmaz','XAC',1),(274,15,'Xanlar','XAN',1),(275,15,'Xizi','XIZ',1),(276,15,'Xocali','XCI',1),(277,15,'Xocavand','XVD',1),(278,15,'Yardimli','YAR',1),(279,15,'Yevlax','YEV',1),(280,15,'Zangilan','ZAN',1),(281,15,'Zaqatala','ZAQ',1),(282,15,'Zardab','ZAR',1),(283,15,'Naxcivan','NX',1),(284,16,'Acklins','ACK',1),(285,16,'Berry Islands','BER',1),(286,16,'Bimini','BIM',1),(287,16,'Black Point','BLK',1),(288,16,'Cat Island','CAT',1),(289,16,'Central Abaco','CAB',1),(290,16,'Central Andros','CAN',1),(291,16,'Central Eleuthera','CEL',1),(292,16,'City of Freeport','FRE',1),(293,16,'Crooked Island','CRO',1),(294,16,'East Grand Bahama','EGB',1),(295,16,'Exuma','EXU',1),(296,16,'Grand Cay','GRD',1),(297,16,'Harbour Island','HAR',1),(298,16,'Hope Town','HOP',1),(299,16,'Inagua','INA',1),(300,16,'Long Island','LNG',1),(301,16,'Mangrove Cay','MAN',1),(302,16,'Mayaguana','MAY',1),(303,16,'Moore\'s Island','MOO',1),(304,16,'North Abaco','NAB',1),(305,16,'North Andros','NAN',1),(306,16,'North Eleuthera','NEL',1),(307,16,'Ragged Island','RAG',1),(308,16,'Rum Cay','RUM',1),(309,16,'San Salvador','SAL',1),(310,16,'South Abaco','SAB',1),(311,16,'South Andros','SAN',1),(312,16,'South Eleuthera','SEL',1),(313,16,'Spanish Wells','SWE',1),(314,16,'West Grand Bahama','WGB',1),(315,17,'Capital','CAP',1),(316,17,'Central','CEN',1),(317,17,'Muharraq','MUH',1),(318,17,'Northern','NOR',1),(319,17,'Southern','SOU',1),(320,18,'Barisal','BAR',1),(321,18,'Chittagong','CHI',1),(322,18,'Dhaka','DHA',1),(323,18,'Khulna','KHU',1),(324,18,'Rajshahi','RAJ',1),(325,18,'Sylhet','SYL',1),(326,19,'Christ Church','CC',1),(327,19,'Saint Andrew','AND',1),(328,19,'Saint George','GEO',1),(329,19,'Saint James','JAM',1),(330,19,'Saint John','JOH',1),(331,19,'Saint Joseph','JOS',1),(332,19,'Saint Lucy','LUC',1),(333,19,'Saint Michael','MIC',1),(334,19,'Saint Peter','PET',1),(335,19,'Saint Philip','PHI',1),(336,19,'Saint Thomas','THO',1),(337,20,'Brestskaya (Brest)','BR',1),(338,20,'Homyel\'skaya (Homyel\')','HO',1),(339,20,'Horad Minsk','HM',1),(340,20,'Hrodzyenskaya (Hrodna)','HR',1),(341,20,'Mahilyowskaya (Mahilyow)','MA',1),(342,20,'Minskaya','MI',1),(343,20,'Vitsyebskaya (Vitsyebsk)','VI',1),(344,21,'Antwerpen','VAN',1),(345,21,'Brabant Wallon','WBR',1),(346,21,'Hainaut','WHT',1),(347,21,'Liège','WLG',1),(348,21,'Limburg','VLI',1),(349,21,'Luxembourg','WLX',1),(350,21,'Namur','WNA',1),(351,21,'Oost-Vlaanderen','VOV',1),(352,21,'Vlaams Brabant','VBR',1),(353,21,'West-Vlaanderen','VWV',1),(354,22,'Belize','BZ',1),(355,22,'Cayo','CY',1),(356,22,'Corozal','CR',1),(357,22,'Orange Walk','OW',1),(358,22,'Stann Creek','SC',1),(359,22,'Toledo','TO',1),(360,23,'Alibori','AL',1),(361,23,'Atakora','AK',1),(362,23,'Atlantique','AQ',1),(363,23,'Borgou','BO',1),(364,23,'Collines','CO',1),(365,23,'Donga','DO',1),(366,23,'Kouffo','KO',1),(367,23,'Littoral','LI',1),(368,23,'Mono','MO',1),(369,23,'Oueme','OU',1),(370,23,'Plateau','PL',1),(371,23,'Zou','ZO',1),(372,24,'Devonshire','DS',1),(373,24,'Hamilton City','HC',1),(374,24,'Hamilton','HA',1),(375,24,'Paget','PG',1),(376,24,'Pembroke','PB',1),(377,24,'Saint George City','GC',1),(378,24,'Saint George\'s','SG',1),(379,24,'Sandys','SA',1),(380,24,'Smith\'s','SM',1),(381,24,'Southampton','SH',1),(382,24,'Warwick','WA',1),(383,25,'Bumthang','BUM',1),(384,25,'Chukha','CHU',1),(385,25,'Dagana','DAG',1),(386,25,'Gasa','GAS',1),(387,25,'Haa','HAA',1),(388,25,'Lhuntse','LHU',1),(389,25,'Mongar','MON',1),(390,25,'Paro','PAR',1),(391,25,'Pemagatshel','PEM',1),(392,25,'Punakha','PUN',1),(393,25,'Samdrup Jongkhar','SJO',1),(394,25,'Samtse','SAT',1),(395,25,'Sarpang','SAR',1),(396,25,'Thimphu','THI',1),(397,25,'Trashigang','TRG',1),(398,25,'Trashiyangste','TRY',1),(399,25,'Trongsa','TRO',1),(400,25,'Tsirang','TSI',1),(401,25,'Wangdue Phodrang','WPH',1),(402,25,'Zhemgang','ZHE',1),(403,26,'Beni','BEN',1),(404,26,'Chuquisaca','CHU',1),(405,26,'Cochabamba','COC',1),(406,26,'La Paz','LPZ',1),(407,26,'Oruro','ORU',1),(408,26,'Pando','PAN',1),(409,26,'Potosi','POT',1),(410,26,'Santa Cruz','SCZ',1),(411,26,'Tarija','TAR',1),(412,27,'Brcko district','BRO',1),(413,27,'Unsko-Sanski Kanton','FUS',1),(414,27,'Posavski Kanton','FPO',1),(415,27,'Tuzlanski Kanton','FTU',1),(416,27,'Zenicko-Dobojski Kanton','FZE',1),(417,27,'Bosanskopodrinjski Kanton','FBP',1),(418,27,'Srednjebosanski Kanton','FSB',1),(419,27,'Hercegovacko-neretvanski Kanton','FHN',1),(420,27,'Zapadnohercegovacka Zupanija','FZH',1),(421,27,'Kanton Sarajevo','FSA',1),(422,27,'Zapadnobosanska','FZA',1),(423,27,'Banja Luka','SBL',1),(424,27,'Doboj','SDO',1),(425,27,'Bijeljina','SBI',1),(426,27,'Vlasenica','SVL',1),(427,27,'Sarajevo-Romanija or Sokolac','SSR',1),(428,27,'Foca','SFO',1),(429,27,'Trebinje','STR',1),(430,28,'Central','CE',1),(431,28,'Ghanzi','GH',1),(432,28,'Kgalagadi','KD',1),(433,28,'Kgatleng','KT',1),(434,28,'Kweneng','KW',1),(435,28,'Ngamiland','NG',1),(436,28,'North East','NE',1),(437,28,'North West','NW',1),(438,28,'South East','SE',1),(439,28,'Southern','SO',1),(440,30,'Acre','AC',1),(441,30,'Alagoas','AL',1),(442,30,'Amapá','AP',1),(443,30,'Amazonas','AM',1),(444,30,'Bahia','BA',1),(445,30,'Ceará','CE',1),(446,30,'Distrito Federal','DF',1),(447,30,'Espírito Santo','ES',1),(448,30,'Goiás','GO',1),(449,30,'Maranhão','MA',1),(450,30,'Mato Grosso','MT',1),(451,30,'Mato Grosso do Sul','MS',1),(452,30,'Minas Gerais','MG',1),(453,30,'Pará','PA',1),(454,30,'Paraíba','PB',1),(455,30,'Paraná','PR',1),(456,30,'Pernambuco','PE',1),(457,30,'Piauí','PI',1),(458,30,'Rio de Janeiro','RJ',1),(459,30,'Rio Grande do Norte','RN',1),(460,30,'Rio Grande do Sul','RS',1),(461,30,'Rondônia','RO',1),(462,30,'Roraima','RR',1),(463,30,'Santa Catarina','SC',1),(464,30,'São Paulo','SP',1),(465,30,'Sergipe','SE',1),(466,30,'Tocantins','TO',1),(467,31,'Peros Banhos','PB',1),(468,31,'Salomon Islands','SI',1),(469,31,'Nelsons Island','NI',1),(470,31,'Three Brothers','TB',1),(471,31,'Eagle Islands','EA',1),(472,31,'Danger Island','DI',1),(473,31,'Egmont Islands','EG',1),(474,31,'Diego Garcia','DG',1),(475,32,'Belait','BEL',1),(476,32,'Brunei and Muara','BRM',1),(477,32,'Temburong','TEM',1),(478,32,'Tutong','TUT',1),(479,33,'Blagoevgrad','',1),(480,33,'Burgas','',1),(481,33,'Dobrich','',1),(482,33,'Gabrovo','',1),(483,33,'Haskovo','',1),(484,33,'Kardjali','',1),(485,33,'Kyustendil','',1),(486,33,'Lovech','',1),(487,33,'Montana','',1),(488,33,'Pazardjik','',1),(489,33,'Pernik','',1),(490,33,'Pleven','',1),(491,33,'Plovdiv','',1),(492,33,'Razgrad','',1),(493,33,'Shumen','',1),(494,33,'Silistra','',1),(495,33,'Sliven','',1),(496,33,'Smolyan','',1),(497,33,'Sofia','',1),(498,33,'Sofia - town','',1),(499,33,'Stara Zagora','',1),(500,33,'Targovishte','',1),(501,33,'Varna','',1),(502,33,'Veliko Tarnovo','',1),(503,33,'Vidin','',1),(504,33,'Vratza','',1),(505,33,'Yambol','',1),(506,34,'Bale','BAL',1),(507,34,'Bam','BAM',1),(508,34,'Banwa','BAN',1),(509,34,'Bazega','BAZ',1),(510,34,'Bougouriba','BOR',1),(511,34,'Boulgou','BLG',1),(512,34,'Boulkiemde','BOK',1),(513,34,'Comoe','COM',1),(514,34,'Ganzourgou','GAN',1),(515,34,'Gnagna','GNA',1),(516,34,'Gourma','GOU',1),(517,34,'Houet','HOU',1),(518,34,'Ioba','IOA',1),(519,34,'Kadiogo','KAD',1),(520,34,'Kenedougou','KEN',1),(521,34,'Komondjari','KOD',1),(522,34,'Kompienga','KOP',1),(523,34,'Kossi','KOS',1),(524,34,'Koulpelogo','KOL',1),(525,34,'Kouritenga','KOT',1),(526,34,'Kourweogo','KOW',1),(527,34,'Leraba','LER',1),(528,34,'Loroum','LOR',1),(529,34,'Mouhoun','MOU',1),(530,34,'Nahouri','NAH',1),(531,34,'Namentenga','NAM',1),(532,34,'Nayala','NAY',1),(533,34,'Noumbiel','NOU',1),(534,34,'Oubritenga','OUB',1),(535,34,'Oudalan','OUD',1),(536,34,'Passore','PAS',1),(537,34,'Poni','PON',1),(538,34,'Sanguie','SAG',1),(539,34,'Sanmatenga','SAM',1),(540,34,'Seno','SEN',1),(541,34,'Sissili','SIS',1),(542,34,'Soum','SOM',1),(543,34,'Sourou','SOR',1),(544,34,'Tapoa','TAP',1),(545,34,'Tuy','TUY',1),(546,34,'Yagha','YAG',1),(547,34,'Yatenga','YAT',1),(548,34,'Ziro','ZIR',1),(549,34,'Zondoma','ZOD',1),(550,34,'Zoundweogo','ZOW',1),(551,35,'Bubanza','BB',1),(552,35,'Bujumbura','BJ',1),(553,35,'Bururi','BR',1),(554,35,'Cankuzo','CA',1),(555,35,'Cibitoke','CI',1),(556,35,'Gitega','GI',1),(557,35,'Karuzi','KR',1),(558,35,'Kayanza','KY',1),(559,35,'Kirundo','KI',1),(560,35,'Makamba','MA',1),(561,35,'Muramvya','MU',1),(562,35,'Muyinga','MY',1),(563,35,'Mwaro','MW',1),(564,35,'Ngozi','NG',1),(565,35,'Rutana','RT',1),(566,35,'Ruyigi','RY',1),(567,36,'Phnom Penh','PP',1),(568,36,'Preah Seihanu (Kompong Som or Sihanoukville)','PS',1),(569,36,'Pailin','PA',1),(570,36,'Keb','KB',1),(571,36,'Banteay Meanchey','BM',1),(572,36,'Battambang','BA',1),(573,36,'Kampong Cham','KM',1),(574,36,'Kampong Chhnang','KN',1),(575,36,'Kampong Speu','KU',1),(576,36,'Kampong Som','KO',1),(577,36,'Kampong Thom','KT',1),(578,36,'Kampot','KP',1),(579,36,'Kandal','KL',1),(580,36,'Kaoh Kong','KK',1),(581,36,'Kratie','KR',1),(582,36,'Mondul Kiri','MK',1),(583,36,'Oddar Meancheay','OM',1),(584,36,'Pursat','PU',1),(585,36,'Preah Vihear','PR',1),(586,36,'Prey Veng','PG',1),(587,36,'Ratanak Kiri','RK',1),(588,36,'Siemreap','SI',1),(589,36,'Stung Treng','ST',1),(590,36,'Svay Rieng','SR',1),(591,36,'Takeo','TK',1),(592,37,'Adamawa (Adamaoua)','ADA',1),(593,37,'Centre','CEN',1),(594,37,'East (Est)','EST',1),(595,37,'Extreme North (Extreme-Nord)','EXN',1),(596,37,'Littoral','LIT',1),(597,37,'North (Nord)','NOR',1),(598,37,'Northwest (Nord-Ouest)','NOT',1),(599,37,'West (Ouest)','OUE',1),(600,37,'South (Sud)','SUD',1),(601,37,'Southwest (Sud-Ouest).','SOU',1),(602,38,'Alberta','AB',1),(603,38,'British Columbia','BC',1),(604,38,'Manitoba','MB',1),(605,38,'New Brunswick','NB',1),(606,38,'Newfoundland and Labrador','NL',1),(607,38,'Northwest Territories','NT',1),(608,38,'Nova Scotia','NS',1),(609,38,'Nunavut','NU',1),(610,38,'Ontario','ON',1),(611,38,'Prince Edward Island','PE',1),(612,38,'Qu&eacute;bec','QC',1),(613,38,'Saskatchewan','SK',1),(614,38,'Yukon Territory','YT',1),(615,39,'Boa Vista','BV',1),(616,39,'Brava','BR',1),(617,39,'Calheta de Sao Miguel','CS',1),(618,39,'Maio','MA',1),(619,39,'Mosteiros','MO',1),(620,39,'Paul','PA',1),(621,39,'Porto Novo','PN',1),(622,39,'Praia','PR',1),(623,39,'Ribeira Grande','RG',1),(624,39,'Sal','SL',1),(625,39,'Santa Catarina','CA',1),(626,39,'Santa Cruz','CR',1),(627,39,'Sao Domingos','SD',1),(628,39,'Sao Filipe','SF',1),(629,39,'Sao Nicolau','SN',1),(630,39,'Sao Vicente','SV',1),(631,39,'Tarrafal','TA',1),(632,40,'Creek','CR',1),(633,40,'Eastern','EA',1),(634,40,'Midland','ML',1),(635,40,'South Town','ST',1),(636,40,'Spot Bay','SP',1),(637,40,'Stake Bay','SK',1),(638,40,'West End','WD',1),(639,40,'Western','WN',1),(640,41,'Bamingui-Bangoran','BBA',1),(641,41,'Basse-Kotto','BKO',1),(642,41,'Haute-Kotto','HKO',1),(643,41,'Haut-Mbomou','HMB',1),(644,41,'Kemo','KEM',1),(645,41,'Lobaye','LOB',1),(646,41,'Mambere-KadeÔ','MKD',1),(647,41,'Mbomou','MBO',1),(648,41,'Nana-Mambere','NMM',1),(649,41,'Ombella-M\'Poko','OMP',1),(650,41,'Ouaka','OUK',1),(651,41,'Ouham','OUH',1),(652,41,'Ouham-Pende','OPE',1),(653,41,'Vakaga','VAK',1),(654,41,'Nana-Grebizi','NGR',1),(655,41,'Sangha-Mbaere','SMB',1),(656,41,'Bangui','BAN',1),(657,42,'Batha','BA',1),(658,42,'Biltine','BI',1),(659,42,'Borkou-Ennedi-Tibesti','BE',1),(660,42,'Chari-Baguirmi','CB',1),(661,42,'Guera','GU',1),(662,42,'Kanem','KA',1),(663,42,'Lac','LA',1),(664,42,'Logone Occidental','LC',1),(665,42,'Logone Oriental','LR',1),(666,42,'Mayo-Kebbi','MK',1),(667,42,'Moyen-Chari','MC',1),(668,42,'Ouaddai','OU',1),(669,42,'Salamat','SA',1),(670,42,'Tandjile','TA',1),(671,43,'Aisen del General Carlos Ibanez','AI',1),(672,43,'Antofagasta','AN',1),(673,43,'Araucania','AR',1),(674,43,'Atacama','AT',1),(675,43,'Bio-Bio','BI',1),(676,43,'Coquimbo','CO',1),(677,43,'Libertador General Bernardo O\'Hi','LI',1),(678,43,'Los Lagos','LL',1),(679,43,'Magallanes y de la Antartica Chi','MA',1),(680,43,'Maule','ML',1),(681,43,'Region Metropolitana','RM',1),(682,43,'Tarapaca','TA',1),(683,43,'Valparaiso','VS',1),(684,44,'Anhui','AN',1),(685,44,'Beijing','BE',1),(686,44,'Chongqing','CH',1),(687,44,'Fujian','FU',1),(688,44,'Gansu','GA',1),(689,44,'Guangdong','GU',1),(690,44,'Guangxi','GX',1),(691,44,'Guizhou','GZ',1),(692,44,'Hainan','HA',1),(693,44,'Hebei','HB',1),(694,44,'Heilongjiang','HL',1),(695,44,'Henan','HE',1),(696,44,'Hong Kong','HK',1),(697,44,'Hubei','HU',1),(698,44,'Hunan','HN',1),(699,44,'Inner Mongolia','IM',1),(700,44,'Jiangsu','JI',1),(701,44,'Jiangxi','JX',1),(702,44,'Jilin','JL',1),(703,44,'Liaoning','LI',1),(704,44,'Macau','MA',1),(705,44,'Ningxia','NI',1),(706,44,'Shaanxi','SH',1),(707,44,'Shandong','SA',1),(708,44,'Shanghai','SG',1),(709,44,'Shanxi','SX',1),(710,44,'Sichuan','SI',1),(711,44,'Tianjin','TI',1),(712,44,'Xinjiang','XI',1),(713,44,'Yunnan','YU',1),(714,44,'Zhejiang','ZH',1),(715,46,'Direction Island','D',1),(716,46,'Home Island','H',1),(717,46,'Horsburgh Island','O',1),(718,46,'South Island','S',1),(719,46,'West Island','W',1),(720,47,'Amazonas','AMZ',1),(721,47,'Antioquia','ANT',1),(722,47,'Arauca','ARA',1),(723,47,'Atlantico','ATL',1),(724,47,'Bogota D.C.','BDC',1),(725,47,'Bolivar','BOL',1),(726,47,'Boyaca','BOY',1),(727,47,'Caldas','CAL',1),(728,47,'Caqueta','CAQ',1),(729,47,'Casanare','CAS',1),(730,47,'Cauca','CAU',1),(731,47,'Cesar','CES',1),(732,47,'Choco','CHO',1),(733,47,'Cordoba','COR',1),(734,47,'Cundinamarca','CAM',1),(735,47,'Guainia','GNA',1),(736,47,'Guajira','GJR',1),(737,47,'Guaviare','GVR',1),(738,47,'Huila','HUI',1),(739,47,'Magdalena','MAG',1),(740,47,'Meta','MET',1),(741,47,'Narino','NAR',1),(742,47,'Norte de Santander','NDS',1),(743,47,'Putumayo','PUT',1),(744,47,'Quindio','QUI',1),(745,47,'Risaralda','RIS',1),(746,47,'San Andres y Providencia','SAP',1),(747,47,'Santander','SAN',1),(748,47,'Sucre','SUC',1),(749,47,'Tolima','TOL',1),(750,47,'Valle del Cauca','VDC',1),(751,47,'Vaupes','VAU',1),(752,47,'Vichada','VIC',1),(753,48,'Grande Comore','G',1),(754,48,'Anjouan','A',1),(755,48,'Moheli','M',1),(756,49,'Bouenza','BO',1),(757,49,'Brazzaville','BR',1),(758,49,'Cuvette','CU',1),(759,49,'Cuvette-Ouest','CO',1),(760,49,'Kouilou','KO',1),(761,49,'Lekoumou','LE',1),(762,49,'Likouala','LI',1),(763,49,'Niari','NI',1),(764,49,'Plateaux','PL',1),(765,49,'Pool','PO',1),(766,49,'Sangha','SA',1),(767,50,'Pukapuka','PU',1),(768,50,'Rakahanga','RK',1),(769,50,'Manihiki','MK',1),(770,50,'Penrhyn','PE',1),(771,50,'Nassau Island','NI',1),(772,50,'Surwarrow','SU',1),(773,50,'Palmerston','PA',1),(774,50,'Aitutaki','AI',1),(775,50,'Manuae','MA',1),(776,50,'Takutea','TA',1),(777,50,'Mitiaro','MT',1),(778,50,'Atiu','AT',1),(779,50,'Mauke','MU',1),(780,50,'Rarotonga','RR',1),(781,50,'Mangaia','MG',1),(782,51,'Alajuela','AL',1),(783,51,'Cartago','CA',1),(784,51,'Guanacaste','GU',1),(785,51,'Heredia','HE',1),(786,51,'Limon','LI',1),(787,51,'Puntarenas','PU',1),(788,51,'San Jose','SJ',1),(789,52,'Abengourou','ABE',1),(790,52,'Abidjan','ABI',1),(791,52,'Aboisso','ABO',1),(792,52,'Adiake','ADI',1),(793,52,'Adzope','ADZ',1),(794,52,'Agboville','AGB',1),(795,52,'Agnibilekrou','AGN',1),(796,52,'Alepe','ALE',1),(797,52,'Bocanda','BOC',1),(798,52,'Bangolo','BAN',1),(799,52,'Beoumi','BEO',1),(800,52,'Biankouma','BIA',1),(801,52,'Bondoukou','BDK',1),(802,52,'Bongouanou','BGN',1),(803,52,'Bouafle','BFL',1),(804,52,'Bouake','BKE',1),(805,52,'Bouna','BNA',1),(806,52,'Boundiali','BDL',1),(807,52,'Dabakala','DKL',1),(808,52,'Dabou','DBU',1),(809,52,'Daloa','DAL',1),(810,52,'Danane','DAN',1),(811,52,'Daoukro','DAO',1),(812,52,'Dimbokro','DIM',1),(813,52,'Divo','DIV',1),(814,52,'Duekoue','DUE',1),(815,52,'Ferkessedougou','FER',1),(816,52,'Gagnoa','GAG',1),(817,52,'Grand-Bassam','GBA',1),(818,52,'Grand-Lahou','GLA',1),(819,52,'Guiglo','GUI',1),(820,52,'Issia','ISS',1),(821,52,'Jacqueville','JAC',1),(822,52,'Katiola','KAT',1),(823,52,'Korhogo','KOR',1),(824,52,'Lakota','LAK',1),(825,52,'Man','MAN',1),(826,52,'Mankono','MKN',1),(827,52,'Mbahiakro','MBA',1),(828,52,'Odienne','ODI',1),(829,52,'Oume','OUM',1),(830,52,'Sakassou','SAK',1),(831,52,'San-Pedro','SPE',1),(832,52,'Sassandra','SAS',1),(833,52,'Seguela','SEG',1),(834,52,'Sinfra','SIN',1),(835,52,'Soubre','SOU',1),(836,52,'Tabou','TAB',1),(837,52,'Tanda','TAN',1),(838,52,'Tiebissou','TIE',1),(839,52,'Tingrela','TIN',1),(840,52,'Tiassale','TIA',1),(841,52,'Touba','TBA',1),(842,52,'Toulepleu','TLP',1),(843,52,'Toumodi','TMD',1),(844,52,'Vavoua','VAV',1),(845,52,'Yamoussoukro','YAM',1),(846,52,'Zuenoula','ZUE',1),(847,53,'Bjelovar-Bilogora','BB',1),(848,53,'City of Zagreb','CZ',1),(849,53,'Dubrovnik-Neretva','DN',1),(850,53,'Istra','IS',1),(851,53,'Karlovac','KA',1),(852,53,'Koprivnica-Krizevci','KK',1),(853,53,'Krapina-Zagorje','KZ',1),(854,53,'Lika-Senj','LS',1),(855,53,'Medimurje','ME',1),(856,53,'Osijek-Baranja','OB',1),(857,53,'Pozega-Slavonia','PS',1),(858,53,'Primorje-Gorski Kotar','PG',1),(859,53,'Sibenik','SI',1),(860,53,'Sisak-Moslavina','SM',1),(861,53,'Slavonski Brod-Posavina','SB',1),(862,53,'Split-Dalmatia','SD',1),(863,53,'Varazdin','VA',1),(864,53,'Virovitica-Podravina','VP',1),(865,53,'Vukovar-Srijem','VS',1),(866,53,'Zadar-Knin','ZK',1),(867,53,'Zagreb','ZA',1),(868,54,'Camaguey','CA',1),(869,54,'Ciego de Avila','CD',1),(870,54,'Cienfuegos','CI',1),(871,54,'Ciudad de La Habana','CH',1),(872,54,'Granma','GR',1),(873,54,'Guantanamo','GU',1),(874,54,'Holguin','HO',1),(875,54,'Isla de la Juventud','IJ',1),(876,54,'La Habana','LH',1),(877,54,'Las Tunas','LT',1),(878,54,'Matanzas','MA',1),(879,54,'Pinar del Rio','PR',1),(880,54,'Sancti Spiritus','SS',1),(881,54,'Santiago de Cuba','SC',1),(882,54,'Villa Clara','VC',1),(883,55,'Famagusta','F',1),(884,55,'Kyrenia','K',1),(885,55,'Larnaca','A',1),(886,55,'Limassol','I',1),(887,55,'Nicosia','N',1),(888,55,'Paphos','P',1),(889,56,'Ústecký','U',1),(890,56,'Jihočeský','C',1),(891,56,'Jihomoravský','B',1),(892,56,'Karlovarský','K',1),(893,56,'Královehradecký','H',1),(894,56,'Liberecký','L',1),(895,56,'Moravskoslezský','T',1),(896,56,'Olomoucký','M',1),(897,56,'Pardubický','E',1),(898,56,'Plzeňský','P',1),(899,56,'Praha','A',1),(900,56,'Středočeský','S',1),(901,56,'Vysočina','J',1),(902,56,'Zlínský','Z',1),(903,57,'Arhus','AR',1),(904,57,'Bornholm','BH',1),(905,57,'Copenhagen','CO',1),(906,57,'Faroe Islands','FO',1),(907,57,'Frederiksborg','FR',1),(908,57,'Fyn','FY',1),(909,57,'Kobenhavn','KO',1),(910,57,'Nordjylland','NO',1),(911,57,'Ribe','RI',1),(912,57,'Ringkobing','RK',1),(913,57,'Roskilde','RO',1),(914,57,'Sonderjylland','SO',1),(915,57,'Storstrom','ST',1),(916,57,'Vejle','VK',1),(917,57,'Vestj&aelig;lland','VJ',1),(918,57,'Viborg','VB',1),(919,58,'\'Ali Sabih','S',1),(920,58,'Dikhil','K',1),(921,58,'Djibouti','J',1),(922,58,'Obock','O',1),(923,58,'Tadjoura','T',1),(924,59,'Saint Andrew Parish','AND',1),(925,59,'Saint David Parish','DAV',1),(926,59,'Saint George Parish','GEO',1),(927,59,'Saint John Parish','JOH',1),(928,59,'Saint Joseph Parish','JOS',1),(929,59,'Saint Luke Parish','LUK',1),(930,59,'Saint Mark Parish','MAR',1),(931,59,'Saint Patrick Parish','PAT',1),(932,59,'Saint Paul Parish','PAU',1),(933,59,'Saint Peter Parish','PET',1),(934,60,'Distrito Nacional','DN',1),(935,60,'Azua','AZ',1),(936,60,'Baoruco','BC',1),(937,60,'Barahona','BH',1),(938,60,'Dajabon','DJ',1),(939,60,'Duarte','DU',1),(940,60,'Elias Pina','EL',1),(941,60,'El Seybo','SY',1),(942,60,'Espaillat','ET',1),(943,60,'Hato Mayor','HM',1),(944,60,'Independencia','IN',1),(945,60,'La Altagracia','AL',1),(946,60,'La Romana','RO',1),(947,60,'La Vega','VE',1),(948,60,'Maria Trinidad Sanchez','MT',1),(949,60,'Monsenor Nouel','MN',1),(950,60,'Monte Cristi','MC',1),(951,60,'Monte Plata','MP',1),(952,60,'Pedernales','PD',1),(953,60,'Peravia (Bani)','PR',1),(954,60,'Puerto Plata','PP',1),(955,60,'Salcedo','SL',1),(956,60,'Samana','SM',1),(957,60,'Sanchez Ramirez','SH',1),(958,60,'San Cristobal','SC',1),(959,60,'San Jose de Ocoa','JO',1),(960,60,'San Juan','SJ',1),(961,60,'San Pedro de Macoris','PM',1),(962,60,'Santiago','SA',1),(963,60,'Santiago Rodriguez','ST',1),(964,60,'Santo Domingo','SD',1),(965,60,'Valverde','VA',1),(966,61,'Aileu','AL',1),(967,61,'Ainaro','AN',1),(968,61,'Baucau','BA',1),(969,61,'Bobonaro','BO',1),(970,61,'Cova Lima','CO',1),(971,61,'Dili','DI',1),(972,61,'Ermera','ER',1),(973,61,'Lautem','LA',1),(974,61,'Liquica','LI',1),(975,61,'Manatuto','MT',1),(976,61,'Manufahi','MF',1),(977,61,'Oecussi','OE',1),(978,61,'Viqueque','VI',1),(979,62,'Azuay','AZU',1),(980,62,'Bolivar','BOL',1),(981,62,'Ca&ntilde;ar','CAN',1),(982,62,'Carchi','CAR',1),(983,62,'Chimborazo','CHI',1),(984,62,'Cotopaxi','COT',1),(985,62,'El Oro','EOR',1),(986,62,'Esmeraldas','ESM',1),(987,62,'Gal&aacute;pagos','GPS',1),(988,62,'Guayas','GUA',1),(989,62,'Imbabura','IMB',1),(990,62,'Loja','LOJ',1),(991,62,'Los Rios','LRO',1),(992,62,'Manab&iacute;','MAN',1),(993,62,'Morona Santiago','MSA',1),(994,62,'Napo','NAP',1),(995,62,'Orellana','ORE',1),(996,62,'Pastaza','PAS',1),(997,62,'Pichincha','PIC',1),(998,62,'Sucumb&iacute;os','SUC',1),(999,62,'Tungurahua','TUN',1),(1000,62,'Zamora Chinchipe','ZCH',1),(1001,63,'Ad Daqahliyah','DHY',1),(1002,63,'Al Bahr al Ahmar','BAM',1),(1003,63,'Al Buhayrah','BHY',1),(1004,63,'Al Fayyum','FYM',1),(1005,63,'Al Gharbiyah','GBY',1),(1006,63,'Al Iskandariyah','IDR',1),(1007,63,'Al Isma\'iliyah','IML',1),(1008,63,'Al Jizah','JZH',1),(1009,63,'Al Minufiyah','MFY',1),(1010,63,'Al Minya','MNY',1),(1011,63,'Al Qahirah','QHR',1),(1012,63,'Al Qalyubiyah','QLY',1),(1013,63,'Al Wadi al Jadid','WJD',1),(1014,63,'Ash Sharqiyah','SHQ',1),(1015,63,'As Suways','SWY',1),(1016,63,'Aswan','ASW',1),(1017,63,'Asyut','ASY',1),(1018,63,'Bani Suwayf','BSW',1),(1019,63,'Bur Sa\'id','BSD',1),(1020,63,'Dumyat','DMY',1),(1021,63,'Janub Sina\'','JNS',1),(1022,63,'Kafr ash Shaykh','KSH',1),(1023,63,'Matruh','MAT',1),(1024,63,'Qina','QIN',1),(1025,63,'Shamal Sina\'','SHS',1),(1026,63,'Suhaj','SUH',1),(1027,64,'Ahuachapan','AH',1),(1028,64,'Cabanas','CA',1),(1029,64,'Chalatenango','CH',1),(1030,64,'Cuscatlan','CU',1),(1031,64,'La Libertad','LB',1),(1032,64,'La Paz','PZ',1),(1033,64,'La Union','UN',1),(1034,64,'Morazan','MO',1),(1035,64,'San Miguel','SM',1),(1036,64,'San Salvador','SS',1),(1037,64,'San Vicente','SV',1),(1038,64,'Santa Ana','SA',1),(1039,64,'Sonsonate','SO',1),(1040,64,'Usulutan','US',1),(1041,65,'Provincia Annobon','AN',1),(1042,65,'Provincia Bioko Norte','BN',1),(1043,65,'Provincia Bioko Sur','BS',1),(1044,65,'Provincia Centro Sur','CS',1),(1045,65,'Provincia Kie-Ntem','KN',1),(1046,65,'Provincia Litoral','LI',1),(1047,65,'Provincia Wele-Nzas','WN',1),(1048,66,'Central (Maekel)','MA',1),(1049,66,'Anseba (Keren)','KE',1),(1050,66,'Southern Red Sea (Debub-Keih-Bahri)','DK',1),(1051,66,'Northern Red Sea (Semien-Keih-Bahri)','SK',1),(1052,66,'Southern (Debub)','DE',1),(1053,66,'Gash-Barka (Barentu)','BR',1),(1054,67,'Harjumaa (Tallinn)','HA',1),(1055,67,'Hiiumaa (Kardla)','HI',1),(1056,67,'Ida-Virumaa (Johvi)','IV',1),(1057,67,'Jarvamaa (Paide)','JA',1),(1058,67,'Jogevamaa (Jogeva)','JO',1),(1059,67,'Laane-Virumaa (Rakvere)','LV',1),(1060,67,'Laanemaa (Haapsalu)','LA',1),(1061,67,'Parnumaa (Parnu)','PA',1),(1062,67,'Polvamaa (Polva)','PO',1),(1063,67,'Raplamaa (Rapla)','RA',1),(1064,67,'Saaremaa (Kuessaare)','SA',1),(1065,67,'Tartumaa (Tartu)','TA',1),(1066,67,'Valgamaa (Valga)','VA',1),(1067,67,'Viljandimaa (Viljandi)','VI',1),(1068,67,'Vorumaa (Voru)','VO',1),(1069,68,'Afar','AF',1),(1070,68,'Amhara','AH',1),(1071,68,'Benishangul-Gumaz','BG',1),(1072,68,'Gambela','GB',1),(1073,68,'Hariai','HR',1),(1074,68,'Oromia','OR',1),(1075,68,'Somali','SM',1),(1076,68,'Southern Nations - Nationalities and Peoples Region','SN',1),(1077,68,'Tigray','TG',1),(1078,68,'Addis Ababa','AA',1),(1079,68,'Dire Dawa','DD',1),(1080,71,'Central Division','C',1),(1081,71,'Northern Division','N',1),(1082,71,'Eastern Division','E',1),(1083,71,'Western Division','W',1),(1084,71,'Rotuma','R',1),(1085,72,'Ahvenanmaan Laani','AL',1),(1086,72,'Etela-Suomen Laani','ES',1),(1087,72,'Ita-Suomen Laani','IS',1),(1088,72,'Lansi-Suomen Laani','LS',1),(1089,72,'Lapin Lanani','LA',1),(1090,72,'Oulun Laani','OU',1),(1114,74,'Ain','01',1),(1115,74,'Aisne','02',1),(1116,74,'Allier','03',1),(1117,74,'Alpes de Haute Provence','04',1),(1118,74,'Hautes-Alpes','05',1),(1119,74,'Alpes Maritimes','06',1),(1120,74,'Ard&egrave;che','07',1),(1121,74,'Ardennes','08',1),(1122,74,'Ari&egrave;ge','09',1),(1123,74,'Aube','10',1),(1124,74,'Aude','11',1),(1125,74,'Aveyron','12',1),(1126,74,'Bouches du Rh&ocirc;ne','13',1),(1127,74,'Calvados','14',1),(1128,74,'Cantal','15',1),(1129,74,'Charente','16',1),(1130,74,'Charente Maritime','17',1),(1131,74,'Cher','18',1),(1132,74,'Corr&egrave;ze','19',1),(1133,74,'Corse du Sud','2A',1),(1134,74,'Haute Corse','2B',1),(1135,74,'C&ocirc;te d&#039;or','21',1),(1136,74,'C&ocirc;tes d&#039;Armor','22',1),(1137,74,'Creuse','23',1),(1138,74,'Dordogne','24',1),(1139,74,'Doubs','25',1),(1140,74,'Dr&ocirc;me','26',1),(1141,74,'Eure','27',1),(1142,74,'Eure et Loir','28',1),(1143,74,'Finist&egrave;re','29',1),(1144,74,'Gard','30',1),(1145,74,'Haute Garonne','31',1),(1146,74,'Gers','32',1),(1147,74,'Gironde','33',1),(1148,74,'H&eacute;rault','34',1),(1149,74,'Ille et Vilaine','35',1),(1150,74,'Indre','36',1),(1151,74,'Indre et Loire','37',1),(1152,74,'Is&eacute;re','38',1),(1153,74,'Jura','39',1),(1154,74,'Landes','40',1),(1155,74,'Loir et Cher','41',1),(1156,74,'Loire','42',1),(1157,74,'Haute Loire','43',1),(1158,74,'Loire Atlantique','44',1),(1159,74,'Loiret','45',1),(1160,74,'Lot','46',1),(1161,74,'Lot et Garonne','47',1),(1162,74,'Loz&egrave;re','48',1),(1163,74,'Maine et Loire','49',1),(1164,74,'Manche','50',1),(1165,74,'Marne','51',1),(1166,74,'Haute Marne','52',1),(1167,74,'Mayenne','53',1),(1168,74,'Meurthe et Moselle','54',1),(1169,74,'Meuse','55',1),(1170,74,'Morbihan','56',1),(1171,74,'Moselle','57',1),(1172,74,'Ni&egrave;vre','58',1),(1173,74,'Nord','59',1),(1174,74,'Oise','60',1),(1175,74,'Orne','61',1),(1176,74,'Pas de Calais','62',1),(1177,74,'Puy de D&ocirc;me','63',1),(1178,74,'Pyr&eacute;n&eacute;es Atlantiques','64',1),(1179,74,'Hautes Pyr&eacute;n&eacute;es','65',1),(1180,74,'Pyr&eacute;n&eacute;es Orientales','66',1),(1181,74,'Bas Rhin','67',1),(1182,74,'Haut Rhin','68',1),(1183,74,'Rh&ocirc;ne','69',1),(1184,74,'Haute Sa&ocirc;ne','70',1),(1185,74,'Sa&ocirc;ne et Loire','71',1),(1186,74,'Sarthe','72',1),(1187,74,'Savoie','73',1),(1188,74,'Haute Savoie','74',1),(1189,74,'Paris','75',1),(1190,74,'Seine Maritime','76',1),(1191,74,'Seine et Marne','77',1),(1192,74,'Yvelines','78',1),(1193,74,'Deux S&egrave;vres','79',1),(1194,74,'Somme','80',1),(1195,74,'Tarn','81',1),(1196,74,'Tarn et Garonne','82',1),(1197,74,'Var','83',1),(1198,74,'Vaucluse','84',1),(1199,74,'Vend&eacute;e','85',1),(1200,74,'Vienne','86',1),(1201,74,'Haute Vienne','87',1),(1202,74,'Vosges','88',1),(1203,74,'Yonne','89',1),(1204,74,'Territoire de Belfort','90',1),(1205,74,'Essonne','91',1),(1206,74,'Hauts de Seine','92',1),(1207,74,'Seine St-Denis','93',1),(1208,74,'Val de Marne','94',1),(1209,74,'Val d\'Oise','95',1),(1210,76,'Archipel des Marquises','M',1),(1211,76,'Archipel des Tuamotu','T',1),(1212,76,'Archipel des Tubuai','I',1),(1213,76,'Iles du Vent','V',1),(1214,76,'Iles Sous-le-Vent','S',1),(1215,77,'Iles Crozet','C',1),(1216,77,'Iles Kerguelen','K',1),(1217,77,'Ile Amsterdam','A',1),(1218,77,'Ile Saint-Paul','P',1),(1219,77,'Adelie Land','D',1),(1220,78,'Estuaire','ES',1),(1221,78,'Haut-Ogooue','HO',1),(1222,78,'Moyen-Ogooue','MO',1),(1223,78,'Ngounie','NG',1),(1224,78,'Nyanga','NY',1),(1225,78,'Ogooue-Ivindo','OI',1),(1226,78,'Ogooue-Lolo','OL',1),(1227,78,'Ogooue-Maritime','OM',1),(1228,78,'Woleu-Ntem','WN',1),(1229,79,'Banjul','BJ',1),(1230,79,'Basse','BS',1),(1231,79,'Brikama','BR',1),(1232,79,'Janjangbure','JA',1),(1233,79,'Kanifeng','KA',1),(1234,79,'Kerewan','KE',1),(1235,79,'Kuntaur','KU',1),(1236,79,'Mansakonko','MA',1),(1237,79,'Lower River','LR',1),(1238,79,'Central River','CR',1),(1239,79,'North Bank','NB',1),(1240,79,'Upper River','UR',1),(1241,79,'Western','WE',1),(1242,80,'Abkhazia','AB',1),(1243,80,'Ajaria','AJ',1),(1244,80,'Tbilisi','TB',1),(1245,80,'Guria','GU',1),(1246,80,'Imereti','IM',1),(1247,80,'Kakheti','KA',1),(1248,80,'Kvemo Kartli','KK',1),(1249,80,'Mtskheta-Mtianeti','MM',1),(1250,80,'Racha Lechkhumi and Kvemo Svanet','RL',1),(1251,80,'Samegrelo-Zemo Svaneti','SZ',1),(1252,80,'Samtskhe-Javakheti','SJ',1),(1253,80,'Shida Kartli','SK',1),(1254,81,'Baden-W&uuml;rttemberg','BAW',1),(1255,81,'Bayern','BAY',1),(1256,81,'Berlin','BER',1),(1257,81,'Brandenburg','BRG',1),(1258,81,'Bremen','BRE',1),(1259,81,'Hamburg','HAM',1),(1260,81,'Hessen','HES',1),(1261,81,'Mecklenburg-Vorpommern','MEC',1),(1262,81,'Niedersachsen','NDS',1),(1263,81,'Nordrhein-Westfalen','NRW',1),(1264,81,'Rheinland-Pfalz','RHE',1),(1265,81,'Saarland','SAR',1),(1266,81,'Sachsen','SAS',1),(1267,81,'Sachsen-Anhalt','SAC',1),(1268,81,'Schleswig-Holstein','SCN',1),(1269,81,'Th&uuml;ringen','THE',1),(1270,82,'Ashanti Region','AS',1),(1271,82,'Brong-Ahafo Region','BA',1),(1272,82,'Central Region','CE',1),(1273,82,'Eastern Region','EA',1),(1274,82,'Greater Accra Region','GA',1),(1275,82,'Northern Region','NO',1),(1276,82,'Upper East Region','UE',1),(1277,82,'Upper West Region','UW',1),(1278,82,'Volta Region','VO',1),(1279,82,'Western Region','WE',1),(1280,84,'Attica','AT',1),(1281,84,'Central Greece','CN',1),(1282,84,'Central Macedonia','CM',1),(1283,84,'Crete','CR',1),(1284,84,'East Macedonia and Thrace','EM',1),(1285,84,'Epirus','EP',1),(1286,84,'Ionian Islands','II',1),(1287,84,'North Aegean','NA',1),(1288,84,'Peloponnesos','PP',1),(1289,84,'South Aegean','SA',1),(1290,84,'Thessaly','TH',1),(1291,84,'West Greece','WG',1),(1292,84,'West Macedonia','WM',1),(1293,85,'Avannaa','A',1),(1294,85,'Tunu','T',1),(1295,85,'Kitaa','K',1),(1296,86,'Saint Andrew','A',1),(1297,86,'Saint David','D',1),(1298,86,'Saint George','G',1),(1299,86,'Saint John','J',1),(1300,86,'Saint Mark','M',1),(1301,86,'Saint Patrick','P',1),(1302,86,'Carriacou','C',1),(1303,86,'Petit Martinique','Q',1),(1304,89,'Alta Verapaz','AV',1),(1305,89,'Baja Verapaz','BV',1),(1306,89,'Chimaltenango','CM',1),(1307,89,'Chiquimula','CQ',1),(1308,89,'El Peten','PE',1),(1309,89,'El Progreso','PR',1),(1310,89,'El Quiche','QC',1),(1311,89,'Escuintla','ES',1),(1312,89,'Guatemala','GU',1),(1313,89,'Huehuetenango','HU',1),(1314,89,'Izabal','IZ',1),(1315,89,'Jalapa','JA',1),(1316,89,'Jutiapa','JU',1),(1317,89,'Quetzaltenango','QZ',1),(1318,89,'Retalhuleu','RE',1),(1319,89,'Sacatepequez','ST',1),(1320,89,'San Marcos','SM',1),(1321,89,'Santa Rosa','SR',1),(1322,89,'Solola','SO',1),(1323,89,'Suchitepequez','SU',1),(1324,89,'Totonicapan','TO',1),(1325,89,'Zacapa','ZA',1),(1326,90,'Conakry','CNK',1),(1327,90,'Beyla','BYL',1),(1328,90,'Boffa','BFA',1),(1329,90,'Boke','BOK',1),(1330,90,'Coyah','COY',1),(1331,90,'Dabola','DBL',1),(1332,90,'Dalaba','DLB',1),(1333,90,'Dinguiraye','DGR',1),(1334,90,'Dubreka','DBR',1),(1335,90,'Faranah','FRN',1),(1336,90,'Forecariah','FRC',1),(1337,90,'Fria','FRI',1),(1338,90,'Gaoual','GAO',1),(1339,90,'Gueckedou','GCD',1),(1340,90,'Kankan','KNK',1),(1341,90,'Kerouane','KRN',1),(1342,90,'Kindia','KND',1),(1343,90,'Kissidougou','KSD',1),(1344,90,'Koubia','KBA',1),(1345,90,'Koundara','KDA',1),(1346,90,'Kouroussa','KRA',1),(1347,90,'Labe','LAB',1),(1348,90,'Lelouma','LLM',1),(1349,90,'Lola','LOL',1),(1350,90,'Macenta','MCT',1),(1351,90,'Mali','MAL',1),(1352,90,'Mamou','MAM',1),(1353,90,'Mandiana','MAN',1),(1354,90,'Nzerekore','NZR',1),(1355,90,'Pita','PIT',1),(1356,90,'Siguiri','SIG',1),(1357,90,'Telimele','TLM',1),(1358,90,'Tougue','TOG',1),(1359,90,'Yomou','YOM',1),(1360,91,'Bafata Region','BF',1),(1361,91,'Biombo Region','BB',1),(1362,91,'Bissau Region','BS',1),(1363,91,'Bolama Region','BL',1),(1364,91,'Cacheu Region','CA',1),(1365,91,'Gabu Region','GA',1),(1366,91,'Oio Region','OI',1),(1367,91,'Quinara Region','QU',1),(1368,91,'Tombali Region','TO',1),(1369,92,'Barima-Waini','BW',1),(1370,92,'Cuyuni-Mazaruni','CM',1),(1371,92,'Demerara-Mahaica','DM',1),(1372,92,'East Berbice-Corentyne','EC',1),(1373,92,'Essequibo Islands-West Demerara','EW',1),(1374,92,'Mahaica-Berbice','MB',1),(1375,92,'Pomeroon-Supenaam','PM',1),(1376,92,'Potaro-Siparuni','PI',1),(1377,92,'Upper Demerara-Berbice','UD',1),(1378,92,'Upper Takutu-Upper Essequibo','UT',1),(1379,93,'Artibonite','AR',1),(1380,93,'Centre','CE',1),(1381,93,'Grand\'Anse','GA',1),(1382,93,'Nord','ND',1),(1383,93,'Nord-Est','NE',1),(1384,93,'Nord-Ouest','NO',1),(1385,93,'Ouest','OU',1),(1386,93,'Sud','SD',1),(1387,93,'Sud-Est','SE',1),(1388,94,'Flat Island','F',1),(1389,94,'McDonald Island','M',1),(1390,94,'Shag Island','S',1),(1391,94,'Heard Island','H',1),(1392,95,'Atlantida','AT',1),(1393,95,'Choluteca','CH',1),(1394,95,'Colon','CL',1),(1395,95,'Comayagua','CM',1),(1396,95,'Copan','CP',1),(1397,95,'Cortes','CR',1),(1398,95,'El Paraiso','PA',1),(1399,95,'Francisco Morazan','FM',1),(1400,95,'Gracias a Dios','GD',1),(1401,95,'Intibuca','IN',1),(1402,95,'Islas de la Bahia (Bay Islands)','IB',1),(1403,95,'La Paz','PZ',1),(1404,95,'Lempira','LE',1),(1405,95,'Ocotepeque','OC',1),(1406,95,'Olancho','OL',1),(1407,95,'Santa Barbara','SB',1),(1408,95,'Valle','VA',1),(1409,95,'Yoro','YO',1),(1410,96,'Central and Western Hong Kong Island','HCW',1),(1411,96,'Eastern Hong Kong Island','HEA',1),(1412,96,'Southern Hong Kong Island','HSO',1),(1413,96,'Wan Chai Hong Kong Island','HWC',1),(1414,96,'Kowloon City Kowloon','KKC',1),(1415,96,'Kwun Tong Kowloon','KKT',1),(1416,96,'Sham Shui Po Kowloon','KSS',1),(1417,96,'Wong Tai Sin Kowloon','KWT',1),(1418,96,'Yau Tsim Mong Kowloon','KYT',1),(1419,96,'Islands New Territories','NIS',1),(1420,96,'Kwai Tsing New Territories','NKT',1),(1421,96,'North New Territories','NNO',1),(1422,96,'Sai Kung New Territories','NSK',1),(1423,96,'Sha Tin New Territories','NST',1),(1424,96,'Tai Po New Territories','NTP',1),(1425,96,'Tsuen Wan New Territories','NTW',1),(1426,96,'Tuen Mun New Territories','NTM',1),(1427,96,'Yuen Long New Territories','NYL',1),(1428,97,'Bacs-Kiskun','BK',1),(1429,97,'Baranya','BA',1),(1430,97,'Bekes','BE',1),(1431,97,'Bekescsaba','BS',1),(1432,97,'Borsod-Abauj-Zemplen','BZ',1),(1433,97,'Budapest','BU',1),(1434,97,'Csongrad','CS',1),(1435,97,'Debrecen','DE',1),(1436,97,'Dunaujvaros','DU',1),(1437,97,'Eger','EG',1),(1438,97,'Fejer','FE',1),(1439,97,'Gyor','GY',1),(1440,97,'Gyor-Moson-Sopron','GM',1),(1441,97,'Hajdu-Bihar','HB',1),(1442,97,'Heves','HE',1),(1443,97,'Hodmezovasarhely','HO',1),(1444,97,'Jasz-Nagykun-Szolnok','JN',1),(1445,97,'Kaposvar','KA',1),(1446,97,'Kecskemet','KE',1),(1447,97,'Komarom-Esztergom','KO',1),(1448,97,'Miskolc','MI',1),(1449,97,'Nagykanizsa','NA',1),(1450,97,'Nograd','NO',1),(1451,97,'Nyiregyhaza','NY',1),(1452,97,'Pecs','PE',1),(1453,97,'Pest','PS',1),(1454,97,'Somogy','SO',1),(1455,97,'Sopron','SP',1),(1456,97,'Szabolcs-Szatmar-Bereg','SS',1),(1457,97,'Szeged','SZ',1),(1458,97,'Szekesfehervar','SE',1),(1459,97,'Szolnok','SL',1),(1460,97,'Szombathely','SM',1),(1461,97,'Tatabanya','TA',1),(1462,97,'Tolna','TO',1),(1463,97,'Vas','VA',1),(1464,97,'Veszprem','VE',1),(1465,97,'Zala','ZA',1),(1466,97,'Zalaegerszeg','ZZ',1),(1467,98,'Austurland','AL',1),(1468,98,'Hofuoborgarsvaeoi','HF',1),(1469,98,'Norourland eystra','NE',1),(1470,98,'Norourland vestra','NV',1),(1471,98,'Suourland','SL',1),(1472,98,'Suournes','SN',1),(1473,98,'Vestfiroir','VF',1),(1474,98,'Vesturland','VL',1),(1475,99,'Andaman and Nicobar Islands','AN',1),(1476,99,'Andhra Pradesh','AP',1),(1477,99,'Arunachal Pradesh','AR',1),(1478,99,'Assam','AS',1),(1479,99,'Bihar','BI',1),(1480,99,'Chandigarh','CH',1),(1481,99,'Dadra and Nagar Haveli','DA',1),(1482,99,'Daman and Diu','DM',1),(1483,99,'Delhi','DE',1),(1484,99,'Goa','GO',1),(1485,99,'Gujarat','GU',1),(1486,99,'Haryana','HA',1),(1487,99,'Himachal Pradesh','HP',1),(1488,99,'Jammu and Kashmir','JA',1),(1489,99,'Karnataka','KA',1),(1490,99,'Kerala','KE',1),(1491,99,'Lakshadweep Islands','LI',1),(1492,99,'Madhya Pradesh','MP',1),(1493,99,'Maharashtra','MA',1),(1494,99,'Manipur','MN',1),(1495,99,'Meghalaya','ME',1),(1496,99,'Mizoram','MI',1),(1497,99,'Nagaland','NA',1),(1498,99,'Orissa','OR',1),(1499,99,'Pondicherry','PO',1),(1500,99,'Punjab','PU',1),(1501,99,'Rajasthan','RA',1),(1502,99,'Sikkim','SI',1),(1503,99,'Tamil Nadu','TN',1),(1504,99,'Tripura','TR',1),(1505,99,'Uttar Pradesh','UP',1),(1506,99,'West Bengal','WB',1),(1507,100,'Aceh','AC',1),(1508,100,'Bali','BA',1),(1509,100,'Banten','BT',1),(1510,100,'Bengkulu','BE',1),(1511,100,'BoDeTaBek','BD',1),(1512,100,'Gorontalo','GO',1),(1513,100,'Jakarta Raya','JK',1),(1514,100,'Jambi','JA',1),(1515,100,'Jawa Barat','JB',1),(1516,100,'Jawa Tengah','JT',1),(1517,100,'Jawa Timur','JI',1),(1518,100,'Kalimantan Barat','KB',1),(1519,100,'Kalimantan Selatan','KS',1),(1520,100,'Kalimantan Tengah','KT',1),(1521,100,'Kalimantan Timur','KI',1),(1522,100,'Kepulauan Bangka Belitung','BB',1),(1523,100,'Lampung','LA',1),(1524,100,'Maluku','MA',1),(1525,100,'Maluku Utara','MU',1),(1526,100,'Nusa Tenggara Barat','NB',1),(1527,100,'Nusa Tenggara Timur','NT',1),(1528,100,'Papua','PA',1),(1529,100,'Riau','RI',1),(1530,100,'Sulawesi Selatan','SN',1),(1531,100,'Sulawesi Tengah','ST',1),(1532,100,'Sulawesi Tenggara','SG',1),(1533,100,'Sulawesi Utara','SA',1),(1534,100,'Sumatera Barat','SB',1),(1535,100,'Sumatera Selatan','SS',1),(1536,100,'Sumatera Utara','SU',1),(1537,100,'Yogyakarta','YO',1),(1538,101,'Tehran','TEH',1),(1539,101,'Qom','QOM',1),(1540,101,'Markazi','MKZ',1),(1541,101,'Qazvin','QAZ',1),(1542,101,'Gilan','GIL',1),(1543,101,'Ardabil','ARD',1),(1544,101,'Zanjan','ZAN',1),(1545,101,'East Azarbaijan','EAZ',1),(1546,101,'West Azarbaijan','WEZ',1),(1547,101,'Kurdistan','KRD',1),(1548,101,'Hamadan','HMD',1),(1549,101,'Kermanshah','KRM',1),(1550,101,'Ilam','ILM',1),(1551,101,'Lorestan','LRS',1),(1552,101,'Khuzestan','KZT',1),(1553,101,'Chahar Mahaal and Bakhtiari','CMB',1),(1554,101,'Kohkiluyeh and Buyer Ahmad','KBA',1),(1555,101,'Bushehr','BSH',1),(1556,101,'Fars','FAR',1),(1557,101,'Hormozgan','HRM',1),(1558,101,'Sistan and Baluchistan','SBL',1),(1559,101,'Kerman','KRB',1),(1560,101,'Yazd','YZD',1),(1561,101,'Esfahan','EFH',1),(1562,101,'Semnan','SMN',1),(1563,101,'Mazandaran','MZD',1),(1564,101,'Golestan','GLS',1),(1565,101,'North Khorasan','NKH',1),(1566,101,'Razavi Khorasan','RKH',1),(1567,101,'South Khorasan','SKH',1),(1568,102,'Baghdad','BD',1),(1569,102,'Salah ad Din','SD',1),(1570,102,'Diyala','DY',1),(1571,102,'Wasit','WS',1),(1572,102,'Maysan','MY',1),(1573,102,'Al Basrah','BA',1),(1574,102,'Dhi Qar','DQ',1),(1575,102,'Al Muthanna','MU',1),(1576,102,'Al Qadisyah','QA',1),(1577,102,'Babil','BB',1),(1578,102,'Al Karbala','KB',1),(1579,102,'An Najaf','NJ',1),(1580,102,'Al Anbar','AB',1),(1581,102,'Ninawa','NN',1),(1582,102,'Dahuk','DH',1),(1583,102,'Arbil','AL',1),(1584,102,'At Ta\'mim','TM',1),(1585,102,'As Sulaymaniyah','SL',1),(1586,103,'Carlow','CA',1),(1587,103,'Cavan','CV',1),(1588,103,'Clare','CL',1),(1589,103,'Cork','CO',1),(1590,103,'Donegal','DO',1),(1591,103,'Dublin','DU',1),(1592,103,'Galway','GA',1),(1593,103,'Kerry','KE',1),(1594,103,'Kildare','KI',1),(1595,103,'Kilkenny','KL',1),(1596,103,'Laois','LA',1),(1597,103,'Leitrim','LE',1),(1598,103,'Limerick','LI',1),(1599,103,'Longford','LO',1),(1600,103,'Louth','LU',1),(1601,103,'Mayo','MA',1),(1602,103,'Meath','ME',1),(1603,103,'Monaghan','MO',1),(1604,103,'Offaly','OF',1),(1605,103,'Roscommon','RO',1),(1606,103,'Sligo','SL',1),(1607,103,'Tipperary','TI',1),(1608,103,'Waterford','WA',1),(1609,103,'Westmeath','WE',1),(1610,103,'Wexford','WX',1),(1611,103,'Wicklow','WI',1),(1612,104,'Be\'er Sheva','BS',1),(1613,104,'Bika\'at Hayarden','BH',1),(1614,104,'Eilat and Arava','EA',1),(1615,104,'Galil','GA',1),(1616,104,'Haifa','HA',1),(1617,104,'Jehuda Mountains','JM',1),(1618,104,'Jerusalem','JE',1),(1619,104,'Negev','NE',1),(1620,104,'Semaria','SE',1),(1621,104,'Sharon','SH',1),(1622,104,'Tel Aviv (Gosh Dan)','TA',1),(3860,105,'Caltanissetta','CL',1),(3842,105,'Agrigento','AG',1),(3843,105,'Alessandria','AL',1),(3844,105,'Ancona','AN',1),(3845,105,'Aosta','AO',1),(3846,105,'Arezzo','AR',1),(3847,105,'Ascoli Piceno','AP',1),(3848,105,'Asti','AT',1),(3849,105,'Avellino','AV',1),(3850,105,'Bari','BA',1),(3851,105,'Belluno','BL',1),(3852,105,'Benevento','BN',1),(3853,105,'Bergamo','BG',1),(3854,105,'Biella','BI',1),(3855,105,'Bologna','BO',1),(3856,105,'Bolzano','BZ',1),(3857,105,'Brescia','BS',1),(3858,105,'Brindisi','BR',1),(3859,105,'Cagliari','CA',1),(1643,106,'Clarendon Parish','CLA',1),(1644,106,'Hanover Parish','HAN',1),(1645,106,'Kingston Parish','KIN',1),(1646,106,'Manchester Parish','MAN',1),(1647,106,'Portland Parish','POR',1),(1648,106,'Saint Andrew Parish','AND',1),(1649,106,'Saint Ann Parish','ANN',1),(1650,106,'Saint Catherine Parish','CAT',1),(1651,106,'Saint Elizabeth Parish','ELI',1),(1652,106,'Saint James Parish','JAM',1),(1653,106,'Saint Mary Parish','MAR',1),(1654,106,'Saint Thomas Parish','THO',1),(1655,106,'Trelawny Parish','TRL',1),(1656,106,'Westmoreland Parish','WML',1),(1657,107,'Aichi','AI',1),(1658,107,'Akita','AK',1),(1659,107,'Aomori','AO',1),(1660,107,'Chiba','CH',1),(1661,107,'Ehime','EH',1),(1662,107,'Fukui','FK',1),(1663,107,'Fukuoka','FU',1),(1664,107,'Fukushima','FS',1),(1665,107,'Gifu','GI',1),(1666,107,'Gumma','GU',1),(1667,107,'Hiroshima','HI',1),(1668,107,'Hokkaido','HO',1),(1669,107,'Hyogo','HY',1),(1670,107,'Ibaraki','IB',1),(1671,107,'Ishikawa','IS',1),(1672,107,'Iwate','IW',1),(1673,107,'Kagawa','KA',1),(1674,107,'Kagoshima','KG',1),(1675,107,'Kanagawa','KN',1),(1676,107,'Kochi','KO',1),(1677,107,'Kumamoto','KU',1),(1678,107,'Kyoto','KY',1),(1679,107,'Mie','MI',1),(1680,107,'Miyagi','MY',1),(1681,107,'Miyazaki','MZ',1),(1682,107,'Nagano','NA',1),(1683,107,'Nagasaki','NG',1),(1684,107,'Nara','NR',1),(1685,107,'Niigata','NI',1),(1686,107,'Oita','OI',1),(1687,107,'Okayama','OK',1),(1688,107,'Okinawa','ON',1),(1689,107,'Osaka','OS',1),(1690,107,'Saga','SA',1),(1691,107,'Saitama','SI',1),(1692,107,'Shiga','SH',1),(1693,107,'Shimane','SM',1),(1694,107,'Shizuoka','SZ',1),(1695,107,'Tochigi','TO',1),(1696,107,'Tokushima','TS',1),(1697,107,'Tokyo','TK',1),(1698,107,'Tottori','TT',1),(1699,107,'Toyama','TY',1),(1700,107,'Wakayama','WA',1),(1701,107,'Yamagata','YA',1),(1702,107,'Yamaguchi','YM',1),(1703,107,'Yamanashi','YN',1),(1704,108,'\'Amman','AM',1),(1705,108,'Ajlun','AJ',1),(1706,108,'Al \'Aqabah','AA',1),(1707,108,'Al Balqa\'','AB',1),(1708,108,'Al Karak','AK',1),(1709,108,'Al Mafraq','AL',1),(1710,108,'At Tafilah','AT',1),(1711,108,'Az Zarqa\'','AZ',1),(1712,108,'Irbid','IR',1),(1713,108,'Jarash','JA',1),(1714,108,'Ma\'an','MA',1),(1715,108,'Madaba','MD',1),(1716,109,'Almaty','AL',1),(1717,109,'Almaty City','AC',1),(1718,109,'Aqmola','AM',1),(1719,109,'Aqtobe','AQ',1),(1720,109,'Astana City','AS',1),(1721,109,'Atyrau','AT',1),(1722,109,'Batys Qazaqstan','BA',1),(1723,109,'Bayqongyr City','BY',1),(1724,109,'Mangghystau','MA',1),(1725,109,'Ongtustik Qazaqstan','ON',1),(1726,109,'Pavlodar','PA',1),(1727,109,'Qaraghandy','QA',1),(1728,109,'Qostanay','QO',1),(1729,109,'Qyzylorda','QY',1),(1730,109,'Shyghys Qazaqstan','SH',1),(1731,109,'Soltustik Qazaqstan','SO',1),(1732,109,'Zhambyl','ZH',1),(1733,110,'Central','CE',1),(1734,110,'Coast','CO',1),(1735,110,'Eastern','EA',1),(1736,110,'Nairobi Area','NA',1),(1737,110,'North Eastern','NE',1),(1738,110,'Nyanza','NY',1),(1739,110,'Rift Valley','RV',1),(1740,110,'Western','WE',1),(1741,111,'Abaiang','AG',1),(1742,111,'Abemama','AM',1),(1743,111,'Aranuka','AK',1),(1744,111,'Arorae','AO',1),(1745,111,'Banaba','BA',1),(1746,111,'Beru','BE',1),(1747,111,'Butaritari','bT',1),(1748,111,'Kanton','KA',1),(1749,111,'Kiritimati','KR',1),(1750,111,'Kuria','KU',1),(1751,111,'Maiana','MI',1),(1752,111,'Makin','MN',1),(1753,111,'Marakei','ME',1),(1754,111,'Nikunau','NI',1),(1755,111,'Nonouti','NO',1),(1756,111,'Onotoa','ON',1),(1757,111,'Tabiteuea','TT',1),(1758,111,'Tabuaeran','TR',1),(1759,111,'Tamana','TM',1),(1760,111,'Tarawa','TW',1),(1761,111,'Teraina','TE',1),(1762,112,'Chagang-do','CHA',1),(1763,112,'Hamgyong-bukto','HAB',1),(1764,112,'Hamgyong-namdo','HAN',1),(1765,112,'Hwanghae-bukto','HWB',1),(1766,112,'Hwanghae-namdo','HWN',1),(1767,112,'Kangwon-do','KAN',1),(1768,112,'P\'yongan-bukto','PYB',1),(1769,112,'P\'yongan-namdo','PYN',1),(1770,112,'Ryanggang-do (Yanggang-do)','YAN',1),(1771,112,'Rason Directly Governed City','NAJ',1),(1772,112,'P\'yongyang Special City','PYO',1),(1773,113,'Ch\'ungch\'ong-bukto','CO',1),(1774,113,'Ch\'ungch\'ong-namdo','CH',1),(1775,113,'Cheju-do','CD',1),(1776,113,'Cholla-bukto','CB',1),(1777,113,'Cholla-namdo','CN',1),(1778,113,'Inch\'on-gwangyoksi','IG',1),(1779,113,'Kangwon-do','KA',1),(1780,113,'Kwangju-gwangyoksi','KG',1),(1781,113,'Kyonggi-do','KD',1),(1782,113,'Kyongsang-bukto','KB',1),(1783,113,'Kyongsang-namdo','KN',1),(1784,113,'Pusan-gwangyoksi','PG',1),(1785,113,'Soul-t\'ukpyolsi','SO',1),(1786,113,'Taegu-gwangyoksi','TA',1),(1787,113,'Taejon-gwangyoksi','TG',1),(1788,114,'Al \'Asimah','AL',1),(1789,114,'Al Ahmadi','AA',1),(1790,114,'Al Farwaniyah','AF',1),(1791,114,'Al Jahra\'','AJ',1),(1792,114,'Hawalli','HA',1),(1793,115,'Bishkek','GB',1),(1794,115,'Batken','B',1),(1795,115,'Chu','C',1),(1796,115,'Jalal-Abad','J',1),(1797,115,'Naryn','N',1),(1798,115,'Osh','O',1),(1799,115,'Talas','T',1),(1800,115,'Ysyk-Kol','Y',1),(1801,116,'Vientiane','VT',1),(1802,116,'Attapu','AT',1),(1803,116,'Bokeo','BK',1),(1804,116,'Bolikhamxai','BL',1),(1805,116,'Champasak','CH',1),(1806,116,'Houaphan','HO',1),(1807,116,'Khammouan','KH',1),(1808,116,'Louang Namtha','LM',1),(1809,116,'Louangphabang','LP',1),(1810,116,'Oudomxai','OU',1),(1811,116,'Phongsali','PH',1),(1812,116,'Salavan','SL',1),(1813,116,'Savannakhet','SV',1),(1814,116,'Vientiane','VI',1),(1815,116,'Xaignabouli','XA',1),(1816,116,'Xekong','XE',1),(1817,116,'Xiangkhoang','XI',1),(1818,116,'Xaisomboun','XN',1),(1819,117,'Aizkraukles Rajons','AIZ',1),(1820,117,'Aluksnes Rajons','ALU',1),(1821,117,'Balvu Rajons','BAL',1),(1822,117,'Bauskas Rajons','BAU',1),(1823,117,'Cesu Rajons','CES',1),(1824,117,'Daugavpils Rajons','DGR',1),(1825,117,'Dobeles Rajons','DOB',1),(1826,117,'Gulbenes Rajons','GUL',1),(1827,117,'Jekabpils Rajons','JEK',1),(1828,117,'Jelgavas Rajons','JGR',1),(1829,117,'Kraslavas Rajons','KRA',1),(1830,117,'Kuldigas Rajons','KUL',1),(1831,117,'Liepajas Rajons','LPR',1),(1832,117,'Limbazu Rajons','LIM',1),(1833,117,'Ludzas Rajons','LUD',1),(1834,117,'Madonas Rajons','MAD',1),(1835,117,'Ogres Rajons','OGR',1),(1836,117,'Preilu Rajons','PRE',1),(1837,117,'Rezeknes Rajons','RZR',1),(1838,117,'Rigas Rajons','RGR',1),(1839,117,'Saldus Rajons','SAL',1),(1840,117,'Talsu Rajons','TAL',1),(1841,117,'Tukuma Rajons','TUK',1),(1842,117,'Valkas Rajons','VLK',1),(1843,117,'Valmieras Rajons','VLM',1),(1844,117,'Ventspils Rajons','VSR',1),(1845,117,'Daugavpils','DGV',1),(1846,117,'Jelgava','JGV',1),(1847,117,'Jurmala','JUR',1),(1848,117,'Liepaja','LPK',1),(1849,117,'Rezekne','RZK',1),(1850,117,'Riga','RGA',1),(1851,117,'Ventspils','VSL',1),(1852,119,'Berea','BE',1),(1853,119,'Butha-Buthe','BB',1),(1854,119,'Leribe','LE',1),(1855,119,'Mafeteng','MF',1),(1856,119,'Maseru','MS',1),(1857,119,'Mohale\'s Hoek','MH',1),(1858,119,'Mokhotlong','MK',1),(1859,119,'Qacha\'s Nek','QN',1),(1860,119,'Quthing','QT',1),(1861,119,'Thaba-Tseka','TT',1),(1862,120,'Bomi','BI',1),(1863,120,'Bong','BG',1),(1864,120,'Grand Bassa','GB',1),(1865,120,'Grand Cape Mount','CM',1),(1866,120,'Grand Gedeh','GG',1),(1867,120,'Grand Kru','GK',1),(1868,120,'Lofa','LO',1),(1869,120,'Margibi','MG',1),(1870,120,'Maryland','ML',1),(1871,120,'Montserrado','MS',1),(1872,120,'Nimba','NB',1),(1873,120,'River Cess','RC',1),(1874,120,'Sinoe','SN',1),(1875,121,'Ajdabiya','AJ',1),(1876,121,'Al \'Aziziyah','AZ',1),(1877,121,'Al Fatih','FA',1),(1878,121,'Al Jabal al Akhdar','JA',1),(1879,121,'Al Jufrah','JU',1),(1880,121,'Al Khums','KH',1),(1881,121,'Al Kufrah','KU',1),(1882,121,'An Nuqat al Khams','NK',1),(1883,121,'Ash Shati\'','AS',1),(1884,121,'Awbari','AW',1),(1885,121,'Az Zawiyah','ZA',1),(1886,121,'Banghazi','BA',1),(1887,121,'Darnah','DA',1),(1888,121,'Ghadamis','GD',1),(1889,121,'Gharyan','GY',1),(1890,121,'Misratah','MI',1),(1891,121,'Murzuq','MZ',1),(1892,121,'Sabha','SB',1),(1893,121,'Sawfajjin','SW',1),(1894,121,'Surt','SU',1),(1895,121,'Tarabulus (Tripoli)','TL',1),(1896,121,'Tarhunah','TH',1),(1897,121,'Tubruq','TU',1),(1898,121,'Yafran','YA',1),(1899,121,'Zlitan','ZL',1),(1900,122,'Vaduz','V',1),(1901,122,'Schaan','A',1),(1902,122,'Balzers','B',1),(1903,122,'Triesen','N',1),(1904,122,'Eschen','E',1),(1905,122,'Mauren','M',1),(1906,122,'Triesenberg','T',1),(1907,122,'Ruggell','R',1),(1908,122,'Gamprin','G',1),(1909,122,'Schellenberg','L',1),(1910,122,'Planken','P',1),(1911,123,'Alytus','AL',1),(1912,123,'Kaunas','KA',1),(1913,123,'Klaipeda','KL',1),(1914,123,'Marijampole','MA',1),(1915,123,'Panevezys','PA',1),(1916,123,'Siauliai','SI',1),(1917,123,'Taurage','TA',1),(1918,123,'Telsiai','TE',1),(1919,123,'Utena','UT',1),(1920,123,'Vilnius','VI',1),(1921,124,'Diekirch','DD',1),(1922,124,'Clervaux','DC',1),(1923,124,'Redange','DR',1),(1924,124,'Vianden','DV',1),(1925,124,'Wiltz','DW',1),(1926,124,'Grevenmacher','GG',1),(1927,124,'Echternach','GE',1),(1928,124,'Remich','GR',1),(1929,124,'Luxembourg','LL',1),(1930,124,'Capellen','LC',1),(1931,124,'Esch-sur-Alzette','LE',1),(1932,124,'Mersch','LM',1),(1933,125,'Our Lady Fatima Parish','OLF',1),(1934,125,'St. Anthony Parish','ANT',1),(1935,125,'St. Lazarus Parish','LAZ',1),(1936,125,'Cathedral Parish','CAT',1),(1937,125,'St. Lawrence Parish','LAW',1),(1938,127,'Antananarivo','AN',1),(1939,127,'Antsiranana','AS',1),(1940,127,'Fianarantsoa','FN',1),(1941,127,'Mahajanga','MJ',1),(1942,127,'Toamasina','TM',1),(1943,127,'Toliara','TL',1),(1944,128,'Balaka','BLK',1),(1945,128,'Blantyre','BLT',1),(1946,128,'Chikwawa','CKW',1),(1947,128,'Chiradzulu','CRD',1),(1948,128,'Chitipa','CTP',1),(1949,128,'Dedza','DDZ',1),(1950,128,'Dowa','DWA',1),(1951,128,'Karonga','KRG',1),(1952,128,'Kasungu','KSG',1),(1953,128,'Likoma','LKM',1),(1954,128,'Lilongwe','LLG',1),(1955,128,'Machinga','MCG',1),(1956,128,'Mangochi','MGC',1),(1957,128,'Mchinji','MCH',1),(1958,128,'Mulanje','MLJ',1),(1959,128,'Mwanza','MWZ',1),(1960,128,'Mzimba','MZM',1),(1961,128,'Ntcheu','NTU',1),(1962,128,'Nkhata Bay','NKB',1),(1963,128,'Nkhotakota','NKH',1),(1964,128,'Nsanje','NSJ',1),(1965,128,'Ntchisi','NTI',1),(1966,128,'Phalombe','PHL',1),(1967,128,'Rumphi','RMP',1),(1968,128,'Salima','SLM',1),(1969,128,'Thyolo','THY',1),(1970,128,'Zomba','ZBA',1),(1971,129,'Johor','JO',1),(1972,129,'Kedah','KE',1),(1973,129,'Kelantan','KL',1),(1974,129,'Labuan','LA',1),(1975,129,'Melaka','ME',1),(1976,129,'Negeri Sembilan','NS',1),(1977,129,'Pahang','PA',1),(1978,129,'Perak','PE',1),(1979,129,'Perlis','PR',1),(1980,129,'Pulau Pinang','PP',1),(1981,129,'Sabah','SA',1),(1982,129,'Sarawak','SR',1),(1983,129,'Selangor','SE',1),(1984,129,'Terengganu','TE',1),(1985,129,'Wilayah Persekutuan','WP',1),(1986,130,'Thiladhunmathi Uthuru','THU',1),(1987,130,'Thiladhunmathi Dhekunu','THD',1),(1988,130,'Miladhunmadulu Uthuru','MLU',1),(1989,130,'Miladhunmadulu Dhekunu','MLD',1),(1990,130,'Maalhosmadulu Uthuru','MAU',1),(1991,130,'Maalhosmadulu Dhekunu','MAD',1),(1992,130,'Faadhippolhu','FAA',1),(1993,130,'Male Atoll','MAA',1),(1994,130,'Ari Atoll Uthuru','AAU',1),(1995,130,'Ari Atoll Dheknu','AAD',1),(1996,130,'Felidhe Atoll','FEA',1),(1997,130,'Mulaku Atoll','MUA',1),(1998,130,'Nilandhe Atoll Uthuru','NAU',1),(1999,130,'Nilandhe Atoll Dhekunu','NAD',1),(2000,130,'Kolhumadulu','KLH',1),(2001,130,'Hadhdhunmathi','HDH',1),(2002,130,'Huvadhu Atoll Uthuru','HAU',1),(2003,130,'Huvadhu Atoll Dhekunu','HAD',1),(2004,130,'Fua Mulaku','FMU',1),(2005,130,'Addu','ADD',1),(2006,131,'Gao','GA',1),(2007,131,'Kayes','KY',1),(2008,131,'Kidal','KD',1),(2009,131,'Koulikoro','KL',1),(2010,131,'Mopti','MP',1),(2011,131,'Segou','SG',1),(2012,131,'Sikasso','SK',1),(2013,131,'Tombouctou','TB',1),(2014,131,'Bamako Capital District','CD',1),(2015,132,'Attard','ATT',1),(2016,132,'Balzan','BAL',1),(2017,132,'Birgu','BGU',1),(2018,132,'Birkirkara','BKK',1),(2019,132,'Birzebbuga','BRZ',1),(2020,132,'Bormla','BOR',1),(2021,132,'Dingli','DIN',1),(2022,132,'Fgura','FGU',1),(2023,132,'Floriana','FLO',1),(2024,132,'Gudja','GDJ',1),(2025,132,'Gzira','GZR',1),(2026,132,'Gargur','GRG',1),(2027,132,'Gaxaq','GXQ',1),(2028,132,'Hamrun','HMR',1),(2029,132,'Iklin','IKL',1),(2030,132,'Isla','ISL',1),(2031,132,'Kalkara','KLK',1),(2032,132,'Kirkop','KRK',1),(2033,132,'Lija','LIJ',1),(2034,132,'Luqa','LUQ',1),(2035,132,'Marsa','MRS',1),(2036,132,'Marsaskala','MKL',1),(2037,132,'Marsaxlokk','MXL',1),(2038,132,'Mdina','MDN',1),(2039,132,'Melliea','MEL',1),(2040,132,'Mgarr','MGR',1),(2041,132,'Mosta','MST',1),(2042,132,'Mqabba','MQA',1),(2043,132,'Msida','MSI',1),(2044,132,'Mtarfa','MTF',1),(2045,132,'Naxxar','NAX',1),(2046,132,'Paola','PAO',1),(2047,132,'Pembroke','PEM',1),(2048,132,'Pieta','PIE',1),(2049,132,'Qormi','QOR',1),(2050,132,'Qrendi','QRE',1),(2051,132,'Rabat','RAB',1),(2052,132,'Safi','SAF',1),(2053,132,'San Giljan','SGI',1),(2054,132,'Santa Lucija','SLU',1),(2055,132,'San Pawl il-Bahar','SPB',1),(2056,132,'San Gwann','SGW',1),(2057,132,'Santa Venera','SVE',1),(2058,132,'Siggiewi','SIG',1),(2059,132,'Sliema','SLM',1),(2060,132,'Swieqi','SWQ',1),(2061,132,'Ta Xbiex','TXB',1),(2062,132,'Tarxien','TRX',1),(2063,132,'Valletta','VLT',1),(2064,132,'Xgajra','XGJ',1),(2065,132,'Zabbar','ZBR',1),(2066,132,'Zebbug','ZBG',1),(2067,132,'Zejtun','ZJT',1),(2068,132,'Zurrieq','ZRQ',1),(2069,132,'Fontana','FNT',1),(2070,132,'Ghajnsielem','GHJ',1),(2071,132,'Gharb','GHR',1),(2072,132,'Ghasri','GHS',1),(2073,132,'Kercem','KRC',1),(2074,132,'Munxar','MUN',1),(2075,132,'Nadur','NAD',1),(2076,132,'Qala','QAL',1),(2077,132,'Victoria','VIC',1),(2078,132,'San Lawrenz','SLA',1),(2079,132,'Sannat','SNT',1),(2080,132,'Xagra','ZAG',1),(2081,132,'Xewkija','XEW',1),(2082,132,'Zebbug','ZEB',1),(2083,133,'Ailinginae','ALG',1),(2084,133,'Ailinglaplap','ALL',1),(2085,133,'Ailuk','ALK',1),(2086,133,'Arno','ARN',1),(2087,133,'Aur','AUR',1),(2088,133,'Bikar','BKR',1),(2089,133,'Bikini','BKN',1),(2090,133,'Bokak','BKK',1),(2091,133,'Ebon','EBN',1),(2092,133,'Enewetak','ENT',1),(2093,133,'Erikub','EKB',1),(2094,133,'Jabat','JBT',1),(2095,133,'Jaluit','JLT',1),(2096,133,'Jemo','JEM',1),(2097,133,'Kili','KIL',1),(2098,133,'Kwajalein','KWJ',1),(2099,133,'Lae','LAE',1),(2100,133,'Lib','LIB',1),(2101,133,'Likiep','LKP',1),(2102,133,'Majuro','MJR',1),(2103,133,'Maloelap','MLP',1),(2104,133,'Mejit','MJT',1),(2105,133,'Mili','MIL',1),(2106,133,'Namorik','NMK',1),(2107,133,'Namu','NAM',1),(2108,133,'Rongelap','RGL',1),(2109,133,'Rongrik','RGK',1),(2110,133,'Toke','TOK',1),(2111,133,'Ujae','UJA',1),(2112,133,'Ujelang','UJL',1),(2113,133,'Utirik','UTK',1),(2114,133,'Wotho','WTH',1),(2115,133,'Wotje','WTJ',1),(2116,135,'Adrar','AD',1),(2117,135,'Assaba','AS',1),(2118,135,'Brakna','BR',1),(2119,135,'Dakhlet Nouadhibou','DN',1),(2120,135,'Gorgol','GO',1),(2121,135,'Guidimaka','GM',1),(2122,135,'Hodh Ech Chargui','HC',1),(2123,135,'Hodh El Gharbi','HG',1),(2124,135,'Inchiri','IN',1),(2125,135,'Tagant','TA',1),(2126,135,'Tiris Zemmour','TZ',1),(2127,135,'Trarza','TR',1),(2128,135,'Nouakchott','NO',1),(2129,136,'Beau Bassin-Rose Hill','BR',1),(2130,136,'Curepipe','CU',1),(2131,136,'Port Louis','PU',1),(2132,136,'Quatre Bornes','QB',1),(2133,136,'Vacoas-Phoenix','VP',1),(2134,136,'Agalega Islands','AG',1),(2135,136,'Cargados Carajos Shoals (Saint Brandon Islands)','CC',1),(2136,136,'Rodrigues','RO',1),(2137,136,'Black River','BL',1),(2138,136,'Flacq','FL',1),(2139,136,'Grand Port','GP',1),(2140,136,'Moka','MO',1),(2141,136,'Pamplemousses','PA',1),(2142,136,'Plaines Wilhems','PW',1),(2143,136,'Port Louis','PL',1),(2144,136,'Riviere du Rempart','RR',1),(2145,136,'Savanne','SA',1),(2146,138,'Baja California Norte','BN',1),(2147,138,'Baja California Sur','BS',1),(2148,138,'Campeche','CA',1),(2149,138,'Chiapas','CI',1),(2150,138,'Chihuahua','CH',1),(2151,138,'Coahuila de Zaragoza','CZ',1),(2152,138,'Colima','CL',1),(2153,138,'Distrito Federal','DF',1),(2154,138,'Durango','DU',1),(2155,138,'Guanajuato','GA',1),(2156,138,'Guerrero','GE',1),(2157,138,'Hidalgo','HI',1),(2158,138,'Jalisco','JA',1),(2159,138,'Mexico','ME',1),(2160,138,'Michoacan de Ocampo','MI',1),(2161,138,'Morelos','MO',1),(2162,138,'Nayarit','NA',1),(2163,138,'Nuevo Leon','NL',1),(2164,138,'Oaxaca','OA',1),(2165,138,'Puebla','PU',1),(2166,138,'Queretaro de Arteaga','QA',1),(2167,138,'Quintana Roo','QR',1),(2168,138,'San Luis Potosi','SA',1),(2169,138,'Sinaloa','SI',1),(2170,138,'Sonora','SO',1),(2171,138,'Tabasco','TB',1),(2172,138,'Tamaulipas','TM',1),(2173,138,'Tlaxcala','TL',1),(2174,138,'Veracruz-Llave','VE',1),(2175,138,'Yucatan','YU',1),(2176,138,'Zacatecas','ZA',1),(2177,139,'Chuuk','C',1),(2178,139,'Kosrae','K',1),(2179,139,'Pohnpei','P',1),(2180,139,'Yap','Y',1),(2181,140,'Gagauzia','GA',1),(2182,140,'Chisinau','CU',1),(2183,140,'Balti','BA',1),(2184,140,'Cahul','CA',1),(2185,140,'Edinet','ED',1),(2186,140,'Lapusna','LA',1),(2187,140,'Orhei','OR',1),(2188,140,'Soroca','SO',1),(2189,140,'Tighina','TI',1),(2190,140,'Ungheni','UN',1),(2191,140,'St‚nga Nistrului','SN',1),(2192,141,'Fontvieille','FV',1),(2193,141,'La Condamine','LC',1),(2194,141,'Monaco-Ville','MV',1),(2195,141,'Monte-Carlo','MC',1),(2196,142,'Ulanbaatar','1',1),(2197,142,'Orhon','035',1),(2198,142,'Darhan uul','037',1),(2199,142,'Hentiy','039',1),(2200,142,'Hovsgol','041',1),(2201,142,'Hovd','043',1),(2202,142,'Uvs','046',1),(2203,142,'Tov','047',1),(2204,142,'Selenge','049',1),(2205,142,'Suhbaatar','051',1),(2206,142,'Omnogovi','053',1),(2207,142,'Ovorhangay','055',1),(2208,142,'Dzavhan','057',1),(2209,142,'DundgovL','059',1),(2210,142,'Dornod','061',1),(2211,142,'Dornogov','063',1),(2212,142,'Govi-Sumber','064',1),(2213,142,'Govi-Altay','065',1),(2214,142,'Bulgan','067',1),(2215,142,'Bayanhongor','069',1),(2216,142,'Bayan-Olgiy','071',1),(2217,142,'Arhangay','073',1),(2218,143,'Saint Anthony','A',1),(2219,143,'Saint Georges','G',1),(2220,143,'Saint Peter','P',1),(2221,144,'Agadir','AGD',1),(2222,144,'Al Hoceima','HOC',1),(2223,144,'Azilal','AZI',1),(2224,144,'Beni Mellal','BME',1),(2225,144,'Ben Slimane','BSL',1),(2226,144,'Boulemane','BLM',1),(2227,144,'Casablanca','CBL',1),(2228,144,'Chaouen','CHA',1),(2229,144,'El Jadida','EJA',1),(2230,144,'El Kelaa des Sraghna','EKS',1),(2231,144,'Er Rachidia','ERA',1),(2232,144,'Essaouira','ESS',1),(2233,144,'Fes','FES',1),(2234,144,'Figuig','FIG',1),(2235,144,'Guelmim','GLM',1),(2236,144,'Ifrane','IFR',1),(2237,144,'Kenitra','KEN',1),(2238,144,'Khemisset','KHM',1),(2239,144,'Khenifra','KHN',1),(2240,144,'Khouribga','KHO',1),(2241,144,'Laayoune','LYN',1),(2242,144,'Larache','LAR',1),(2243,144,'Marrakech','MRK',1),(2244,144,'Meknes','MKN',1),(2245,144,'Nador','NAD',1),(2246,144,'Ouarzazate','ORZ',1),(2247,144,'Oujda','OUJ',1),(2248,144,'Rabat-Sale','RSA',1),(2249,144,'Safi','SAF',1),(2250,144,'Settat','SET',1),(2251,144,'Sidi Kacem','SKA',1),(2252,144,'Tangier','TGR',1),(2253,144,'Tan-Tan','TAN',1),(2254,144,'Taounate','TAO',1),(2255,144,'Taroudannt','TRD',1),(2256,144,'Tata','TAT',1),(2257,144,'Taza','TAZ',1),(2258,144,'Tetouan','TET',1),(2259,144,'Tiznit','TIZ',1),(2260,144,'Ad Dakhla','ADK',1),(2261,144,'Boujdour','BJD',1),(2262,144,'Es Smara','ESM',1),(2263,145,'Cabo Delgado','CD',1),(2264,145,'Gaza','GZ',1),(2265,145,'Inhambane','IN',1),(2266,145,'Manica','MN',1),(2267,145,'Maputo (city)','MC',1),(2268,145,'Maputo','MP',1),(2269,145,'Nampula','NA',1),(2270,145,'Niassa','NI',1),(2271,145,'Sofala','SO',1),(2272,145,'Tete','TE',1),(2273,145,'Zambezia','ZA',1),(2274,146,'Ayeyarwady','AY',1),(2275,146,'Bago','BG',1),(2276,146,'Magway','MG',1),(2277,146,'Mandalay','MD',1),(2278,146,'Sagaing','SG',1),(2279,146,'Tanintharyi','TN',1),(2280,146,'Yangon','YG',1),(2281,146,'Chin State','CH',1),(2282,146,'Kachin State','KC',1),(2283,146,'Kayah State','KH',1),(2284,146,'Kayin State','KN',1),(2285,146,'Mon State','MN',1),(2286,146,'Rakhine State','RK',1),(2287,146,'Shan State','SH',1),(2288,147,'Caprivi','CA',1),(2289,147,'Erongo','ER',1),(2290,147,'Hardap','HA',1),(2291,147,'Karas','KR',1),(2292,147,'Kavango','KV',1),(2293,147,'Khomas','KH',1),(2294,147,'Kunene','KU',1),(2295,147,'Ohangwena','OW',1),(2296,147,'Omaheke','OK',1),(2297,147,'Omusati','OT',1),(2298,147,'Oshana','ON',1),(2299,147,'Oshikoto','OO',1),(2300,147,'Otjozondjupa','OJ',1),(2301,148,'Aiwo','AO',1),(2302,148,'Anabar','AA',1),(2303,148,'Anetan','AT',1),(2304,148,'Anibare','AI',1),(2305,148,'Baiti','BA',1),(2306,148,'Boe','BO',1),(2307,148,'Buada','BU',1),(2308,148,'Denigomodu','DE',1),(2309,148,'Ewa','EW',1),(2310,148,'Ijuw','IJ',1),(2311,148,'Meneng','ME',1),(2312,148,'Nibok','NI',1),(2313,148,'Uaboe','UA',1),(2314,148,'Yaren','YA',1),(2315,149,'Bagmati','BA',1),(2316,149,'Bheri','BH',1),(2317,149,'Dhawalagiri','DH',1),(2318,149,'Gandaki','GA',1),(2319,149,'Janakpur','JA',1),(2320,149,'Karnali','KA',1),(2321,149,'Kosi','KO',1),(2322,149,'Lumbini','LU',1),(2323,149,'Mahakali','MA',1),(2324,149,'Mechi','ME',1),(2325,149,'Narayani','NA',1),(2326,149,'Rapti','RA',1),(2327,149,'Sagarmatha','SA',1),(2328,149,'Seti','SE',1),(2329,150,'Drenthe','DR',1),(2330,150,'Flevoland','FL',1),(2331,150,'Friesland','FR',1),(2332,150,'Gelderland','GE',1),(2333,150,'Groningen','GR',1),(2334,150,'Limburg','LI',1),(2335,150,'Noord Brabant','NB',1),(2336,150,'Noord Holland','NH',1),(2337,150,'Overijssel','OV',1),(2338,150,'Utrecht','UT',1),(2339,150,'Zeeland','ZE',1),(2340,150,'Zuid Holland','ZH',1),(2341,152,'Iles Loyaute','L',1),(2342,152,'Nord','N',1),(2343,152,'Sud','S',1),(2344,153,'Auckland','AUK',1),(2345,153,'Bay of Plenty','BOP',1),(2346,153,'Canterbury','CAN',1),(2347,153,'Coromandel','COR',1),(2348,153,'Gisborne','GIS',1),(2349,153,'Fiordland','FIO',1),(2350,153,'Hawke\'s Bay','HKB',1),(2351,153,'Marlborough','MBH',1),(2352,153,'Manawatu-Wanganui','MWT',1),(2353,153,'Mt Cook-Mackenzie','MCM',1),(2354,153,'Nelson','NSN',1),(2355,153,'Northland','NTL',1),(2356,153,'Otago','OTA',1),(2357,153,'Southland','STL',1),(2358,153,'Taranaki','TKI',1),(2359,153,'Wellington','WGN',1),(2360,153,'Waikato','WKO',1),(2361,153,'Wairarapa','WAI',1),(2362,153,'West Coast','WTC',1),(2363,154,'Atlantico Norte','AN',1),(2364,154,'Atlantico Sur','AS',1),(2365,154,'Boaco','BO',1),(2366,154,'Carazo','CA',1),(2367,154,'Chinandega','CI',1),(2368,154,'Chontales','CO',1),(2369,154,'Esteli','ES',1),(2370,154,'Granada','GR',1),(2371,154,'Jinotega','JI',1),(2372,154,'Leon','LE',1),(2373,154,'Madriz','MD',1),(2374,154,'Managua','MN',1),(2375,154,'Masaya','MS',1),(2376,154,'Matagalpa','MT',1),(2377,154,'Nuevo Segovia','NS',1),(2378,154,'Rio San Juan','RS',1),(2379,154,'Rivas','RI',1),(2380,155,'Agadez','AG',1),(2381,155,'Diffa','DF',1),(2382,155,'Dosso','DS',1),(2383,155,'Maradi','MA',1),(2384,155,'Niamey','NM',1),(2385,155,'Tahoua','TH',1),(2386,155,'Tillaberi','TL',1),(2387,155,'Zinder','ZD',1),(2388,156,'Abia','AB',1),(2389,156,'Abuja Federal Capital Territory','CT',1),(2390,156,'Adamawa','AD',1),(2391,156,'Akwa Ibom','AK',1),(2392,156,'Anambra','AN',1),(2393,156,'Bauchi','BC',1),(2394,156,'Bayelsa','BY',1),(2395,156,'Benue','BN',1),(2396,156,'Borno','BO',1),(2397,156,'Cross River','CR',1),(2398,156,'Delta','DE',1),(2399,156,'Ebonyi','EB',1),(2400,156,'Edo','ED',1),(2401,156,'Ekiti','EK',1),(2402,156,'Enugu','EN',1),(2403,156,'Gombe','GO',1),(2404,156,'Imo','IM',1),(2405,156,'Jigawa','JI',1),(2406,156,'Kaduna','KD',1),(2407,156,'Kano','KN',1),(2408,156,'Katsina','KT',1),(2409,156,'Kebbi','KE',1),(2410,156,'Kogi','KO',1),(2411,156,'Kwara','KW',1),(2412,156,'Lagos','LA',1),(2413,156,'Nassarawa','NA',1),(2414,156,'Niger','NI',1),(2415,156,'Ogun','OG',1),(2416,156,'Ondo','ONG',1),(2417,156,'Osun','OS',1),(2418,156,'Oyo','OY',1),(2419,156,'Plateau','PL',1),(2420,156,'Rivers','RI',1),(2421,156,'Sokoto','SO',1),(2422,156,'Taraba','TA',1),(2423,156,'Yobe','YO',1),(2424,156,'Zamfara','ZA',1),(2425,159,'Northern Islands','N',1),(2426,159,'Rota','R',1),(2427,159,'Saipan','S',1),(2428,159,'Tinian','T',1),(2429,160,'Akershus','AK',1),(2430,160,'Aust-Agder','AA',1),(2431,160,'Buskerud','BU',1),(2432,160,'Finnmark','FM',1),(2433,160,'Hedmark','HM',1),(2434,160,'Hordaland','HL',1),(2435,160,'More og Romdal','MR',1),(2436,160,'Nord-Trondelag','NT',1),(2437,160,'Nordland','NL',1),(2438,160,'Ostfold','OF',1),(2439,160,'Oppland','OP',1),(2440,160,'Oslo','OL',1),(2441,160,'Rogaland','RL',1),(2442,160,'Sor-Trondelag','ST',1),(2443,160,'Sogn og Fjordane','SJ',1),(2444,160,'Svalbard','SV',1),(2445,160,'Telemark','TM',1),(2446,160,'Troms','TR',1),(2447,160,'Vest-Agder','VA',1),(2448,160,'Vestfold','VF',1),(2449,161,'Ad Dakhiliyah','DA',1),(2450,161,'Al Batinah','BA',1),(2451,161,'Al Wusta','WU',1),(2452,161,'Ash Sharqiyah','SH',1),(2453,161,'Az Zahirah','ZA',1),(2454,161,'Masqat','MA',1),(2455,161,'Musandam','MU',1),(2456,161,'Zufar','ZU',1),(2457,162,'Balochistan','B',1),(2458,162,'Federally Administered Tribal Areas','T',1),(2459,162,'Islamabad Capital Territory','I',1),(2460,162,'North-West Frontier','N',1),(2461,162,'Punjab','P',1),(2462,162,'Sindh','S',1),(2463,163,'Aimeliik','AM',1),(2464,163,'Airai','AR',1),(2465,163,'Angaur','AN',1),(2466,163,'Hatohobei','HA',1),(2467,163,'Kayangel','KA',1),(2468,163,'Koror','KO',1),(2469,163,'Melekeok','ME',1),(2470,163,'Ngaraard','NA',1),(2471,163,'Ngarchelong','NG',1),(2472,163,'Ngardmau','ND',1),(2473,163,'Ngatpang','NT',1),(2474,163,'Ngchesar','NC',1),(2475,163,'Ngeremlengui','NR',1),(2476,163,'Ngiwal','NW',1),(2477,163,'Peleliu','PE',1),(2478,163,'Sonsorol','SO',1),(2479,164,'Bocas del Toro','BT',1),(2480,164,'Chiriqui','CH',1),(2481,164,'Cocle','CC',1),(2482,164,'Colon','CL',1),(2483,164,'Darien','DA',1),(2484,164,'Herrera','HE',1),(2485,164,'Los Santos','LS',1),(2486,164,'Panama','PA',1),(2487,164,'San Blas','SB',1),(2488,164,'Veraguas','VG',1),(2489,165,'Bougainville','BV',1),(2490,165,'Central','CE',1),(2491,165,'Chimbu','CH',1),(2492,165,'Eastern Highlands','EH',1),(2493,165,'East New Britain','EB',1),(2494,165,'East Sepik','ES',1),(2495,165,'Enga','EN',1),(2496,165,'Gulf','GU',1),(2497,165,'Madang','MD',1),(2498,165,'Manus','MN',1),(2499,165,'Milne Bay','MB',1),(2500,165,'Morobe','MR',1),(2501,165,'National Capital','NC',1),(2502,165,'New Ireland','NI',1),(2503,165,'Northern','NO',1),(2504,165,'Sandaun','SA',1),(2505,165,'Southern Highlands','SH',1),(2506,165,'Western','WE',1),(2507,165,'Western Highlands','WH',1),(2508,165,'West New Britain','WB',1),(2509,166,'Alto Paraguay','AG',1),(2510,166,'Alto Parana','AN',1),(2511,166,'Amambay','AM',1),(2512,166,'Asuncion','AS',1),(2513,166,'Boqueron','BO',1),(2514,166,'Caaguazu','CG',1),(2515,166,'Caazapa','CZ',1),(2516,166,'Canindeyu','CN',1),(2517,166,'Central','CE',1),(2518,166,'Concepcion','CC',1),(2519,166,'Cordillera','CD',1),(2520,166,'Guaira','GU',1),(2521,166,'Itapua','IT',1),(2522,166,'Misiones','MI',1),(2523,166,'Neembucu','NE',1),(2524,166,'Paraguari','PA',1),(2525,166,'Presidente Hayes','PH',1),(2526,166,'San Pedro','SP',1),(2527,167,'Amazonas','AM',1),(2528,167,'Ancash','AN',1),(2529,167,'Apurimac','AP',1),(2530,167,'Arequipa','AR',1),(2531,167,'Ayacucho','AY',1),(2532,167,'Cajamarca','CJ',1),(2533,167,'Callao','CL',1),(2534,167,'Cusco','CU',1),(2535,167,'Huancavelica','HV',1),(2536,167,'Huanuco','HO',1),(2537,167,'Ica','IC',1),(2538,167,'Junin','JU',1),(2539,167,'La Libertad','LD',1),(2540,167,'Lambayeque','LY',1),(2541,167,'Lima','LI',1),(2542,167,'Loreto','LO',1),(2543,167,'Madre de Dios','MD',1),(2544,167,'Moquegua','MO',1),(2545,167,'Pasco','PA',1),(2546,167,'Piura','PI',1),(2547,167,'Puno','PU',1),(2548,167,'San Martin','SM',1),(2549,167,'Tacna','TA',1),(2550,167,'Tumbes','TU',1),(2551,167,'Ucayali','UC',1),(2552,168,'Abra','ABR',1),(2553,168,'Agusan del Norte','ANO',1),(2554,168,'Agusan del Sur','ASU',1),(2555,168,'Aklan','AKL',1),(2556,168,'Albay','ALB',1),(2557,168,'Antique','ANT',1),(2558,168,'Apayao','APY',1),(2559,168,'Aurora','AUR',1),(2560,168,'Basilan','BAS',1),(2561,168,'Bataan','BTA',1),(2562,168,'Batanes','BTE',1),(2563,168,'Batangas','BTG',1),(2564,168,'Biliran','BLR',1),(2565,168,'Benguet','BEN',1),(2566,168,'Bohol','BOL',1),(2567,168,'Bukidnon','BUK',1),(2568,168,'Bulacan','BUL',1),(2569,168,'Cagayan','CAG',1),(2570,168,'Camarines Norte','CNO',1),(2571,168,'Camarines Sur','CSU',1),(2572,168,'Camiguin','CAM',1),(2573,168,'Capiz','CAP',1),(2574,168,'Catanduanes','CAT',1),(2575,168,'Cavite','CAV',1),(2576,168,'Cebu','CEB',1),(2577,168,'Compostela','CMP',1),(2578,168,'Davao del Norte','DNO',1),(2579,168,'Davao del Sur','DSU',1),(2580,168,'Davao Oriental','DOR',1),(2581,168,'Eastern Samar','ESA',1),(2582,168,'Guimaras','GUI',1),(2583,168,'Ifugao','IFU',1),(2584,168,'Ilocos Norte','INO',1),(2585,168,'Ilocos Sur','ISU',1),(2586,168,'Iloilo','ILO',1),(2587,168,'Isabela','ISA',1),(2588,168,'Kalinga','KAL',1),(2589,168,'Laguna','LAG',1),(2590,168,'Lanao del Norte','LNO',1),(2591,168,'Lanao del Sur','LSU',1),(2592,168,'La Union','UNI',1),(2593,168,'Leyte','LEY',1),(2594,168,'Maguindanao','MAG',1),(2595,168,'Marinduque','MRN',1),(2596,168,'Masbate','MSB',1),(2597,168,'Mindoro Occidental','MIC',1),(2598,168,'Mindoro Oriental','MIR',1),(2599,168,'Misamis Occidental','MSC',1),(2600,168,'Misamis Oriental','MOR',1),(2601,168,'Mountain','MOP',1),(2602,168,'Negros Occidental','NOC',1),(2603,168,'Negros Oriental','NOR',1),(2604,168,'North Cotabato','NCT',1),(2605,168,'Northern Samar','NSM',1),(2606,168,'Nueva Ecija','NEC',1),(2607,168,'Nueva Vizcaya','NVZ',1),(2608,168,'Palawan','PLW',1),(2609,168,'Pampanga','PMP',1),(2610,168,'Pangasinan','PNG',1),(2611,168,'Quezon','QZN',1),(2612,168,'Quirino','QRN',1),(2613,168,'Rizal','RIZ',1),(2614,168,'Romblon','ROM',1),(2615,168,'Samar','SMR',1),(2616,168,'Sarangani','SRG',1),(2617,168,'Siquijor','SQJ',1),(2618,168,'Sorsogon','SRS',1),(2619,168,'South Cotabato','SCO',1),(2620,168,'Southern Leyte','SLE',1),(2621,168,'Sultan Kudarat','SKU',1),(2622,168,'Sulu','SLU',1),(2623,168,'Surigao del Norte','SNO',1),(2624,168,'Surigao del Sur','SSU',1),(2625,168,'Tarlac','TAR',1),(2626,168,'Tawi-Tawi','TAW',1),(2627,168,'Zambales','ZBL',1),(2628,168,'Zamboanga del Norte','ZNO',1),(2629,168,'Zamboanga del Sur','ZSU',1),(2630,168,'Zamboanga Sibugay','ZSI',1),(2631,170,'Dolnoslaskie','DO',1),(2632,170,'Kujawsko-Pomorskie','KP',1),(2633,170,'Lodzkie','LO',1),(2634,170,'Lubelskie','LL',1),(2635,170,'Lubuskie','LU',1),(2636,170,'Malopolskie','ML',1),(2637,170,'Mazowieckie','MZ',1),(2638,170,'Opolskie','OP',1),(2639,170,'Podkarpackie','PP',1),(2640,170,'Podlaskie','PL',1),(2641,170,'Pomorskie','PM',1),(2642,170,'Slaskie','SL',1),(2643,170,'Swietokrzyskie','SW',1),(2644,170,'Warminsko-Mazurskie','WM',1),(2645,170,'Wielkopolskie','WP',1),(2646,170,'Zachodniopomorskie','ZA',1),(2647,198,'Saint Pierre','P',1),(2648,198,'Miquelon','M',1),(2649,171,'A&ccedil;ores','AC',1),(2650,171,'Aveiro','AV',1),(2651,171,'Beja','BE',1),(2652,171,'Braga','BR',1),(2653,171,'Bragan&ccedil;a','BA',1),(2654,171,'Castelo Branco','CB',1),(2655,171,'Coimbra','CO',1),(2656,171,'&Eacute;vora','EV',1),(2657,171,'Faro','FA',1),(2658,171,'Guarda','GU',1),(2659,171,'Leiria','LE',1),(2660,171,'Lisboa','LI',1),(2661,171,'Madeira','ME',1),(2662,171,'Portalegre','PO',1),(2663,171,'Porto','PR',1),(2664,171,'Santar&eacute;m','SA',1),(2665,171,'Set&uacute;bal','SE',1),(2666,171,'Viana do Castelo','VC',1),(2667,171,'Vila Real','VR',1),(2668,171,'Viseu','VI',1),(2669,173,'Ad Dawhah','DW',1),(2670,173,'Al Ghuwayriyah','GW',1),(2671,173,'Al Jumayliyah','JM',1),(2672,173,'Al Khawr','KR',1),(2673,173,'Al Wakrah','WK',1),(2674,173,'Ar Rayyan','RN',1),(2675,173,'Jarayan al Batinah','JB',1),(2676,173,'Madinat ash Shamal','MS',1),(2677,173,'Umm Sa\'id','UD',1),(2678,173,'Umm Salal','UL',1),(2679,175,'Alba','AB',1),(2680,175,'Arad','AR',1),(2681,175,'Arges','AG',1),(2682,175,'Bacau','BC',1),(2683,175,'Bihor','BH',1),(2684,175,'Bistrita-Nasaud','BN',1),(2685,175,'Botosani','BT',1),(2686,175,'Brasov','BV',1),(2687,175,'Braila','BR',1),(2688,175,'Bucuresti','B',1),(2689,175,'Buzau','BZ',1),(2690,175,'Caras-Severin','CS',1),(2691,175,'Calarasi','CL',1),(2692,175,'Cluj','CJ',1),(2693,175,'Constanta','CT',1),(2694,175,'Covasna','CV',1),(2695,175,'Dimbovita','DB',1),(2696,175,'Dolj','DJ',1),(2697,175,'Galati','GL',1),(2698,175,'Giurgiu','GR',1),(2699,175,'Gorj','GJ',1),(2700,175,'Harghita','HR',1),(2701,175,'Hunedoara','HD',1),(2702,175,'Ialomita','IL',1),(2703,175,'Iasi','IS',1),(2704,175,'Ilfov','IF',1),(2705,175,'Maramures','MM',1),(2706,175,'Mehedinti','MH',1),(2707,175,'Mures','MS',1),(2708,175,'Neamt','NT',1),(2709,175,'Olt','OT',1),(2710,175,'Prahova','PH',1),(2711,175,'Satu-Mare','SM',1),(2712,175,'Salaj','SJ',1),(2713,175,'Sibiu','SB',1),(2714,175,'Suceava','SV',1),(2715,175,'Teleorman','TR',1),(2716,175,'Timis','TM',1),(2717,175,'Tulcea','TL',1),(2718,175,'Vaslui','VS',1),(2719,175,'Valcea','VL',1),(2720,175,'Vrancea','VN',1),(2721,176,'Abakan','AB',1),(2722,176,'Aginskoye','AG',1),(2723,176,'Anadyr','AN',1),(2724,176,'Arkahangelsk','AR',1),(2725,176,'Astrakhan','AS',1),(2726,176,'Barnaul','BA',1),(2727,176,'Belgorod','BE',1),(2728,176,'Birobidzhan','BI',1),(2729,176,'Blagoveshchensk','BL',1),(2730,176,'Bryansk','BR',1),(2731,176,'Cheboksary','CH',1),(2732,176,'Chelyabinsk','CL',1),(2733,176,'Cherkessk','CR',1),(2734,176,'Chita','CI',1),(2735,176,'Dudinka','DU',1),(2736,176,'Elista','EL',1),(2737,176,'Gomo-Altaysk','GO',1),(2738,176,'Gorno-Altaysk','GA',1),(2739,176,'Groznyy','GR',1),(2740,176,'Irkutsk','IR',1),(2741,176,'Ivanovo','IV',1),(2742,176,'Izhevsk','IZ',1),(2743,176,'Kalinigrad','KA',1),(2744,176,'Kaluga','KL',1),(2745,176,'Kasnodar','KS',1),(2746,176,'Kazan','KZ',1),(2747,176,'Kemerovo','KE',1),(2748,176,'Khabarovsk','KH',1),(2749,176,'Khanty-Mansiysk','KM',1),(2750,176,'Kostroma','KO',1),(2751,176,'Krasnodar','KR',1),(2752,176,'Krasnoyarsk','KN',1),(2753,176,'Kudymkar','KU',1),(2754,176,'Kurgan','KG',1),(2755,176,'Kursk','KK',1),(2756,176,'Kyzyl','KY',1),(2757,176,'Lipetsk','LI',1),(2758,176,'Magadan','MA',1),(2759,176,'Makhachkala','MK',1),(2760,176,'Maykop','MY',1),(2761,176,'Moscow','MO',1),(2762,176,'Murmansk','MU',1),(2763,176,'Nalchik','NA',1),(2764,176,'Naryan Mar','NR',1),(2765,176,'Nazran','NZ',1),(2766,176,'Nizhniy Novgorod','NI',1),(2767,176,'Novgorod','NO',1),(2768,176,'Novosibirsk','NV',1),(2769,176,'Omsk','OM',1),(2770,176,'Orel','OR',1),(2771,176,'Orenburg','OE',1),(2772,176,'Palana','PA',1),(2773,176,'Penza','PE',1),(2774,176,'Perm','PR',1),(2775,176,'Petropavlovsk-Kamchatskiy','PK',1),(2776,176,'Petrozavodsk','PT',1),(2777,176,'Pskov','PS',1),(2778,176,'Rostov-na-Donu','RO',1),(2779,176,'Ryazan','RY',1),(2780,176,'Salekhard','SL',1),(2781,176,'Samara','SA',1),(2782,176,'Saransk','SR',1),(2783,176,'Saratov','SV',1),(2784,176,'Smolensk','SM',1),(2785,176,'St. Petersburg','SP',1),(2786,176,'Stavropol','ST',1),(2787,176,'Syktyvkar','SY',1),(2788,176,'Tambov','TA',1),(2789,176,'Tomsk','TO',1),(2790,176,'Tula','TU',1),(2791,176,'Tura','TR',1),(2792,176,'Tver','TV',1),(2793,176,'Tyumen','TY',1),(2794,176,'Ufa','UF',1),(2795,176,'Ul\'yanovsk','UL',1),(2796,176,'Ulan-Ude','UU',1),(2797,176,'Ust\'-Ordynskiy','US',1),(2798,176,'Vladikavkaz','VL',1),(2799,176,'Vladimir','VA',1),(2800,176,'Vladivostok','VV',1),(2801,176,'Volgograd','VG',1),(2802,176,'Vologda','VD',1),(2803,176,'Voronezh','VO',1),(2804,176,'Vyatka','VY',1),(2805,176,'Yakutsk','YA',1),(2806,176,'Yaroslavl','YR',1),(2807,176,'Yekaterinburg','YE',1),(2808,176,'Yoshkar-Ola','YO',1),(2809,177,'Butare','BU',1),(2810,177,'Byumba','BY',1),(2811,177,'Cyangugu','CY',1),(2812,177,'Gikongoro','GK',1),(2813,177,'Gisenyi','GS',1),(2814,177,'Gitarama','GT',1),(2815,177,'Kibungo','KG',1),(2816,177,'Kibuye','KY',1),(2817,177,'Kigali Rurale','KR',1),(2818,177,'Kigali-ville','KV',1),(2819,177,'Ruhengeri','RU',1),(2820,177,'Umutara','UM',1),(2821,178,'Christ Church Nichola Town','CCN',1),(2822,178,'Saint Anne Sandy Point','SAS',1),(2823,178,'Saint George Basseterre','SGB',1),(2824,178,'Saint George Gingerland','SGG',1),(2825,178,'Saint James Windward','SJW',1),(2826,178,'Saint John Capesterre','SJC',1),(2827,178,'Saint John Figtree','SJF',1),(2828,178,'Saint Mary Cayon','SMC',1),(2829,178,'Saint Paul Capesterre','CAP',1),(2830,178,'Saint Paul Charlestown','CHA',1),(2831,178,'Saint Peter Basseterre','SPB',1),(2832,178,'Saint Thomas Lowland','STL',1),(2833,178,'Saint Thomas Middle Island','STM',1),(2834,178,'Trinity Palmetto Point','TPP',1),(2835,179,'Anse-la-Raye','AR',1),(2836,179,'Castries','CA',1),(2837,179,'Choiseul','CH',1),(2838,179,'Dauphin','DA',1),(2839,179,'Dennery','DE',1),(2840,179,'Gros-Islet','GI',1),(2841,179,'Laborie','LA',1),(2842,179,'Micoud','MI',1),(2843,179,'Praslin','PR',1),(2844,179,'Soufriere','SO',1),(2845,179,'Vieux-Fort','VF',1),(2846,180,'Charlotte','C',1),(2847,180,'Grenadines','R',1),(2848,180,'Saint Andrew','A',1),(2849,180,'Saint David','D',1),(2850,180,'Saint George','G',1),(2851,180,'Saint Patrick','P',1),(2852,181,'A\'ana','AN',1),(2853,181,'Aiga-i-le-Tai','AI',1),(2854,181,'Atua','AT',1),(2855,181,'Fa\'asaleleaga','FA',1),(2856,181,'Gaga\'emauga','GE',1),(2857,181,'Gagaifomauga','GF',1),(2858,181,'Palauli','PA',1),(2859,181,'Satupa\'itea','SA',1),(2860,181,'Tuamasaga','TU',1),(2861,181,'Va\'a-o-Fonoti','VF',1),(2862,181,'Vaisigano','VS',1),(2863,182,'Acquaviva','AC',1),(2864,182,'Borgo Maggiore','BM',1),(2865,182,'Chiesanuova','CH',1),(2866,182,'Domagnano','DO',1),(2867,182,'Faetano','FA',1),(2868,182,'Fiorentino','FI',1),(2869,182,'Montegiardino','MO',1),(2870,182,'Citta di San Marino','SM',1),(2871,182,'Serravalle','SE',1),(2872,183,'Sao Tome','S',1),(2873,183,'Principe','P',1),(2874,184,'Al Bahah','BH',1),(2875,184,'Al Hudud ash Shamaliyah','HS',1),(2876,184,'Al Jawf','JF',1),(2877,184,'Al Madinah','MD',1),(2878,184,'Al Qasim','QS',1),(2879,184,'Ar Riyad','RD',1),(2880,184,'Ash Sharqiyah (Eastern)','AQ',1),(2881,184,'\'Asir','AS',1),(2882,184,'Ha\'il','HL',1),(2883,184,'Jizan','JZ',1),(2884,184,'Makkah','ML',1),(2885,184,'Najran','NR',1),(2886,184,'Tabuk','TB',1),(2887,185,'Dakar','DA',1),(2888,185,'Diourbel','DI',1),(2889,185,'Fatick','FA',1),(2890,185,'Kaolack','KA',1),(2891,185,'Kolda','KO',1),(2892,185,'Louga','LO',1),(2893,185,'Matam','MA',1),(2894,185,'Saint-Louis','SL',1),(2895,185,'Tambacounda','TA',1),(2896,185,'Thies','TH',1),(2897,185,'Ziguinchor','ZI',1),(2898,186,'Anse aux Pins','AP',1),(2899,186,'Anse Boileau','AB',1),(2900,186,'Anse Etoile','AE',1),(2901,186,'Anse Louis','AL',1),(2902,186,'Anse Royale','AR',1),(2903,186,'Baie Lazare','BL',1),(2904,186,'Baie Sainte Anne','BS',1),(2905,186,'Beau Vallon','BV',1),(2906,186,'Bel Air','BA',1),(2907,186,'Bel Ombre','BO',1),(2908,186,'Cascade','CA',1),(2909,186,'Glacis','GL',1),(2910,186,'Grand\' Anse (on Mahe)','GM',1),(2911,186,'Grand\' Anse (on Praslin)','GP',1),(2912,186,'La Digue','DG',1),(2913,186,'La Riviere Anglaise','RA',1),(2914,186,'Mont Buxton','MB',1),(2915,186,'Mont Fleuri','MF',1),(2916,186,'Plaisance','PL',1),(2917,186,'Pointe La Rue','PR',1),(2918,186,'Port Glaud','PG',1),(2919,186,'Saint Louis','SL',1),(2920,186,'Takamaka','TA',1),(2921,187,'Eastern','E',1),(2922,187,'Northern','N',1),(2923,187,'Southern','S',1),(2924,187,'Western','W',1),(2925,189,'Banskobystrický','BA',1),(2926,189,'Bratislavský','BR',1),(2927,189,'Košický','KO',1),(2928,189,'Nitriansky','NI',1),(2929,189,'Prešovský','PR',1),(2930,189,'Trenčiansky','TC',1),(2931,189,'Trnavský','TV',1),(2932,189,'Žilinský','ZI',1),(2933,191,'Central','CE',1),(2934,191,'Choiseul','CH',1),(2935,191,'Guadalcanal','GC',1),(2936,191,'Honiara','HO',1),(2937,191,'Isabel','IS',1),(2938,191,'Makira','MK',1),(2939,191,'Malaita','ML',1),(2940,191,'Rennell and Bellona','RB',1),(2941,191,'Temotu','TM',1),(2942,191,'Western','WE',1),(2943,192,'Awdal','AW',1),(2944,192,'Bakool','BK',1),(2945,192,'Banaadir','BN',1),(2946,192,'Bari','BR',1),(2947,192,'Bay','BY',1),(2948,192,'Galguduud','GA',1),(2949,192,'Gedo','GE',1),(2950,192,'Hiiraan','HI',1),(2951,192,'Jubbada Dhexe','JD',1),(2952,192,'Jubbada Hoose','JH',1),(2953,192,'Mudug','MU',1),(2954,192,'Nugaal','NU',1),(2955,192,'Sanaag','SA',1),(2956,192,'Shabeellaha Dhexe','SD',1),(2957,192,'Shabeellaha Hoose','SH',1),(2958,192,'Sool','SL',1),(2959,192,'Togdheer','TO',1),(2960,192,'Woqooyi Galbeed','WG',1),(2961,193,'Eastern Cape','EC',1),(2962,193,'Free State','FS',1),(2963,193,'Gauteng','GT',1),(2964,193,'KwaZulu-Natal','KN',1),(2965,193,'Limpopo','LP',1),(2966,193,'Mpumalanga','MP',1),(2967,193,'North West','NW',1),(2968,193,'Northern Cape','NC',1),(2969,193,'Western Cape','WC',1),(2970,195,'La Coru&ntilde;a','CA',1),(2971,195,'&Aacute;lava','AL',1),(2972,195,'Albacete','AB',1),(2973,195,'Alicante','AC',1),(2974,195,'Almeria','AM',1),(2975,195,'Asturias','AS',1),(2976,195,'&Aacute;vila','AV',1),(2977,195,'Badajoz','BJ',1),(2978,195,'Baleares','IB',1),(2979,195,'Barcelona','BA',1),(2980,195,'Burgos','BU',1),(2981,195,'C&aacute;ceres','CC',1),(2982,195,'C&aacute;diz','CZ',1),(2983,195,'Cantabria','CT',1),(2984,195,'Castell&oacute;n','CL',1),(2985,195,'Ceuta','CE',1),(2986,195,'Ciudad Real','CR',1),(2987,195,'C&oacute;rdoba','CD',1),(2988,195,'Cuenca','CU',1),(2989,195,'Girona','GI',1),(2990,195,'Granada','GD',1),(2991,195,'Guadalajara','GJ',1),(2992,195,'Guip&uacute;zcoa','GP',1),(2993,195,'Huelva','HL',1),(2994,195,'Huesca','HS',1),(2995,195,'Ja&eacute;n','JN',1),(2996,195,'La Rioja','RJ',1),(2997,195,'Las Palmas','PM',1),(2998,195,'Leon','LE',1),(2999,195,'Lleida','LL',1),(3000,195,'Lugo','LG',1),(3001,195,'Madrid','MD',1),(3002,195,'Malaga','MA',1),(3003,195,'Melilla','ML',1),(3004,195,'Murcia','MU',1),(3005,195,'Navarra','NV',1),(3006,195,'Ourense','OU',1),(3007,195,'Palencia','PL',1),(3008,195,'Pontevedra','PO',1),(3009,195,'Salamanca','SL',1),(3010,195,'Santa Cruz de Tenerife','SC',1),(3011,195,'Segovia','SG',1),(3012,195,'Sevilla','SV',1),(3013,195,'Soria','SO',1),(3014,195,'Tarragona','TA',1),(3015,195,'Teruel','TE',1),(3016,195,'Toledo','TO',1),(3017,195,'Valencia','VC',1),(3018,195,'Valladolid','VD',1),(3019,195,'Vizcaya','VZ',1),(3020,195,'Zamora','ZM',1),(3021,195,'Zaragoza','ZR',1),(3022,196,'Central','CE',1),(3023,196,'Eastern','EA',1),(3024,196,'North Central','NC',1),(3025,196,'Northern','NO',1),(3026,196,'North Western','NW',1),(3027,196,'Sabaragamuwa','SA',1),(3028,196,'Southern','SO',1),(3029,196,'Uva','UV',1),(3030,196,'Western','WE',1),(3031,197,'Ascension','A',1),(3032,197,'Saint Helena','S',1),(3033,197,'Tristan da Cunha','T',1),(3034,199,'A\'ali an Nil','ANL',1),(3035,199,'Al Bahr al Ahmar','BAM',1),(3036,199,'Al Buhayrat','BRT',1),(3037,199,'Al Jazirah','JZR',1),(3038,199,'Al Khartum','KRT',1),(3039,199,'Al Qadarif','QDR',1),(3040,199,'Al Wahdah','WDH',1),(3041,199,'An Nil al Abyad','ANB',1),(3042,199,'An Nil al Azraq','ANZ',1),(3043,199,'Ash Shamaliyah','ASH',1),(3044,199,'Bahr al Jabal','BJA',1),(3045,199,'Gharb al Istiwa\'iyah','GIS',1),(3046,199,'Gharb Bahr al Ghazal','GBG',1),(3047,199,'Gharb Darfur','GDA',1),(3048,199,'Gharb Kurdufan','GKU',1),(3049,199,'Janub Darfur','JDA',1),(3050,199,'Janub Kurdufan','JKU',1),(3051,199,'Junqali','JQL',1),(3052,199,'Kassala','KSL',1),(3053,199,'Nahr an Nil','NNL',1),(3054,199,'Shamal Bahr al Ghazal','SBG',1),(3055,199,'Shamal Darfur','SDA',1),(3056,199,'Shamal Kurdufan','SKU',1),(3057,199,'Sharq al Istiwa\'iyah','SIS',1),(3058,199,'Sinnar','SNR',1),(3059,199,'Warab','WRB',1),(3060,200,'Brokopondo','BR',1),(3061,200,'Commewijne','CM',1),(3062,200,'Coronie','CR',1),(3063,200,'Marowijne','MA',1),(3064,200,'Nickerie','NI',1),(3065,200,'Para','PA',1),(3066,200,'Paramaribo','PM',1),(3067,200,'Saramacca','SA',1),(3068,200,'Sipaliwini','SI',1),(3069,200,'Wanica','WA',1),(3070,202,'Hhohho','H',1),(3071,202,'Lubombo','L',1),(3072,202,'Manzini','M',1),(3073,202,'Shishelweni','S',1),(3074,203,'Blekinge','K',1),(3075,203,'Dalarna','W',1),(3076,203,'G&auml;vleborg','X',1),(3077,203,'Gotland','I',1),(3078,203,'Halland','N',1),(3079,203,'J&auml;mtland','Z',1),(3080,203,'J&ouml;nk&ouml;ping','F',1),(3081,203,'Kalmar','H',1),(3082,203,'Kronoberg','G',1),(3083,203,'Norrbotten','BD',1),(3084,203,'&Ouml;rebro','T',1),(3085,203,'&Ouml;sterg&ouml;tland','E',1),(3086,203,'Sk&aring;ne','M',1),(3087,203,'S&ouml;dermanland','D',1),(3088,203,'Stockholm','AB',1),(3089,203,'Uppsala','C',1),(3090,203,'V&auml;rmland','S',1),(3091,203,'V&auml;sterbotten','AC',1),(3092,203,'V&auml;sternorrland','Y',1),(3093,203,'V&auml;stmanland','U',1),(3094,203,'V&auml;stra G&ouml;taland','O',1),(3095,204,'Aargau','AG',1),(3096,204,'Appenzell Ausserrhoden','AR',1),(3097,204,'Appenzell Innerrhoden','AI',1),(3098,204,'Basel-Stadt','BS',1),(3099,204,'Basel-Landschaft','BL',1),(3100,204,'Bern','BE',1),(3101,204,'Fribourg','FR',1),(3102,204,'Gen&egrave;ve','GE',1),(3103,204,'Glarus','GL',1),(3104,204,'Graub&uuml;nden','GR',1),(3105,204,'Jura','JU',1),(3106,204,'Luzern','LU',1),(3107,204,'Neuch&acirc;tel','NE',1),(3108,204,'Nidwald','NW',1),(3109,204,'Obwald','OW',1),(3110,204,'St. Gallen','SG',1),(3111,204,'Schaffhausen','SH',1),(3112,204,'Schwyz','SZ',1),(3113,204,'Solothurn','SO',1),(3114,204,'Thurgau','TG',1),(3115,204,'Ticino','TI',1),(3116,204,'Uri','UR',1),(3117,204,'Valais','VS',1),(3118,204,'Vaud','VD',1),(3119,204,'Zug','ZG',1),(3120,204,'Z&uuml;rich','ZH',1),(3121,205,'Al Hasakah','HA',1),(3122,205,'Al Ladhiqiyah','LA',1),(3123,205,'Al Qunaytirah','QU',1),(3124,205,'Ar Raqqah','RQ',1),(3125,205,'As Suwayda','SU',1),(3126,205,'Dara','DA',1),(3127,205,'Dayr az Zawr','DZ',1),(3128,205,'Dimashq','DI',1),(3129,205,'Halab','HL',1),(3130,205,'Hamah','HM',1),(3131,205,'Hims','HI',1),(3132,205,'Idlib','ID',1),(3133,205,'Rif Dimashq','RD',1),(3134,205,'Tartus','TA',1),(3135,206,'Chang-hua','CH',1),(3136,206,'Chia-i','CI',1),(3137,206,'Hsin-chu','HS',1),(3138,206,'Hua-lien','HL',1),(3139,206,'I-lan','IL',1),(3140,206,'Kao-hsiung county','KH',1),(3141,206,'Kin-men','KM',1),(3142,206,'Lien-chiang','LC',1),(3143,206,'Miao-li','ML',1),(3144,206,'Nan-t\'ou','NT',1),(3145,206,'P\'eng-hu','PH',1),(3146,206,'P\'ing-tung','PT',1),(3147,206,'T\'ai-chung','TG',1),(3148,206,'T\'ai-nan','TA',1),(3149,206,'T\'ai-pei county','TP',1),(3150,206,'T\'ai-tung','TT',1),(3151,206,'T\'ao-yuan','TY',1),(3152,206,'Yun-lin','YL',1),(3153,206,'Chia-i city','CC',1),(3154,206,'Chi-lung','CL',1),(3155,206,'Hsin-chu','HC',1),(3156,206,'T\'ai-chung','TH',1),(3157,206,'T\'ai-nan','TN',1),(3158,206,'Kao-hsiung city','KC',1),(3159,206,'T\'ai-pei city','TC',1),(3160,207,'Gorno-Badakhstan','GB',1),(3161,207,'Khatlon','KT',1),(3162,207,'Sughd','SU',1),(3163,208,'Arusha','AR',1),(3164,208,'Dar es Salaam','DS',1),(3165,208,'Dodoma','DO',1),(3166,208,'Iringa','IR',1),(3167,208,'Kagera','KA',1),(3168,208,'Kigoma','KI',1),(3169,208,'Kilimanjaro','KJ',1),(3170,208,'Lindi','LN',1),(3171,208,'Manyara','MY',1),(3172,208,'Mara','MR',1),(3173,208,'Mbeya','MB',1),(3174,208,'Morogoro','MO',1),(3175,208,'Mtwara','MT',1),(3176,208,'Mwanza','MW',1),(3177,208,'Pemba North','PN',1),(3178,208,'Pemba South','PS',1),(3179,208,'Pwani','PW',1),(3180,208,'Rukwa','RK',1),(3181,208,'Ruvuma','RV',1),(3182,208,'Shinyanga','SH',1),(3183,208,'Singida','SI',1),(3184,208,'Tabora','TB',1),(3185,208,'Tanga','TN',1),(3186,208,'Zanzibar Central/South','ZC',1),(3187,208,'Zanzibar North','ZN',1),(3188,208,'Zanzibar Urban/West','ZU',1),(3189,209,'Amnat Charoen','Amnat Charoen',1),(3190,209,'Ang Thong','Ang Thong',1),(3191,209,'Ayutthaya','Ayutthaya',1),(3192,209,'Bangkok','Bangkok',1),(3193,209,'Buriram','Buriram',1),(3194,209,'Chachoengsao','Chachoengsao',1),(3195,209,'Chai Nat','Chai Nat',1),(3196,209,'Chaiyaphum','Chaiyaphum',1),(3197,209,'Chanthaburi','Chanthaburi',1),(3198,209,'Chiang Mai','Chiang Mai',1),(3199,209,'Chiang Rai','Chiang Rai',1),(3200,209,'Chon Buri','Chon Buri',1),(3201,209,'Chumphon','Chumphon',1),(3202,209,'Kalasin','Kalasin',1),(3203,209,'Kamphaeng Phet','Kamphaeng Phet',1),(3204,209,'Kanchanaburi','Kanchanaburi',1),(3205,209,'Khon Kaen','Khon Kaen',1),(3206,209,'Krabi','Krabi',1),(3207,209,'Lampang','Lampang',1),(3208,209,'Lamphun','Lamphun',1),(3209,209,'Loei','Loei',1),(3210,209,'Lop Buri','Lop Buri',1),(3211,209,'Mae Hong Son','Mae Hong Son',1),(3212,209,'Maha Sarakham','Maha Sarakham',1),(3213,209,'Mukdahan','Mukdahan',1),(3214,209,'Nakhon Nayok','Nakhon Nayok',1),(3215,209,'Nakhon Pathom','Nakhon Pathom',1),(3216,209,'Nakhon Phanom','Nakhon Phanom',1),(3217,209,'Nakhon Ratchasima','Nakhon Ratchasima',1),(3218,209,'Nakhon Sawan','Nakhon Sawan',1),(3219,209,'Nakhon Si Thammarat','Nakhon Si Thammarat',1),(3220,209,'Nan','Nan',1),(3221,209,'Narathiwat','Narathiwat',1),(3222,209,'Nong Bua Lamphu','Nong Bua Lamphu',1),(3223,209,'Nong Khai','Nong Khai',1),(3224,209,'Nonthaburi','Nonthaburi',1),(3225,209,'Pathum Thani','Pathum Thani',1),(3226,209,'Pattani','Pattani',1),(3227,209,'Phangnga','Phangnga',1),(3228,209,'Phatthalung','Phatthalung',1),(3229,209,'Phayao','Phayao',1),(3230,209,'Phetchabun','Phetchabun',1),(3231,209,'Phetchaburi','Phetchaburi',1),(3232,209,'Phichit','Phichit',1),(3233,209,'Phitsanulok','Phitsanulok',1),(3234,209,'Phrae','Phrae',1),(3235,209,'Phuket','Phuket',1),(3236,209,'Prachin Buri','Prachin Buri',1),(3237,209,'Prachuap Khiri Khan','Prachuap Khiri Khan',1),(3238,209,'Ranong','Ranong',1),(3239,209,'Ratchaburi','Ratchaburi',1),(3240,209,'Rayong','Rayong',1),(3241,209,'Roi Et','Roi Et',1),(3242,209,'Sa Kaeo','Sa Kaeo',1),(3243,209,'Sakon Nakhon','Sakon Nakhon',1),(3244,209,'Samut Prakan','Samut Prakan',1),(3245,209,'Samut Sakhon','Samut Sakhon',1),(3246,209,'Samut Songkhram','Samut Songkhram',1),(3247,209,'Sara Buri','Sara Buri',1),(3248,209,'Satun','Satun',1),(3249,209,'Sing Buri','Sing Buri',1),(3250,209,'Sisaket','Sisaket',1),(3251,209,'Songkhla','Songkhla',1),(3252,209,'Sukhothai','Sukhothai',1),(3253,209,'Suphan Buri','Suphan Buri',1),(3254,209,'Surat Thani','Surat Thani',1),(3255,209,'Surin','Surin',1),(3256,209,'Tak','Tak',1),(3257,209,'Trang','Trang',1),(3258,209,'Trat','Trat',1),(3259,209,'Ubon Ratchathani','Ubon Ratchathani',1),(3260,209,'Udon Thani','Udon Thani',1),(3261,209,'Uthai Thani','Uthai Thani',1),(3262,209,'Uttaradit','Uttaradit',1),(3263,209,'Yala','Yala',1),(3264,209,'Yasothon','Yasothon',1),(3265,210,'Kara','K',1),(3266,210,'Plateaux','P',1),(3267,210,'Savanes','S',1),(3268,210,'Centrale','C',1),(3269,210,'Maritime','M',1),(3270,211,'Atafu','A',1),(3271,211,'Fakaofo','F',1),(3272,211,'Nukunonu','N',1),(3273,212,'Ha\'apai','H',1),(3274,212,'Tongatapu','T',1),(3275,212,'Vava\'u','V',1),(3276,213,'Couva/Tabaquite/Talparo','CT',1),(3277,213,'Diego Martin','DM',1),(3278,213,'Mayaro/Rio Claro','MR',1),(3279,213,'Penal/Debe','PD',1),(3280,213,'Princes Town','PT',1),(3281,213,'Sangre Grande','SG',1),(3282,213,'San Juan/Laventille','SL',1),(3283,213,'Siparia','SI',1),(3284,213,'Tunapuna/Piarco','TP',1),(3285,213,'Port of Spain','PS',1),(3286,213,'San Fernando','SF',1),(3287,213,'Arima','AR',1),(3288,213,'Point Fortin','PF',1),(3289,213,'Chaguanas','CH',1),(3290,213,'Tobago','TO',1),(3291,214,'Ariana','AR',1),(3292,214,'Beja','BJ',1),(3293,214,'Ben Arous','BA',1),(3294,214,'Bizerte','BI',1),(3295,214,'Gabes','GB',1),(3296,214,'Gafsa','GF',1),(3297,214,'Jendouba','JE',1),(3298,214,'Kairouan','KR',1),(3299,214,'Kasserine','KS',1),(3300,214,'Kebili','KB',1),(3301,214,'Kef','KF',1),(3302,214,'Mahdia','MH',1),(3303,214,'Manouba','MN',1),(3304,214,'Medenine','ME',1),(3305,214,'Monastir','MO',1),(3306,214,'Nabeul','NA',1),(3307,214,'Sfax','SF',1),(3308,214,'Sidi','SD',1),(3309,214,'Siliana','SL',1),(3310,214,'Sousse','SO',1),(3311,214,'Tataouine','TA',1),(3312,214,'Tozeur','TO',1),(3313,214,'Tunis','TU',1),(3314,214,'Zaghouan','ZA',1),(3315,215,'Adana','ADA',1),(3316,215,'Adıyaman','ADI',1),(3317,215,'Afyonkarahisar','AFY',1),(3318,215,'Ağrı','AGR',1),(3319,215,'Aksaray','AKS',1),(3320,215,'Amasya','AMA',1),(3321,215,'Ankara','ANK',1),(3322,215,'Antalya','ANT',1),(3323,215,'Ardahan','ARD',1),(3324,215,'Artvin','ART',1),(3325,215,'Aydın','AYI',1),(3326,215,'Balıkesir','BAL',1),(3327,215,'Bartın','BAR',1),(3328,215,'Batman','BAT',1),(3329,215,'Bayburt','BAY',1),(3330,215,'Bilecik','BIL',1),(3331,215,'Bingöl','BIN',1),(3332,215,'Bitlis','BIT',1),(3333,215,'Bolu','BOL',1),(3334,215,'Burdur','BRD',1),(3335,215,'Bursa','BRS',1),(3336,215,'Çanakkale','CKL',1),(3337,215,'Çankırı','CKR',1),(3338,215,'Çorum','COR',1),(3339,215,'Denizli','DEN',1),(3340,215,'Diyarbakir','DIY',1),(3341,215,'Düzce','DUZ',1),(3342,215,'Edirne','EDI',1),(3343,215,'Elazığ','ELA',1),(3344,215,'Erzincan','EZC',1),(3345,215,'Erzurum','EZR',1),(3346,215,'Eskişehir','ESK',1),(3347,215,'Gaziantep','GAZ',1),(3348,215,'Giresun','GIR',1),(3349,215,'Gümüşhane','GMS',1),(3350,215,'Hakkari','HKR',1),(3351,215,'Hatay','HTY',1),(3352,215,'Iğdır','IGD',1),(3353,215,'Isparta','ISP',1),(3354,215,'İstanbul','IST',1),(3355,215,'İzmir','IZM',1),(3356,215,'Kahramanmaraş','KAH',1),(3357,215,'Karabük','KRB',1),(3358,215,'Karaman','KRM',1),(3359,215,'Kars','KRS',1),(3360,215,'Kastamonu','KAS',1),(3361,215,'Kayseri','KAY',1),(3362,215,'Kilis','KLS',1),(3363,215,'Kırıkkale','KRK',1),(3364,215,'Kırklareli','KLR',1),(3365,215,'Kırşehir','KRH',1),(3366,215,'Kocaeli','KOC',1),(3367,215,'Konya','KON',1),(3368,215,'Kütahya','KUT',1),(3369,215,'Malatya','MAL',1),(3370,215,'Manisa','MAN',1),(3371,215,'Mardin','MAR',1),(3372,215,'Mersin','MER',1),(3373,215,'Muğla','MUG',1),(3374,215,'Muş','MUS',1),(3375,215,'Nevşehir','NEV',1),(3376,215,'Niğde','NIG',1),(3377,215,'Ordu','ORD',1),(3378,215,'Osmaniye','OSM',1),(3379,215,'Rize','RIZ',1),(3380,215,'Sakarya','SAK',1),(3381,215,'Samsun','SAM',1),(3382,215,'Şanlıurfa','SAN',1),(3383,215,'Siirt','SII',1),(3384,215,'Sinop','SIN',1),(3385,215,'Şırnak','SIR',1),(3386,215,'Sivas','SIV',1),(3387,215,'Tekirdağ','TEL',1),(3388,215,'Tokat','TOK',1),(3389,215,'Trabzon','TRA',1),(3390,215,'Tunceli','TUN',1),(3391,215,'Uşak','USK',1),(3392,215,'Van','VAN',1),(3393,215,'Yalova','YAL',1),(3394,215,'Yozgat','YOZ',1),(3395,215,'Zonguldak','ZON',1),(3396,216,'Ahal Welayaty','A',1),(3397,216,'Balkan Welayaty','B',1),(3398,216,'Dashhowuz Welayaty','D',1),(3399,216,'Lebap Welayaty','L',1),(3400,216,'Mary Welayaty','M',1),(3401,217,'Ambergris Cays','AC',1),(3402,217,'Dellis Cay','DC',1),(3403,217,'French Cay','FC',1),(3404,217,'Little Water Cay','LW',1),(3405,217,'Parrot Cay','RC',1),(3406,217,'Pine Cay','PN',1),(3407,217,'Salt Cay','SL',1),(3408,217,'Grand Turk','GT',1),(3409,217,'South Caicos','SC',1),(3410,217,'East Caicos','EC',1),(3411,217,'Middle Caicos','MC',1),(3412,217,'North Caicos','NC',1),(3413,217,'Providenciales','PR',1),(3414,217,'West Caicos','WC',1),(3415,218,'Nanumanga','NMG',1),(3416,218,'Niulakita','NLK',1),(3417,218,'Niutao','NTO',1),(3418,218,'Funafuti','FUN',1),(3419,218,'Nanumea','NME',1),(3420,218,'Nui','NUI',1),(3421,218,'Nukufetau','NFT',1),(3422,218,'Nukulaelae','NLL',1),(3423,218,'Vaitupu','VAI',1),(3424,219,'Kalangala','KAL',1),(3425,219,'Kampala','KMP',1),(3426,219,'Kayunga','KAY',1),(3427,219,'Kiboga','KIB',1),(3428,219,'Luwero','LUW',1),(3429,219,'Masaka','MAS',1),(3430,219,'Mpigi','MPI',1),(3431,219,'Mubende','MUB',1),(3432,219,'Mukono','MUK',1),(3433,219,'Nakasongola','NKS',1),(3434,219,'Rakai','RAK',1),(3435,219,'Sembabule','SEM',1),(3436,219,'Wakiso','WAK',1),(3437,219,'Bugiri','BUG',1),(3438,219,'Busia','BUS',1),(3439,219,'Iganga','IGA',1),(3440,219,'Jinja','JIN',1),(3441,219,'Kaberamaido','KAB',1),(3442,219,'Kamuli','KML',1),(3443,219,'Kapchorwa','KPC',1),(3444,219,'Katakwi','KTK',1),(3445,219,'Kumi','KUM',1),(3446,219,'Mayuge','MAY',1),(3447,219,'Mbale','MBA',1),(3448,219,'Pallisa','PAL',1),(3449,219,'Sironko','SIR',1),(3450,219,'Soroti','SOR',1),(3451,219,'Tororo','TOR',1),(3452,219,'Adjumani','ADJ',1),(3453,219,'Apac','APC',1),(3454,219,'Arua','ARU',1),(3455,219,'Gulu','GUL',1),(3456,219,'Kitgum','KIT',1),(3457,219,'Kotido','KOT',1),(3458,219,'Lira','LIR',1),(3459,219,'Moroto','MRT',1),(3460,219,'Moyo','MOY',1),(3461,219,'Nakapiripirit','NAK',1),(3462,219,'Nebbi','NEB',1),(3463,219,'Pader','PAD',1),(3464,219,'Yumbe','YUM',1),(3465,219,'Bundibugyo','BUN',1),(3466,219,'Bushenyi','BSH',1),(3467,219,'Hoima','HOI',1),(3468,219,'Kabale','KBL',1),(3469,219,'Kabarole','KAR',1),(3470,219,'Kamwenge','KAM',1),(3471,219,'Kanungu','KAN',1),(3472,219,'Kasese','KAS',1),(3473,219,'Kibaale','KBA',1),(3474,219,'Kisoro','KIS',1),(3475,219,'Kyenjojo','KYE',1),(3476,219,'Masindi','MSN',1),(3477,219,'Mbarara','MBR',1),(3478,219,'Ntungamo','NTU',1),(3479,219,'Rukungiri','RUK',1),(3480,220,'Cherkasy','CK',1),(3481,220,'Chernihiv','CH',1),(3482,220,'Chernivtsi','CV',1),(3483,220,'Crimea','CR',1),(3484,220,'Dnipropetrovs\'k','DN',1),(3485,220,'Donets\'k','DO',1),(3486,220,'Ivano-Frankivs\'k','IV',1),(3487,220,'Kharkiv Kherson','KL',1),(3488,220,'Khmel\'nyts\'kyy','KM',1),(3489,220,'Kirovohrad','KR',1),(3490,220,'Kiev','KV',1),(3491,220,'Kyyiv','KY',1),(3492,220,'Luhans\'k','LU',1),(3493,220,'L\'viv','LV',1),(3494,220,'Mykolayiv','MY',1),(3495,220,'Odesa','OD',1),(3496,220,'Poltava','PO',1),(3497,220,'Rivne','RI',1),(3498,220,'Sevastopol','SE',1),(3499,220,'Sumy','SU',1),(3500,220,'Ternopil\'','TE',1),(3501,220,'Vinnytsya','VI',1),(3502,220,'Volyn\'','VO',1),(3503,220,'Zakarpattya','ZK',1),(3504,220,'Zaporizhzhya','ZA',1),(3505,220,'Zhytomyr','ZH',1),(3506,221,'Abu Zaby','AZ',1),(3507,221,'\'Ajman','AJ',1),(3508,221,'Al Fujayrah','FU',1),(3509,221,'Ash Shariqah','SH',1),(3510,221,'Dubayy','DU',1),(3511,221,'R\'as al Khaymah','RK',1),(3512,221,'Umm al Qaywayn','UQ',1),(3513,222,'Aberdeen','ABN',1),(3514,222,'Aberdeenshire','ABNS',1),(3515,222,'Anglesey','ANG',1),(3516,222,'Angus','AGS',1),(3517,222,'Argyll and Bute','ARY',1),(3518,222,'Bedfordshire','BEDS',1),(3519,222,'Berkshire','BERKS',1),(3520,222,'Blaenau Gwent','BLA',1),(3521,222,'Bridgend','BRI',1),(3522,222,'Bristol','BSTL',1),(3523,222,'Buckinghamshire','BUCKS',1),(3524,222,'Caerphilly','CAE',1),(3525,222,'Cambridgeshire','CAMBS',1),(3526,222,'Cardiff','CDF',1),(3527,222,'Carmarthenshire','CARM',1),(3528,222,'Ceredigion','CDGN',1),(3529,222,'Cheshire','CHES',1),(3530,222,'Clackmannanshire','CLACK',1),(3531,222,'Conwy','CON',1),(3532,222,'Cornwall','CORN',1),(3533,222,'Denbighshire','DNBG',1),(3534,222,'Derbyshire','DERBY',1),(3535,222,'Devon','DVN',1),(3536,222,'Dorset','DOR',1),(3537,222,'Dumfries and Galloway','DGL',1),(3538,222,'Dundee','DUND',1),(3539,222,'Durham','DHM',1),(3540,222,'East Ayrshire','ARYE',1),(3541,222,'East Dunbartonshire','DUNBE',1),(3542,222,'East Lothian','LOTE',1),(3543,222,'East Renfrewshire','RENE',1),(3544,222,'East Riding of Yorkshire','ERYS',1),(3545,222,'East Sussex','SXE',1),(3546,222,'Edinburgh','EDIN',1),(3547,222,'Essex','ESX',1),(3548,222,'Falkirk','FALK',1),(3549,222,'Fife','FFE',1),(3550,222,'Flintshire','FLINT',1),(3551,222,'Glasgow','GLAS',1),(3552,222,'Gloucestershire','GLOS',1),(3553,222,'Greater London','LDN',1),(3554,222,'Greater Manchester','MCH',1),(3555,222,'Gwynedd','GDD',1),(3556,222,'Hampshire','HANTS',1),(3557,222,'Herefordshire','HWR',1),(3558,222,'Hertfordshire','HERTS',1),(3559,222,'Highlands','HLD',1),(3560,222,'Inverclyde','IVER',1),(3561,222,'Isle of Wight','IOW',1),(3562,222,'Kent','KNT',1),(3563,222,'Lancashire','LANCS',1),(3564,222,'Leicestershire','LEICS',1),(3565,222,'Lincolnshire','LINCS',1),(3566,222,'Merseyside','MSY',1),(3567,222,'Merthyr Tydfil','MERT',1),(3568,222,'Midlothian','MLOT',1),(3569,222,'Monmouthshire','MMOUTH',1),(3570,222,'Moray','MORAY',1),(3571,222,'Neath Port Talbot','NPRTAL',1),(3572,222,'Newport','NEWPT',1),(3573,222,'Norfolk','NOR',1),(3574,222,'North Ayrshire','ARYN',1),(3575,222,'North Lanarkshire','LANN',1),(3576,222,'North Yorkshire','YSN',1),(3577,222,'Northamptonshire','NHM',1),(3578,222,'Northumberland','NLD',1),(3579,222,'Nottinghamshire','NOT',1),(3580,222,'Orkney Islands','ORK',1),(3581,222,'Oxfordshire','OFE',1),(3582,222,'Pembrokeshire','PEM',1),(3583,222,'Perth and Kinross','PERTH',1),(3584,222,'Powys','PWS',1),(3585,222,'Renfrewshire','REN',1),(3586,222,'Rhondda Cynon Taff','RHON',1),(3587,222,'Rutland','RUT',1),(3588,222,'Scottish Borders','BOR',1),(3589,222,'Shetland Islands','SHET',1),(3590,222,'Shropshire','SPE',1),(3591,222,'Somerset','SOM',1),(3592,222,'South Ayrshire','ARYS',1),(3593,222,'South Lanarkshire','LANS',1),(3594,222,'South Yorkshire','YSS',1),(3595,222,'Staffordshire','SFD',1),(3596,222,'Stirling','STIR',1),(3597,222,'Suffolk','SFK',1),(3598,222,'Surrey','SRY',1),(3599,222,'Swansea','SWAN',1),(3600,222,'Torfaen','TORF',1),(3601,222,'Tyne and Wear','TWR',1),(3602,222,'Vale of Glamorgan','VGLAM',1),(3603,222,'Warwickshire','WARKS',1),(3604,222,'West Dunbartonshire','WDUN',1),(3605,222,'West Lothian','WLOT',1),(3606,222,'West Midlands','WMD',1),(3607,222,'West Sussex','SXW',1),(3608,222,'West Yorkshire','YSW',1),(3609,222,'Western Isles','WIL',1),(3610,222,'Wiltshire','WLT',1),(3611,222,'Worcestershire','WORCS',1),(3612,222,'Wrexham','WRX',1),(3613,223,'Alabama','AL',1),(3614,223,'Alaska','AK',1),(3615,223,'American Samoa','AS',1),(3616,223,'Arizona','AZ',1),(3617,223,'Arkansas','AR',1),(3618,223,'Armed Forces Africa','AF',1),(3619,223,'Armed Forces Americas','AA',1),(3620,223,'Armed Forces Canada','AC',1),(3621,223,'Armed Forces Europe','AE',1),(3622,223,'Armed Forces Middle East','AM',1),(3623,223,'Armed Forces Pacific','AP',1),(3624,223,'California','CA',1),(3625,223,'Colorado','CO',1),(3626,223,'Connecticut','CT',1),(3627,223,'Delaware','DE',1),(3628,223,'District of Columbia','DC',1),(3629,223,'Federated States Of Micronesia','FM',1),(3630,223,'Florida','FL',1),(3631,223,'Georgia','GA',1),(3632,223,'Guam','GU',1),(3633,223,'Hawaii','HI',1),(3634,223,'Idaho','ID',1),(3635,223,'Illinois','IL',1),(3636,223,'Indiana','IN',1),(3637,223,'Iowa','IA',1),(3638,223,'Kansas','KS',1),(3639,223,'Kentucky','KY',1),(3640,223,'Louisiana','LA',1),(3641,223,'Maine','ME',1),(3642,223,'Marshall Islands','MH',1),(3643,223,'Maryland','MD',1),(3644,223,'Massachusetts','MA',1),(3645,223,'Michigan','MI',1),(3646,223,'Minnesota','MN',1),(3647,223,'Mississippi','MS',1),(3648,223,'Missouri','MO',1),(3649,223,'Montana','MT',1),(3650,223,'Nebraska','NE',1),(3651,223,'Nevada','NV',1),(3652,223,'New Hampshire','NH',1),(3653,223,'New Jersey','NJ',1),(3654,223,'New Mexico','NM',1),(3655,223,'New York','NY',1),(3656,223,'North Carolina','NC',1),(3657,223,'North Dakota','ND',1),(3658,223,'Northern Mariana Islands','MP',1),(3659,223,'Ohio','OH',1),(3660,223,'Oklahoma','OK',1),(3661,223,'Oregon','OR',1),(3662,223,'Palau','PW',1),(3663,223,'Pennsylvania','PA',1),(3664,223,'Puerto Rico','PR',1),(3665,223,'Rhode Island','RI',1),(3666,223,'South Carolina','SC',1),(3667,223,'South Dakota','SD',1),(3668,223,'Tennessee','TN',1),(3669,223,'Texas','TX',1),(3670,223,'Utah','UT',1),(3671,223,'Vermont','VT',1),(3672,223,'Virgin Islands','VI',1),(3673,223,'Virginia','VA',1),(3674,223,'Washington','WA',1),(3675,223,'West Virginia','WV',1),(3676,223,'Wisconsin','WI',1),(3677,223,'Wyoming','WY',1),(3678,224,'Baker Island','BI',1),(3679,224,'Howland Island','HI',1),(3680,224,'Jarvis Island','JI',1),(3681,224,'Johnston Atoll','JA',1),(3682,224,'Kingman Reef','KR',1),(3683,224,'Midway Atoll','MA',1),(3684,224,'Navassa Island','NI',1),(3685,224,'Palmyra Atoll','PA',1),(3686,224,'Wake Island','WI',1),(3687,225,'Artigas','AR',1),(3688,225,'Canelones','CA',1),(3689,225,'Cerro Largo','CL',1),(3690,225,'Colonia','CO',1),(3691,225,'Durazno','DU',1),(3692,225,'Flores','FS',1),(3693,225,'Florida','FA',1),(3694,225,'Lavalleja','LA',1),(3695,225,'Maldonado','MA',1),(3696,225,'Montevideo','MO',1),(3697,225,'Paysandu','PA',1),(3698,225,'Rio Negro','RN',1),(3699,225,'Rivera','RV',1),(3700,225,'Rocha','RO',1),(3701,225,'Salto','SL',1),(3702,225,'San Jose','SJ',1),(3703,225,'Soriano','SO',1),(3704,225,'Tacuarembo','TA',1),(3705,225,'Treinta y Tres','TT',1),(3706,226,'Andijon','AN',1),(3707,226,'Buxoro','BU',1),(3708,226,'Farg\'ona','FA',1),(3709,226,'Jizzax','JI',1),(3710,226,'Namangan','NG',1),(3711,226,'Navoiy','NW',1),(3712,226,'Qashqadaryo','QA',1),(3713,226,'Qoraqalpog\'iston Republikasi','QR',1),(3714,226,'Samarqand','SA',1),(3715,226,'Sirdaryo','SI',1),(3716,226,'Surxondaryo','SU',1),(3717,226,'Toshkent City','TK',1),(3718,226,'Toshkent Region','TO',1),(3719,226,'Xorazm','XO',1),(3720,227,'Malampa','MA',1),(3721,227,'Penama','PE',1),(3722,227,'Sanma','SA',1),(3723,227,'Shefa','SH',1),(3724,227,'Tafea','TA',1),(3725,227,'Torba','TO',1),(3726,229,'Amazonas','AM',1),(3727,229,'Anzoategui','AN',1),(3728,229,'Apure','AP',1),(3729,229,'Aragua','AR',1),(3730,229,'Barinas','BA',1),(3731,229,'Bolivar','BO',1),(3732,229,'Carabobo','CA',1),(3733,229,'Cojedes','CO',1),(3734,229,'Delta Amacuro','DA',1),(3735,229,'Dependencias Federales','DF',1),(3736,229,'Distrito Federal','DI',1),(3737,229,'Falcon','FA',1),(3738,229,'Guarico','GU',1),(3739,229,'Lara','LA',1),(3740,229,'Merida','ME',1),(3741,229,'Miranda','MI',1),(3742,229,'Monagas','MO',1),(3743,229,'Nueva Esparta','NE',1),(3744,229,'Portuguesa','PO',1),(3745,229,'Sucre','SU',1),(3746,229,'Tachira','TA',1),(3747,229,'Trujillo','TR',1),(3748,229,'Vargas','VA',1),(3749,229,'Yaracuy','YA',1),(3750,229,'Zulia','ZU',1),(3751,230,'An Giang','AG',1),(3752,230,'Bac Giang','BG',1),(3753,230,'Bac Kan','BK',1),(3754,230,'Bac Lieu','BL',1),(3755,230,'Bac Ninh','BC',1),(3756,230,'Ba Ria-Vung Tau','BR',1),(3757,230,'Ben Tre','BN',1),(3758,230,'Binh Dinh','BH',1),(3759,230,'Binh Duong','BU',1),(3760,230,'Binh Phuoc','BP',1),(3761,230,'Binh Thuan','BT',1),(3762,230,'Ca Mau','CM',1),(3763,230,'Can Tho','CT',1),(3764,230,'Cao Bang','CB',1),(3765,230,'Dak Lak','DL',1),(3766,230,'Dak Nong','DG',1),(3767,230,'Da Nang','DN',1),(3768,230,'Dien Bien','DB',1),(3769,230,'Dong Nai','DI',1),(3770,230,'Dong Thap','DT',1),(3771,230,'Gia Lai','GL',1),(3772,230,'Ha Giang','HG',1),(3773,230,'Hai Duong','HD',1),(3774,230,'Hai Phong','HP',1),(3775,230,'Ha Nam','HM',1),(3776,230,'Ha Noi','HI',1),(3777,230,'Ha Tay','HT',1),(3778,230,'Ha Tinh','HH',1),(3779,230,'Hoa Binh','HB',1),(3780,230,'Ho Chi Minh City','HC',1),(3781,230,'Hau Giang','HU',1),(3782,230,'Hung Yen','HY',1),(3783,232,'Saint Croix','C',1),(3784,232,'Saint John','J',1),(3785,232,'Saint Thomas','T',1),(3786,233,'Alo','A',1),(3787,233,'Sigave','S',1),(3788,233,'Wallis','W',1),(3789,235,'Abyan','AB',1),(3790,235,'Adan','AD',1),(3791,235,'Amran','AM',1),(3792,235,'Al Bayda','BA',1),(3793,235,'Ad Dali','DA',1),(3794,235,'Dhamar','DH',1),(3795,235,'Hadramawt','HD',1),(3796,235,'Hajjah','HJ',1),(3797,235,'Al Hudaydah','HU',1),(3798,235,'Ibb','IB',1),(3799,235,'Al Jawf','JA',1),(3800,235,'Lahij','LA',1),(3801,235,'Ma\'rib','MA',1),(3802,235,'Al Mahrah','MR',1),(3803,235,'Al Mahwit','MW',1),(3804,235,'Sa\'dah','SD',1),(3805,235,'San\'a','SN',1),(3806,235,'Shabwah','SH',1),(3807,235,'Ta\'izz','TA',1),(3812,237,'Bas-Congo','BC',1),(3813,237,'Bandundu','BN',1),(3814,237,'Equateur','EQ',1),(3815,237,'Katanga','KA',1),(3816,237,'Kasai-Oriental','KE',1),(3817,237,'Kinshasa','KN',1),(3818,237,'Kasai-Occidental','KW',1),(3819,237,'Maniema','MA',1),(3820,237,'Nord-Kivu','NK',1),(3821,237,'Orientale','OR',1),(3822,237,'Sud-Kivu','SK',1),(3823,238,'Central','CE',1),(3824,238,'Copperbelt','CB',1),(3825,238,'Eastern','EA',1),(3826,238,'Luapula','LP',1),(3827,238,'Lusaka','LK',1),(3828,238,'Northern','NO',1),(3829,238,'North-Western','NW',1),(3830,238,'Southern','SO',1),(3831,238,'Western','WE',1),(3832,239,'Bulawayo','BU',1),(3833,239,'Harare','HA',1),(3834,239,'Manicaland','ML',1),(3835,239,'Mashonaland Central','MC',1),(3836,239,'Mashonaland East','ME',1),(3837,239,'Mashonaland West','MW',1),(3838,239,'Masvingo','MV',1),(3839,239,'Matabeleland North','MN',1),(3840,239,'Matabeleland South','MS',1),(3841,239,'Midlands','MD',1),(3861,105,'Campobasso','CB',1),(3862,105,'Carbonia-Iglesias','CI',1),(3863,105,'Caserta','CE',1),(3864,105,'Catania','CT',1),(3865,105,'Catanzaro','CZ',1),(3866,105,'Chieti','CH',1),(3867,105,'Como','CO',1),(3868,105,'Cosenza','CS',1),(3869,105,'Cremona','CR',1),(3870,105,'Crotone','KR',1),(3871,105,'Cuneo','CN',1),(3872,105,'Enna','EN',1),(3873,105,'Ferrara','FE',1),(3874,105,'Firenze','FI',1),(3875,105,'Foggia','FG',1),(3876,105,'Forli-Cesena','FC',1),(3877,105,'Frosinone','FR',1),(3878,105,'Genova','GE',1),(3879,105,'Gorizia','GO',1),(3880,105,'Grosseto','GR',1),(3881,105,'Imperia','IM',1),(3882,105,'Isernia','IS',1),(3883,105,'L&#39;Aquila','AQ',1),(3884,105,'La Spezia','SP',1),(3885,105,'Latina','LT',1),(3886,105,'Lecce','LE',1),(3887,105,'Lecco','LC',1),(3888,105,'Livorno','LI',1),(3889,105,'Lodi','LO',1),(3890,105,'Lucca','LU',1),(3891,105,'Macerata','MC',1),(3892,105,'Mantova','MN',1),(3893,105,'Massa-Carrara','MS',1),(3894,105,'Matera','MT',1),(3895,105,'Medio Campidano','VS',1),(3896,105,'Messina','ME',1),(3897,105,'Milano','MI',1),(3898,105,'Modena','MO',1),(3899,105,'Napoli','NA',1),(3900,105,'Novara','NO',1),(3901,105,'Nuoro','NU',1),(3902,105,'Ogliastra','OG',1),(3903,105,'Olbia-Tempio','OT',1),(3904,105,'Oristano','OR',1),(3905,105,'Padova','PD',1),(3906,105,'Palermo','PA',1),(3907,105,'Parma','PR',1),(3908,105,'Pavia','PV',1),(3909,105,'Perugia','PG',1),(3910,105,'Pesaro e Urbino','PU',1),(3911,105,'Pescara','PE',1),(3912,105,'Piacenza','PC',1),(3913,105,'Pisa','PI',1),(3914,105,'Pistoia','PT',1),(3915,105,'Pordenone','PN',1),(3916,105,'Potenza','PZ',1),(3917,105,'Prato','PO',1),(3918,105,'Ragusa','RG',1),(3919,105,'Ravenna','RA',1),(3920,105,'Reggio Calabria','RC',1),(3921,105,'Reggio Emilia','RE',1),(3922,105,'Rieti','RI',1),(3923,105,'Rimini','RN',1),(3924,105,'Roma','RM',1),(3925,105,'Rovigo','RO',1),(3926,105,'Salerno','SA',1),(3927,105,'Sassari','SS',1),(3928,105,'Savona','SV',1),(3929,105,'Siena','SI',1),(3930,105,'Siracusa','SR',1),(3931,105,'Sondrio','SO',1),(3932,105,'Taranto','TA',1),(3933,105,'Teramo','TE',1),(3934,105,'Terni','TR',1),(3935,105,'Torino','TO',1),(3936,105,'Trapani','TP',1),(3937,105,'Trento','TN',1),(3938,105,'Treviso','TV',1),(3939,105,'Trieste','TS',1),(3940,105,'Udine','UD',1),(3941,105,'Varese','VA',1),(3942,105,'Venezia','VE',1),(3943,105,'Verbano-Cusio-Ossola','VB',1),(3944,105,'Vercelli','VC',1),(3945,105,'Verona','VR',1),(3946,105,'Vibo Valentia','VV',1),(3947,105,'Vicenza','VI',1),(3948,105,'Viterbo','VT',1),(3949,222,'County Antrim','ANT',1),(3950,222,'County Armagh','ARM',1),(3951,222,'County Down','DOW',1),(3952,222,'County Fermanagh','FER',1),(3953,222,'County Londonderry','LDY',1),(3954,222,'County Tyrone','TYR',1),(3955,222,'Cumbria','CMA',1),(3956,190,'Pomurska','1',1),(3957,190,'Podravska','2',1),(3958,190,'Koroška','3',1),(3959,190,'Savinjska','4',1),(3960,190,'Zasavska','5',1),(3961,190,'Spodnjeposavska','6',1),(3962,190,'Jugovzhodna Slovenija','7',1),(3963,190,'Osrednjeslovenska','8',1),(3964,190,'Gorenjska','9',1),(3965,190,'Notranjsko-kraška','10',1),(3966,190,'Goriška','11',1),(3967,190,'Obalno-kraška','12',1),(3968,33,'Ruse','',1),(3969,101,'Alborz','ALB',1),(3970,21,'Brussels-Capital Region','BRU',1),(3971,138,'Aguascalientes','AG',1),(3972,222,'Isle of Man','IOM',1),(3973,242,'Andrijevica','01',1),(3974,242,'Bar','02',1),(3975,242,'Berane','03',1),(3976,242,'Bijelo Polje','04',1),(3977,242,'Budva','05',1),(3978,242,'Cetinje','06',1),(3979,242,'Danilovgrad','07',1),(3980,242,'Herceg-Novi','08',1),(3981,242,'Kolašin','09',1),(3982,242,'Kotor','10',1),(3983,242,'Mojkovac','11',1),(3984,242,'Nikšić','12',1),(3985,242,'Plav','13',1),(3986,242,'Pljevlja','14',1),(3987,242,'Plužine','15',1),(3988,242,'Podgorica','16',1),(3989,242,'Rožaje','17',1),(3990,242,'Šavnik','18',1),(3991,242,'Tivat','19',1),(3992,242,'Ulcinj','20',1),(3993,242,'Žabljak','21',1),(3994,243,'Belgrade','00',1),(3995,243,'North Bačka','01',1),(3996,243,'Central Banat','02',1),(3997,243,'North Banat','03',1),(3998,243,'South Banat','04',1),(3999,243,'West Bačka','05',1),(4000,243,'South Bačka','06',1),(4001,243,'Srem','07',1),(4002,243,'Mačva','08',1),(4003,243,'Kolubara','09',1),(4004,243,'Podunavlje','10',1),(4005,243,'Braničevo','11',1),(4006,243,'Šumadija','12',1),(4007,243,'Pomoravlje','13',1),(4008,243,'Bor','14',1),(4009,243,'Zaječar','15',1),(4010,243,'Zlatibor','16',1),(4011,243,'Moravica','17',1),(4012,243,'Raška','18',1),(4013,243,'Rasina','19',1),(4014,243,'Nišava','20',1),(4015,243,'Toplica','21',1),(4016,243,'Pirot','22',1),(4017,243,'Jablanica','23',1),(4018,243,'Pčinja','24',1),(4019,243,'Kosovo','KM',1),(4020,245,'Bonaire','BO',1),(4021,245,'Saba','SA',1),(4022,245,'Sint Eustatius','SE',1),(4023,248,'Central Equatoria','EC',1),(4024,248,'Eastern Equatoria','EE',1),(4025,248,'Jonglei','JG',1),(4026,248,'Lakes','LK',1),(4027,248,'Northern Bahr el-Ghazal','BN',1),(4028,248,'Unity','UY',1),(4029,248,'Upper Nile','NU',1),(4030,248,'Warrap','WR',1),(4031,248,'Western Bahr el-Ghazal','BW',1),(4032,248,'Western Equatoria','EW',1);

--
-- Table structure for table `oc_zone_to_geo_zone`
--

CREATE TABLE `oc_zone_to_geo_zone` (
  `zone_to_geo_zone_id` int(11) NOT NULL AUTO_INCREMENT,
  `country_id` int(11) NOT NULL,
  `zone_id` int(11) NOT NULL DEFAULT '0',
  `geo_zone_id` int(11) NOT NULL,
  `date_added` datetime NOT NULL DEFAULT '0000-00-00 00:00:00',
  `date_modified` datetime NOT NULL DEFAULT '0000-00-00 00:00:00',
  PRIMARY KEY (`zone_to_geo_zone_id`)
) ENGINE=MyISAM AUTO_INCREMENT=208 DEFAULT CHARSET=utf8;

--
-- Dumping data for table `oc_zone_to_geo_zone`
--

INSERT INTO `oc_zone_to_geo_zone` VALUES (57,222,0,3,'2010-02-26 22:33:24','0000-00-00 00:00:00'),(65,222,0,4,'2010-12-15 15:18:13','0000-00-00 00:00:00'),(66,162,0,5,'2015-04-10 00:54:07','0000-00-00 00:00:00'),(67,221,0,6,'2015-04-10 01:32:42','0000-00-00 00:00:00'),(68,222,0,7,'2015-04-10 01:34:25','0000-00-00 00:00:00'),(69,5,0,8,'2015-04-10 01:41:14','0000-00-00 00:00:00'),(70,14,0,8,'2015-04-10 01:41:14','0000-00-00 00:00:00'),(71,21,0,8,'2015-04-10 01:41:14','0000-00-00 00:00:00'),(72,57,0,8,'2015-04-10 01:41:14','0000-00-00 00:00:00'),(73,74,0,8,'2015-04-10 01:41:14','0000-00-00 00:00:00'),(74,81,0,8,'2015-04-10 01:41:14','0000-00-00 00:00:00'),(75,103,0,8,'2015-04-10 01:41:14','0000-00-00 00:00:00'),(76,105,0,8,'2015-04-10 01:41:14','0000-00-00 00:00:00'),(77,122,0,8,'2015-04-10 01:41:14','0000-00-00 00:00:00'),(78,124,0,8,'2015-04-10 01:41:14','0000-00-00 00:00:00'),(79,141,0,8,'2015-04-10 01:41:14','0000-00-00 00:00:00'),(80,150,0,8,'2015-04-10 01:41:14','0000-00-00 00:00:00'),(81,195,0,8,'2015-04-10 01:41:14','0000-00-00 00:00:00'),(82,202,0,8,'2015-04-10 01:41:14','0000-00-00 00:00:00'),(83,228,0,8,'2015-04-10 01:41:14','0000-00-00 00:00:00'),(84,17,0,9,'2015-04-10 01:49:33','0000-00-00 00:00:00'),(85,18,0,9,'2015-04-10 01:49:33','0000-00-00 00:00:00'),(86,25,0,9,'2015-04-10 01:49:33','0000-00-00 00:00:00'),(87,55,0,9,'2015-04-10 01:49:33','0000-00-00 00:00:00'),(88,63,0,9,'2015-04-10 01:49:33','0000-00-00 00:00:00'),(89,99,0,9,'2015-04-10 01:49:33','0000-00-00 00:00:00'),(90,108,0,9,'2015-04-10 01:49:33','0000-00-00 00:00:00'),(91,114,0,9,'2015-04-10 01:49:33','0000-00-00 00:00:00'),(92,118,0,9,'2015-04-10 01:49:33','0000-00-00 00:00:00'),(93,130,0,9,'2015-04-10 01:49:33','0000-00-00 00:00:00'),(94,149,0,9,'2015-04-10 01:49:33','0000-00-00 00:00:00'),(95,161,0,9,'2015-04-10 01:49:33','0000-00-00 00:00:00'),(96,173,0,9,'2015-04-10 01:49:33','0000-00-00 00:00:00'),(97,196,0,9,'2015-04-10 01:49:33','0000-00-00 00:00:00'),(98,205,0,9,'2015-04-10 01:49:33','0000-00-00 00:00:00'),(99,215,0,9,'2015-04-10 01:49:33','0000-00-00 00:00:00'),(100,235,0,9,'2015-04-10 01:49:33','0000-00-00 00:00:00'),(101,223,0,10,'2015-04-10 01:50:19','0000-00-00 00:00:00'),(102,38,0,10,'2015-04-10 01:50:19','0000-00-00 00:00:00'),(103,96,0,11,'2015-04-10 01:51:41','0000-00-00 00:00:00'),(104,125,0,11,'2015-04-10 01:51:41','0000-00-00 00:00:00'),(105,146,0,11,'2015-04-10 01:51:41','0000-00-00 00:00:00'),(106,188,0,11,'2015-04-10 01:51:41','0000-00-00 00:00:00'),(107,206,0,11,'2015-04-10 01:51:41','0000-00-00 00:00:00'),(108,209,0,11,'2015-04-10 01:51:41','0000-00-00 00:00:00'),(109,32,0,12,'2015-04-10 01:54:25','0000-00-00 00:00:00'),(110,36,0,12,'2015-04-10 01:54:25','0000-00-00 00:00:00'),(111,44,0,12,'2015-04-10 01:54:25','0000-00-00 00:00:00'),(112,100,0,12,'2015-04-10 01:54:25','0000-00-00 00:00:00'),(113,116,0,12,'2015-04-10 01:54:25','0000-00-00 00:00:00'),(114,129,0,12,'2015-04-10 01:54:25','0000-00-00 00:00:00'),(115,168,0,12,'2015-04-10 01:54:25','0000-00-00 00:00:00'),(116,113,0,12,'2015-04-10 01:54:25','0000-00-00 00:00:00'),(117,230,0,12,'2015-04-10 01:54:25','0000-00-00 00:00:00'),(118,13,0,13,'2015-04-10 01:55:36','0000-00-00 00:00:00'),(119,72,0,13,'2015-04-10 01:55:36','0000-00-00 00:00:00'),(120,84,0,13,'2015-04-10 01:55:36','0000-00-00 00:00:00'),(121,132,0,13,'2015-04-10 01:55:36','0000-00-00 00:00:00'),(122,160,0,13,'2015-04-10 01:55:36','0000-00-00 00:00:00'),(123,171,0,13,'2015-04-10 01:55:36','0000-00-00 00:00:00'),(124,203,0,13,'2015-04-10 01:55:36','0000-00-00 00:00:00'),(125,2,0,14,'2015-04-10 02:16:55','0000-00-00 00:00:00'),(126,3,0,14,'2015-04-10 02:16:55','0000-00-00 00:00:00'),(127,4,0,14,'2015-04-10 02:16:55','0000-00-00 00:00:00'),(128,6,0,14,'2015-04-10 02:16:55','0000-00-00 00:00:00'),(129,11,0,14,'2015-04-10 02:16:55','0000-00-00 00:00:00'),(130,15,0,14,'2015-04-10 02:16:55','0000-00-00 00:00:00'),(131,20,0,14,'2015-04-10 02:16:55','0000-00-00 00:00:00'),(132,23,0,14,'2015-04-10 02:16:55','0000-00-00 00:00:00'),(133,28,0,14,'2015-04-10 02:16:55','0000-00-00 00:00:00'),(134,33,0,14,'2015-04-10 02:16:55','0000-00-00 00:00:00'),(135,34,0,14,'2015-04-10 02:16:55','0000-00-00 00:00:00'),(136,35,0,14,'2015-04-10 02:16:55','0000-00-00 00:00:00'),(137,37,0,14,'2015-04-10 02:16:55','0000-00-00 00:00:00'),(138,39,0,14,'2015-04-10 02:16:55','0000-00-00 00:00:00'),(139,41,0,14,'2015-04-10 02:16:55','0000-00-00 00:00:00'),(140,42,0,14,'2015-04-10 02:16:55','0000-00-00 00:00:00'),(141,49,0,14,'2015-04-10 02:16:55','0000-00-00 00:00:00'),(142,50,0,14,'2015-04-10 02:16:55','0000-00-00 00:00:00'),(143,56,0,14,'2015-04-10 02:16:55','0000-00-00 00:00:00'),(144,237,0,14,'2015-04-10 02:16:55','0000-00-00 00:00:00'),(145,58,0,14,'2015-04-10 02:16:55','0000-00-00 00:00:00'),(146,65,0,14,'2015-04-10 02:16:55','0000-00-00 00:00:00'),(147,66,0,14,'2015-04-10 02:16:55','0000-00-00 00:00:00'),(148,67,0,14,'2015-04-10 02:16:55','0000-00-00 00:00:00'),(149,68,0,14,'2015-04-10 02:16:55','0000-00-00 00:00:00'),(150,71,0,14,'2015-04-10 02:16:55','0000-00-00 00:00:00'),(151,76,0,14,'2015-04-10 02:16:55','0000-00-00 00:00:00'),(152,78,0,14,'2015-04-10 02:16:55','0000-00-00 00:00:00'),(153,79,0,14,'2015-04-10 02:16:55','0000-00-00 00:00:00'),(154,80,0,14,'2015-04-10 02:16:55','0000-00-00 00:00:00'),(155,82,0,14,'2015-04-10 02:16:55','0000-00-00 00:00:00'),(156,83,0,14,'2015-04-10 02:16:55','0000-00-00 00:00:00'),(157,88,0,14,'2015-04-10 02:16:55','0000-00-00 00:00:00'),(158,90,0,14,'2015-04-10 02:16:55','0000-00-00 00:00:00'),(159,91,0,14,'2015-04-10 02:16:55','0000-00-00 00:00:00'),(160,97,0,14,'2015-04-10 02:16:55','0000-00-00 00:00:00'),(161,98,0,14,'2015-04-10 02:16:55','0000-00-00 00:00:00'),(162,109,0,14,'2015-04-10 02:16:55','0000-00-00 00:00:00'),(163,110,0,14,'2015-04-10 02:16:55','0000-00-00 00:00:00'),(164,117,0,14,'2015-04-10 02:16:55','0000-00-00 00:00:00'),(165,119,0,14,'2015-04-10 02:16:55','0000-00-00 00:00:00'),(166,120,0,14,'2015-04-10 02:16:55','0000-00-00 00:00:00'),(167,123,0,14,'2015-04-10 02:16:55','0000-00-00 00:00:00'),(168,127,0,14,'2015-04-10 02:16:55','0000-00-00 00:00:00'),(169,128,0,14,'2015-04-10 02:16:55','0000-00-00 00:00:00'),(170,131,0,14,'2015-04-10 02:16:55','0000-00-00 00:00:00'),(171,135,0,14,'2015-04-10 02:16:55','0000-00-00 00:00:00'),(172,136,0,14,'2015-04-10 02:16:55','0000-00-00 00:00:00'),(173,139,0,14,'2015-04-10 02:16:55','0000-00-00 00:00:00'),(174,140,0,14,'2015-04-10 02:16:55','0000-00-00 00:00:00'),(175,144,0,14,'2015-04-10 02:16:55','0000-00-00 00:00:00'),(176,145,0,14,'2015-04-10 02:16:55','0000-00-00 00:00:00'),(177,147,0,14,'2015-04-10 02:16:55','0000-00-00 00:00:00'),(178,152,0,14,'2015-04-10 02:16:55','0000-00-00 00:00:00'),(179,155,0,14,'2015-04-10 02:16:55','0000-00-00 00:00:00'),(180,156,0,14,'2015-04-10 02:16:55','0000-00-00 00:00:00'),(181,163,0,14,'2015-04-10 02:16:55','0000-00-00 00:00:00'),(182,165,0,14,'2015-04-10 02:16:55','0000-00-00 00:00:00'),(183,170,0,14,'2015-04-10 02:16:55','0000-00-00 00:00:00'),(184,174,0,14,'2015-04-10 02:16:55','0000-00-00 00:00:00'),(185,175,0,14,'2015-04-10 02:16:55','0000-00-00 00:00:00'),(186,176,0,14,'2015-04-10 02:16:55','0000-00-00 00:00:00'),(187,177,0,14,'2015-04-10 02:16:55','0000-00-00 00:00:00'),(188,185,0,14,'2015-04-10 02:16:55','0000-00-00 00:00:00'),(189,186,0,14,'2015-04-10 02:16:55','0000-00-00 00:00:00'),(190,187,0,14,'2015-04-10 02:16:55','0000-00-00 00:00:00'),(191,189,0,14,'2015-04-10 02:16:55','0000-00-00 00:00:00'),(192,190,0,14,'2015-04-10 02:16:55','0000-00-00 00:00:00'),(193,192,0,14,'2015-04-10 02:16:55','0000-00-00 00:00:00'),(194,193,0,14,'2015-04-10 02:16:55','0000-00-00 00:00:00'),(195,199,0,14,'2015-04-10 02:16:55','0000-00-00 00:00:00'),(196,202,0,14,'2015-04-10 02:16:55','0000-00-00 00:00:00'),(197,208,0,14,'2015-04-10 02:16:55','0000-00-00 00:00:00'),(198,210,0,14,'2015-04-10 02:16:55','0000-00-00 00:00:00'),(199,214,0,14,'2015-04-10 02:16:55','0000-00-00 00:00:00'),(200,216,0,14,'2015-04-10 02:16:55','0000-00-00 00:00:00'),(201,217,0,14,'2015-04-10 02:16:55','0000-00-00 00:00:00'),(202,219,0,14,'2015-04-10 02:16:55','0000-00-00 00:00:00'),(203,220,0,14,'2015-04-10 02:16:55','0000-00-00 00:00:00'),(204,226,0,14,'2015-04-10 02:16:55','0000-00-00 00:00:00'),(205,227,0,14,'2015-04-10 02:16:55','0000-00-00 00:00:00'),(206,238,0,14,'2015-04-10 02:16:55','0000-00-00 00:00:00'),(207,239,0,14,'2015-04-10 02:16:55','0000-00-00 00:00:00');


